915
CDUS43 KILX 222128
CLISPI


CLIMATE REPORT
NATIONAL WEATHER SERVICE LINCOLN IL
428 PM CDT TUE MAY 22 2018


...................................

...THE SPRINGFIELD IL CLIMATE SUMMARY FOR MAY 22 2018...
VALID TODAY AS OF 0400 PM LOCAL TIME.

CLIMATE NORMAL PERIOD 1981 TO 2010
CLIMATE RECORD PERIOD 1879 TO 2018


WEATHER ITEM   OBSERVED TIME   RECORD YEAR NORMAL DEPARTURE LAST
                VALUE   (LST)  VALUE       VALUE  FROM      YEAR
                                                  NORMAL
..................................................................
TEMPERATURE (F)
 TODAY
  MAXIMUM         85    210 PM  95    1925  77      8       76
  MINIMUM         63    435 AM  34    1883  55      8       49
  AVERAGE         74                        66      8       63

PRECIPITATION (IN)
  TODAY            0.00          1.38 1968   0.15  -0.15     0.09
  MONTH TO DATE    1.56                      2.97  -1.41     3.82
  SINCE MAR 1      8.10                      9.11  -1.01    15.00
  SINCE JAN 1     12.82                     12.74   0.08    16.47

SNOWFALL (IN)
  TODAY            0.0           0.0    MM   0.0    0.0      0.0
  MONTH TO DATE    0.0                       0.0    0.0      0.0
  SINCE MAR 1      4.8                       2.8    2.0      4.6
  SINCE JUL 1     11.8                      20.9   -9.1     10.3
  SNOW DEPTH       0

DEGREE DAYS
 HEATING
  TODAY            0                         3     -3        2
  MONTH TO DATE    0                       106   -106      100
  SINCE MAR 1   1267                      1180     87      899
  SINCE JUL 1   5245                      5451   -206     4154

 COOLING
  TODAY            9                         3      6        0
  MONTH TO DATE  169                        46    123       73
  SINCE MAR 1    179                        66    113      110
  SINCE JAN 1    179                        66    113      110
..................................................................


WIND (MPH)
  HIGHEST WIND SPEED    15   HIGHEST WIND DIRECTION    NW (320)
  HIGHEST GUST SPEED    22   HIGHEST GUST DIRECTION    NW (310)
  AVERAGE WIND SPEED     4.6


SKY COVER
  POSSIBLE SUNSHINE  MM
  AVERAGE SKY COVER 0.3


WEATHER CONDITIONS
 THE FOLLOWING WEATHER WAS RECORDED TODAY.
  FOG
  FOG W/VISIBILITY <= 1/4 MILE


RELATIVE HUMIDITY (PERCENT)
 HIGHEST   100           100 AM
 LOWEST     44           300 PM
 AVERAGE    72

..........................................................


THE SPRINGFIELD IL CLIMATE NORMALS FOR TOMORROW
                         NORMAL    RECORD    YEAR
 MAXIMUM TEMPERATURE (F)   77        92      1964
                                             1921
 MINIMUM TEMPERATURE (F)   55        36      1963
                                             1961


SUNRISE AND SUNSET
MAY 22 2018...........SUNRISE   538 AM CDT   SUNSET   813 PM CDT
MAY 23 2018...........SUNRISE   537 AM CDT   SUNSET   814 PM CDT


-  INDICATES NEGATIVE NUMBERS.
R  INDICATES RECORD WAS SET OR TIED.
MM INDICATES DATA IS MISSING.
T  INDICATES TRACE AMOUNT.




$$
