000
CDUS43 KILX 172128
CLISPI


CLIMATE REPORT
NATIONAL WEATHER SERVICE LINCOLN IL
428 PM CDT MON JUN 17 2019


...................................

...THE SPRINGFIELD IL CLIMATE SUMMARY FOR JUNE 17 2019...
VALID TODAY AS OF 0400 PM LOCAL TIME.

CLIMATE NORMAL PERIOD 1981 TO 2010
CLIMATE RECORD PERIOD 1879 TO 2019


WEATHER ITEM   OBSERVED TIME   RECORD YEAR NORMAL DEPARTURE LAST
                VALUE   (LST)  VALUE       VALUE  FROM      YEAR
                                                  NORMAL
..................................................................
TEMPERATURE (F)
 TODAY
  MAXIMUM         70    259 PM 100    1944  84    -14       93
  MINIMUM         63    822 AM  45    1961  63      0       75
  AVERAGE         67                        73     -6       84

PRECIPITATION (IN)
  TODAY            0.00          1.45 1882   0.15  -0.15     0.00
  MONTH TO DATE    3.09                      2.62   0.47     2.33
  SINCE JUN 1      3.09                      2.62   0.47     2.33
  SINCE JAN 1     25.00                     16.63   8.37    16.43

SNOWFALL (IN)
  TODAY            0.0           0.0    MM   0.0    0.0      0.0
  MONTH TO DATE    0.0                       0.0    0.0      0.0
  SINCE JUN 1      0.0                       0.0    0.0      0.0
  SINCE JUL 1     31.6                      20.9   10.7     11.8
  SNOW DEPTH       0

DEGREE DAYS
 HEATING
  TODAY            0                         0      0        0
  MONTH TO DATE    4                        11     -7        0
  SINCE JUN 1      4                        11     -7        0
  SINCE JUL 1   5695                      5481    214     5245

 COOLING
  TODAY            2                         8     -6       19
  MONTH TO DATE  104                       113     -9      205
  SINCE JUN 1    104                       113     -9      205
  SINCE JAN 1    228                       217     11      516
..................................................................


WIND (MPH)
  HIGHEST WIND SPEED    13   HIGHEST WIND DIRECTION    NE (40)
  HIGHEST GUST SPEED    17   HIGHEST GUST DIRECTION    NE (30)
  AVERAGE WIND SPEED     7.8


SKY COVER
  POSSIBLE SUNSHINE  MM
  AVERAGE SKY COVER 0.8


WEATHER CONDITIONS
 THE FOLLOWING WEATHER WAS RECORDED TODAY.
  FOG
  HAZE


RELATIVE HUMIDITY (PERCENT)
 HIGHEST   100           100 AM
 LOWEST     84          1200 PM
 AVERAGE    92

..........................................................


THE SPRINGFIELD IL CLIMATE NORMALS FOR TOMORROW
                         NORMAL    RECORD    YEAR
 MAXIMUM TEMPERATURE (F)   84        97      1994
                                             1944
                                             1913
 MINIMUM TEMPERATURE (F)   63        46      1999


SUNRISE AND SUNSET
JUNE 17 2019..........SUNRISE   530 AM CDT   SUNSET   829 PM CDT
JUNE 18 2019..........SUNRISE   530 AM CDT   SUNSET   830 PM CDT


-  INDICATES NEGATIVE NUMBERS.
R  INDICATES RECORD WAS SET OR TIED.
MM INDICATES DATA IS MISSING.
T  INDICATES TRACE AMOUNT.




$$
