523
CDUS43 KILX 220634
CLISPI


CLIMATE REPORT
NATIONAL WEATHER SERVICE LINCOLN IL
134 AM CDT TUE OCT 22 2019


...................................

...THE SPRINGFIELD IL CLIMATE SUMMARY FOR OCTOBER 21 2019...

CLIMATE NORMAL PERIOD 1981 TO 2010
CLIMATE RECORD PERIOD 1879 TO 2019


WEATHER ITEM   OBSERVED TIME   RECORD YEAR NORMAL DEPARTURE LAST
                VALUE   (LST)  VALUE       VALUE  FROM      YEAR
                                                  NORMAL
..................................................................
TEMPERATURE (F)
 YESTERDAY
  MAXIMUM         66   1055 AM  89    1979  64      2       54
  MINIMUM         51   1159 PM  21    2018  43      8       21
  AVERAGE         59                        54      5       38

PRECIPITATION (IN)
  YESTERDAY        0.36          1.99 1983   0.11   0.25     0.00
  MONTH TO DATE    1.04                      2.11  -1.07     2.39
  SINCE SEP 1      8.10                      5.01   3.09     5.60
  SINCE JAN 1     41.59                     30.66  10.93    36.65

SNOWFALL (IN)
  YESTERDAY        0.0           T    1937   0.0    0.0      0.0
                                      1916
  MONTH TO DATE    0.0                       0.0    0.0       T
  SINCE SEP 1      0.0                       0.0    0.0       T
  SINCE JUL 1      0.0                       0.0    0.0       T
  SNOW DEPTH       0

DEGREE DAYS
 HEATING
  YESTERDAY        6                        12     -6       27
  MONTH TO DATE  188                       193     -5      235
  SINCE SEP 1    189                       269    -80      266
  SINCE JUL 1    189                       274    -85      266

 COOLING
  YESTERDAY        0                         0      0        0
  MONTH TO DATE   32                        19     13       76
  SINCE SEP 1    273                       148    125      328
  SINCE JAN 1   1309                      1118    191     1731
..................................................................


WIND (MPH)
  HIGHEST WIND SPEED    28   HIGHEST WIND DIRECTION    SE (150)
  HIGHEST GUST SPEED    38   HIGHEST GUST DIRECTION    SE (150)
  AVERAGE WIND SPEED    14.8


SKY COVER
  POSSIBLE SUNSHINE  MM
  AVERAGE SKY COVER 0.4


WEATHER CONDITIONS
 THE FOLLOWING WEATHER WAS RECORDED YESTERDAY.
  THUNDERSTORM
  HEAVY RAIN
  RAIN
  LIGHT RAIN
  FOG


RELATIVE HUMIDITY (PERCENT)
 HIGHEST    90           700 AM
 LOWEST     43           300 PM
 AVERAGE    67

..........................................................


THE SPRINGFIELD IL CLIMATE NORMALS FOR TODAY
                         NORMAL    RECORD    YEAR
 MAXIMUM TEMPERATURE (F)   64        85      1963
                                             1947
 MINIMUM TEMPERATURE (F)   42        23      1997
                                             1976


SUNRISE AND SUNSET
OCTOBER 22 2019.......SUNRISE   716 AM CDT   SUNSET   610 PM CDT
OCTOBER 23 2019.......SUNRISE   717 AM CDT   SUNSET   608 PM CDT


-  INDICATES NEGATIVE NUMBERS.
R  INDICATES RECORD WAS SET OR TIED.
MM INDICATES DATA IS MISSING.
T  INDICATES TRACE AMOUNT.




$$
