000
CDUS43 KILX 230631
CLISPI

CLIMATE REPORT
NATIONAL WEATHER SERVICE LINCOLN IL
129 AM CDT TUE APR 23 2019

...................................

...THE SPRINGFIELD IL CLIMATE SUMMARY FOR APRIL 22 2019...

CLIMATE NORMAL PERIOD 1981 TO 2010
CLIMATE RECORD PERIOD 1879 TO 2019


WEATHER ITEM   OBSERVED TIME   RECORD YEAR NORMAL DEPARTURE LAST
                VALUE   (LST)  VALUE       VALUE  FROM      YEAR
                                                  NORMAL
..................................................................
TEMPERATURE (F)
 YESTERDAY
  MAXIMUM         81    347 PM  89    1925  67     14       73
  MINIMUM         58    506 AM  30    1986  45     13       48
                                      1959
  AVERAGE         70                        56     14       61

PRECIPITATION (IN)
  YESTERDAY        0.01          1.94 1944   0.12  -0.11     0.00
  MONTH TO DATE    3.41                      2.47   0.94     2.05
  SINCE MAR 1      8.01                      5.10   2.91     6.41
  SINCE JAN 1     12.84                      8.73   4.11    11.13

SNOWFALL (IN)
  YESTERDAY        0.0           T    1893   0.0    0.0      0.0
  MONTH TO DATE    0.7                       0.3    0.4      4.8
  SINCE MAR 1      5.3                       2.8    2.5      4.8
  SINCE JUL 1     31.6                      20.9   10.7     11.8
  SNOW DEPTH       0

DEGREE DAYS
 HEATING
  YESTERDAY        0                        10    -10        4
  MONTH TO DATE  245                       297    -52      458
  SINCE MAR 1   1066                      1008     58     1208
  SINCE JUL 1   5477                      5279    198     5186

 COOLING
  YESTERDAY        5                         1      4        0
  MONTH TO DATE   10                        11     -1       10
  SINCE MAR 1     10                        13     -3       10
  SINCE JAN 1     10                        13     -3       10
..................................................................

WIND (MPH)
  HIGHEST WIND SPEED    28   HIGHEST WIND DIRECTION     S (170)
  HIGHEST GUST SPEED    38   HIGHEST GUST DIRECTION     S (160)
  AVERAGE WIND SPEED    12.8

SKY COVER
  POSSIBLE SUNSHINE  MM
  AVERAGE SKY COVER 0.1

WEATHER CONDITIONS
 THE FOLLOWING WEATHER WAS RECORDED YESTERDAY.
  THUNDERSTORM
  LIGHT RAIN

RELATIVE HUMIDITY (PERCENT)
 HIGHEST    81          1000 PM
 LOWEST     42           200 PM
 AVERAGE    62

..........................................................

THE SPRINGFIELD IL CLIMATE NORMALS FOR TODAY
                         NORMAL    RECORD    YEAR
 MAXIMUM TEMPERATURE (F)   68        89      1925
 MINIMUM TEMPERATURE (F)   45        23      1956

SUNRISE AND SUNSET
APRIL 23 2019.........SUNRISE   610 AM CDT   SUNSET   745 PM CDT
APRIL 24 2019.........SUNRISE   609 AM CDT   SUNSET   746 PM CDT

-  INDICATES NEGATIVE NUMBERS.
R  INDICATES RECORD WAS SET OR TIED.
MM INDICATES DATA IS MISSING.
T  INDICATES TRACE AMOUNT.

$$
GEELHART
