000
CDUS44 KOUN 180634 RRA
CLISPS

CLIMATE REPORT
NATIONAL WEATHER SERVICE NORMAN OK
133 AM CDT THU APR 18 2019


...................................

...THE WICHITA FALLS CLIMATE SUMMARY FOR APRIL 17 2019...

CLIMATE NORMAL PERIOD 1981 TO 2010
CLIMATE RECORD PERIOD 1897 TO 2019


WEATHER ITEM   OBSERVED TIME   RECORD YEAR NORMAL DEPARTURE LAST
                VALUE   (LST)  VALUE       VALUE  FROM      YEAR
                                                  NORMAL
..................................................................
TEMPERATURE (F)
 YESTERDAY
  MAXIMUM         85    448 PM 101    2006  76      9       93
  MINIMUM         61    644 AM  34    1999  50     11       61
  AVERAGE         73                        63     10       77

PRECIPITATION (IN)
  YESTERDAY        0.00          3.45 2010   0.08  -0.08     0.00
  MONTH TO DATE    2.73                      1.20   1.53      T
  SINCE MAR 1      5.30                      3.40   1.90     2.79
  SINCE JAN 1      6.99                      6.29   0.70     5.65

SNOWFALL (IN)
  YESTERDAY        0.0           0.0  2002   0.0    0.0      0.0
  MONTH TO DATE    0.0                       0.0    0.0      0.0
  SINCE MAR 1      0.0                       0.5   -0.5      0.0
  SINCE JUL 1      3.7                       3.9   -0.2      1.0

DEGREE DAYS
 HEATING
  YESTERDAY        0                         4     -4        0
  MONTH TO DATE   85                       103    -18      176
  SINCE MAR 1    536                       460     76      428
  SINCE JUL 1   3055                      2906    149     2814

 COOLING
  YESTERDAY        8                         2      6       12
  MONTH TO DATE   32                        29      3       33
  SINCE MAR 1     38                        48    -10       61
  SINCE JAN 1     38                        51    -13       70
..................................................................


WIND (MPH)
  HIGHEST WIND SPEED    22   HIGHEST WIND DIRECTION     S (190)
  HIGHEST GUST SPEED    27   HIGHEST GUST DIRECTION     S (180)
  AVERAGE WIND SPEED    11.5


SKY COVER
  AVERAGE SKY COVER 0.4


WEATHER CONDITIONS
 THE FOLLOWING WEATHER WAS RECORDED YESTERDAY.
  NO SIGNIFICANT WEATHER WAS OBSERVED.


RELATIVE HUMIDITY (PERCENT)
 HIGHEST   100           400 AM
 LOWEST     37           500 PM
 AVERAGE    69

..........................................................


THE WICHITA FALLS CLIMATE NORMALS FOR TODAY
                         NORMAL    RECORD    YEAR
 MAXIMUM TEMPERATURE (F)   77       103      2011
 MINIMUM TEMPERATURE (F)   50        36      1944


SUNRISE AND SUNSET
APRIL 18 2019.........SUNRISE   700 AM CDT   SUNSET   807 PM CDT
APRIL 19 2019.........SUNRISE   658 AM CDT   SUNSET   808 PM CDT


-  INDICATES NEGATIVE NUMBERS.
R  INDICATES RECORD WAS SET OR TIED.
MM INDICATES DATA IS MISSING.
T  INDICATES TRACE AMOUNT.

$$
