000
CDUS44 KOUN 200636 RRA
CLISPS

CLIMATE REPORT
NATIONAL WEATHER SERVICE NORMAN OK
135 AM CDT THU JUN 20 2019


...................................

...THE WICHITA FALLS CLIMATE SUMMARY FOR JUNE 19 2019...

CLIMATE NORMAL PERIOD 1981 TO 2010
CLIMATE RECORD PERIOD 1897 TO 2019


WEATHER ITEM   OBSERVED TIME   RECORD YEAR NORMAL DEPARTURE LAST
                VALUE   (LST)  VALUE       VALUE  FROM      YEAR
                                                  NORMAL
..................................................................
TEMPERATURE (F)
 YESTERDAY
  MAXIMUM         92    449 PM 108    2011  92      0       90
  MINIMUM         62    520 AM  59    1976  69     -7       70
                                      1957
  AVERAGE         77                        80     -3       80

PRECIPITATION (IN)
  YESTERDAY        0.01          1.95 1919   0.13  -0.12     0.00
  MONTH TO DATE    2.60                      3.03  -0.43     0.49
  SINCE JUN 1      2.60                      3.03  -0.43     0.49
  SINCE JAN 1     17.42                     14.52   2.90    11.90

SNOWFALL (IN)
  YESTERDAY        0.0           0.0    MM   0.0    0.0      0.0
  MONTH TO DATE    0.0                       0.0    0.0      0.0
  SINCE JUN 1      0.0                       0.0    0.0      0.0
  SINCE JUL 1      3.7                       3.9   -0.2      1.0

DEGREE DAYS
 HEATING
  YESTERDAY        0                         0      0        0
  MONTH TO DATE    0                         0      0        0
  SINCE JUN 1      0                         0      0        0
  SINCE JUL 1   3103                      2968    135     2876

 COOLING
  YESTERDAY       12                        15     -3       15
  MONTH TO DATE  208                       252    -44      360
  SINCE JUN 1    208                       252    -44      360
  SINCE JAN 1    484                       571    -87      812
..................................................................


WIND (MPH)
  HIGHEST WIND SPEED    41   HIGHEST WIND DIRECTION     N (340)
  HIGHEST GUST SPEED    49   HIGHEST GUST DIRECTION     N (350)
  AVERAGE WIND SPEED     6.5


SKY COVER
  AVERAGE SKY COVER 0.1


WEATHER CONDITIONS
 THE FOLLOWING WEATHER WAS RECORDED YESTERDAY.
  THUNDERSTORM
  RAIN
  LIGHT RAIN


RELATIVE HUMIDITY (PERCENT)
 HIGHEST   100           500 AM
 LOWEST     49           500 PM
 AVERAGE    75

..........................................................


THE WICHITA FALLS CLIMATE NORMALS FOR TODAY
                         NORMAL    RECORD    YEAR
 MAXIMUM TEMPERATURE (F)   93       106      1996
 MINIMUM TEMPERATURE (F)   69        57      1973


SUNRISE AND SUNSET
JUNE 20 2019..........SUNRISE   623 AM CDT   SUNSET   848 PM CDT
JUNE 21 2019..........SUNRISE   623 AM CDT   SUNSET   848 PM CDT


-  INDICATES NEGATIVE NUMBERS.
R  INDICATES RECORD WAS SET OR TIED.
MM INDICATES DATA IS MISSING.
T  INDICATES TRACE AMOUNT.




$$
