000
CDUS42 KTBW 212122
CLISRQ


CLIMATE REPORT
NATIONAL WEATHER SERVICE TAMPA BAY FL
518 PM EDT SUN APR 21 2019


...................................

...THE SARASOTA BRADENTON CLIMATE SUMMARY FOR APRIL 21 2019...
VALID TODAY AS OF 0500 PM LOCAL TIME.

CLIMATE NORMAL PERIOD 1981 TO 2010
CLIMATE RECORD PERIOD 1911 TO 2019


WEATHER ITEM   OBSERVED TIME   RECORD YEAR NORMAL DEPARTURE LAST
                VALUE   (LST)  VALUE       VALUE  FROM      YEAR
                                                  NORMAL
..................................................................
TEMPERATURE (F)
 TODAY
  MAXIMUM         77    217 PM  91    1946  82     -5       87
                                      1944
  MINIMUM         60    626 AM  45    1953  62     -2       68
  AVERAGE         69                        72     -3       78

PRECIPITATION (IN)
  TODAY            0.00          1.85 1945   0.08  -0.08     0.31
  MONTH TO DATE    1.62                      1.80  -0.18     2.44
  SINCE MAR 1      2.89                      5.66  -2.77     4.74
  SINCE JAN 1      7.18                     10.85  -3.67     7.83

DEGREE DAYS
 HEATING
  TODAY            0                         0      0        0
  MONTH TO DATE    0                         8     -8        0
  SINCE MAR 1     28                        57    -29       90
  SINCE JUL 1    275                       475   -200      389

 COOLING
  TODAY            4                         7     -3       13
  MONTH TO DATE  191                       123     68      151
  SINCE MAR 1    339                       223    116      235
  SINCE JAN 1    573                       327    246      475
..................................................................


WIND (MPH)
  RESULTANT WIND SPEED   8   RESULTANT WIND DIRECTION  NW (310)
  HIGHEST WIND SPEED    18   HIGHEST WIND DIRECTION    NW (300)
  HIGHEST GUST SPEED    23   HIGHEST GUST DIRECTION    NW (300)
  AVERAGE WIND SPEED     9.5


SKY COVER
  POSSIBLE SUNSHINE  MM
  AVERAGE SKY COVER 0.1


WEATHER CONDITIONS
 THE FOLLOWING WEATHER WAS RECORDED TODAY.
  NO SIGNIFICANT WEATHER WAS OBSERVED.


RELATIVE HUMIDITY (PERCENT)
 HIGHEST    64           600 AM
 LOWEST     33          1000 AM

..........................................................


THE SARASOTA BRADENTON CLIMATE NORMALS FOR TOMORROW
                         NORMAL    RECORD    YEAR
 MAXIMUM TEMPERATURE (F)   82        94      1974
 MINIMUM TEMPERATURE (F)   63        48      1940
                                             1934


SUNRISE AND SUNSET
APRIL 21 2019.........SUNRISE   700 AM EDT   SUNSET   758 PM EDT
APRIL 22 2019.........SUNRISE   659 AM EDT   SUNSET   759 PM EDT


-  INDICATES NEGATIVE NUMBERS.
R  INDICATES RECORD WAS SET OR TIED.
MM INDICATES DATA IS MISSING.
T  INDICATES TRACE AMOUNT.




$$


&&
------------------------------------------------------------------
******************** SUPPLEMENTAL DATA ***************************

...GULF WATER TEMPERATURE AT VENICE 76 DEGREES
