000
CDUS42 KJAX 172127
CLISSI


CLIMATE REPORT
NATIONAL WEATHER SERVICE JACKSONVILLE FL
527 PM EDT MON JUN 17 2019


...................................

...THE ST SIMONS ISLAND CLIMATE SUMMARY FOR JUNE 17 2019...
VALID TODAY AS OF 0500 PM LOCAL TIME.

CLIMATE NORMAL PERIOD 1981 TO 2010
CLIMATE RECORD PERIOD 1948 TO 2019


WEATHER ITEM   OBSERVED TIME   RECORD YEAR NORMAL DEPARTURE LAST
                VALUE   (LST)  VALUE       VALUE  FROM      YEAR
                                                  NORMAL
..................................................................
TEMPERATURE (F)
 TODAY
  MAXIMUM         88    221 PM  98    2016  88      0       91
  MINIMUM         76    545 AM  59    1961  73      3       76
  AVERAGE         82                        81      1       84

PRECIPITATION (IN)
  TODAY            0.00          3.97 1960   0.19  -0.19     0.00
  MONTH TO DATE    4.29                      2.71   1.58     2.40
  SINCE JUN 1      4.29                      2.71   1.58     2.40
  SINCE JAN 1     14.58                     17.63  -3.05    16.14

SNOWFALL (IN)
  TODAY            0.0           0.0    MM                   0.0
  MONTH TO DATE    0.0                                       0.0
  SINCE JUN 1      0.0                                       0.0
  SINCE JUL 1      0.0                                       0.0

DEGREE DAYS
 HEATING
  TODAY            0                         0      0        0
  MONTH TO DATE    0                         0      0        0
  SINCE JUN 1      0                         0      0        0
  SINCE JUL 1   1010                      1488   -478     1296

 COOLING
  TODAY           17                        16      1       19
  MONTH TO DATE  292                       246     46      278
  SINCE JUN 1    292                       246     46      278
  SINCE JAN 1   1021                       688    333      829
..................................................................


WIND (MPH)
  HIGHEST WIND SPEED    18   HIGHEST WIND DIRECTION    SE (130)
  HIGHEST GUST SPEED    22   HIGHEST GUST DIRECTION    SE (130)
  AVERAGE WIND SPEED     7.1


SKY COVER
  POSSIBLE SUNSHINE  MM
  AVERAGE SKY COVER 0.0


WEATHER CONDITIONS
 THE FOLLOWING WEATHER WAS RECORDED TODAY.
  NO SIGNIFICANT WEATHER WAS OBSERVED.


RELATIVE HUMIDITY (PERCENT)
 HIGHEST    88           400 AM
 LOWEST     63           100 PM
 AVERAGE    76

..........................................................


THE ST SIMONS ISLAND CLIMATE NORMALS FOR TOMORROW
                         NORMAL    RECORD    YEAR
 MAXIMUM TEMPERATURE (F)   88        98      1950
 MINIMUM TEMPERATURE (F)   74        61      1961


SUNRISE AND SUNSET
JUNE 17 2019..........SUNRISE   621 AM EDT   SUNSET   832 PM EDT
JUNE 18 2019..........SUNRISE   622 AM EDT   SUNSET   832 PM EDT


-  INDICATES NEGATIVE NUMBERS.
R  INDICATES RECORD WAS SET OR TIED.
MM INDICATES DATA IS MISSING.
T  INDICATES TRACE AMOUNT.




$$
