850
CDUS42 KJAX 230530
CLISSI


CLIMATE REPORT
NATIONAL WEATHER SERVICE JACKSONVILLE FL
130 AM EDT TUE APR 23 2019


...................................

...THE ST SIMONS ISLAND CLIMATE SUMMARY FOR APRIL 22 2019...

CLIMATE NORMAL PERIOD 1981 TO 2010
CLIMATE RECORD PERIOD 1948 TO 2019


WEATHER ITEM   OBSERVED TIME   RECORD YEAR NORMAL DEPARTURE LAST
                VALUE   (LST)  VALUE       VALUE  FROM      YEAR
                                                  NORMAL
..................................................................
TEMPERATURE (F)
 YESTERDAY
  MAXIMUM         76    259 PM  90    2002  76      0       74
  MINIMUM         54    613 AM  43    1962  60     -6       65
  AVERAGE         65                        68     -3       70

PRECIPITATION (IN)
  YESTERDAY        0.00          0.97 1994   0.08  -0.08     0.12
  MONTH TO DATE    2.06                      1.96   0.10     3.01
  SINCE MAR 1      3.82                      5.84  -2.02     4.81
  SINCE JAN 1      8.57                     12.53  -3.96     9.60

SNOWFALL (IN)
  YESTERDAY        0.0           0.0    MM                   0.0
  MONTH TO DATE    0.0                                       0.0
  SINCE MAR 1      0.0                                       0.0
  SINCE JUL 1      0.0                                       0.0
  SNOW DEPTH       0

DEGREE DAYS
 HEATING
  YESTERDAY        0                         1     -1        0
  MONTH TO DATE   31                        49    -18       45
  SINCE MAR 1    157                       226    -69      243
  SINCE JUL 1   1010                      1477   -467     1296

 COOLING
  YESTERDAY        0                         4     -4        5
  MONTH TO DATE  110                        63     47       58
  SINCE MAR 1    155                        94     61       89
  SINCE JAN 1    206                       103    103      151
..................................................................


WIND (MPH)
  HIGHEST WIND SPEED    14   HIGHEST WIND DIRECTION     E (110)
  HIGHEST GUST SPEED    24   HIGHEST GUST DIRECTION     E (110)
  AVERAGE WIND SPEED     4.7


SKY COVER
  POSSIBLE SUNSHINE  MM
  AVERAGE SKY COVER 0.0


WEATHER CONDITIONS
 THE FOLLOWING WEATHER WAS RECORDED YESTERDAY.
  FOG


RELATIVE HUMIDITY (PERCENT)
 HIGHEST    93           600 AM
 LOWEST     44           400 PM
 AVERAGE    69

..........................................................


THE ST SIMONS ISLAND CLIMATE NORMALS FOR TODAY
                         NORMAL    RECORD    YEAR
 MAXIMUM TEMPERATURE (F)   77        91      1980
 MINIMUM TEMPERATURE (F)   60        42      1993


SUNRISE AND SUNSET
APRIL 23 2019.........SUNRISE   649 AM EDT   SUNSET   759 PM EDT
APRIL 24 2019.........SUNRISE   648 AM EDT   SUNSET   800 PM EDT


-  INDICATES NEGATIVE NUMBERS.
R  INDICATES RECORD WAS SET OR TIED.
MM INDICATES DATA IS MISSING.
T  INDICATES TRACE AMOUNT.




$$
