000
CDUS43 KMPX 200643
CLISTC


CLIMATE REPORT
NATIONAL WEATHER SERVICE CHANHASSEN MN
142 AM CDT SAT JUL 20 2019


...................................

...THE ST CLOUD MN CLIMATE SUMMARY FOR JULY 19 2019...

CLIMATE NORMAL PERIOD 1981 TO 2010
CLIMATE RECORD PERIOD 1893 TO 2019


WEATHER ITEM   OBSERVED TIME   RECORD YEAR NORMAL DEPARTURE LAST
                VALUE   (LST)  VALUE       VALUE  FROM      YEAR
                                                  NORMAL
..................................................................
TEMPERATURE (F)
 YESTERDAY
  MAXIMUM         90    416 PM 101    1934  83      7       71
  MINIMUM         67    520 AM  43    2009  59      8       63
  AVERAGE         79                        71      8       67

PRECIPITATION (IN)
  YESTERDAY        T             1.98 1997   0.10  -0.10     0.28
  MONTH TO DATE    2.14                      2.07   0.07     4.26
  SINCE JUN 1      6.76                      6.24   0.52     6.83
  SINCE JAN 1     20.51                     14.55   5.96    13.56

SNOWFALL (IN)
  YESTERDAY        0.0           0.0    MM   0.0    0.0      0.0
  MONTH TO DATE    0.0                       0.0    0.0      0.0
  SINCE JUN 1      0.0                       0.0    0.0      0.0
  SINCE JUL 1      0.0                       0.0    0.0      0.0
  SNOW DEPTH       0

DEGREE DAYS
 HEATING
  YESTERDAY        0                         0      0        0
  MONTH TO DATE    0                        13    -13        0
  SINCE JUN 1     49                        91    -42       22
  SINCE JUL 1      0                        13    -13        0

 COOLING
  YESTERDAY       14                         6      8        2
  MONTH TO DATE  168                       113     55      143
  SINCE JUN 1    256                       208     48      285
  SINCE JAN 1    263                       233     30      381
..................................................................


WIND (MPH)
  HIGHEST WIND SPEED    21   HIGHEST WIND DIRECTION    SE (150)
  HIGHEST GUST SPEED    27   HIGHEST GUST DIRECTION     E (100)
  AVERAGE WIND SPEED     5.9


SKY COVER
  POSSIBLE SUNSHINE  MM
  AVERAGE SKY COVER 0.1


WEATHER CONDITIONS
 THE FOLLOWING WEATHER WAS RECORDED YESTERDAY.
  THUNDERSTORM
  LIGHT RAIN
  FOG


RELATIVE HUMIDITY (PERCENT)
 HIGHEST   100          1200 AM
 LOWEST     63           200 PM
 AVERAGE    82

..........................................................


THE ST CLOUD MN CLIMATE NORMALS FOR TODAY
                         NORMAL    RECORD    YEAR
 MAXIMUM TEMPERATURE (F)   83       105      1901
 MINIMUM TEMPERATURE (F)   59        41      1950


SUNRISE AND SUNSET
JULY 20 2019..........SUNRISE   547 AM CDT   SUNSET   858 PM CDT
JULY 21 2019..........SUNRISE   548 AM CDT   SUNSET   857 PM CDT


-  INDICATES NEGATIVE NUMBERS.
R  INDICATES RECORD WAS SET OR TIED.
MM INDICATES DATA IS MISSING.
T  INDICATES TRACE AMOUNT.




$$
