000
CDUS43 KEAX 200632
CLISTJ


CLIMATE REPORT
NATIONAL WEATHER SERVICE KANSAS CITY/PLEASANT HILL MO
132 AM CDT SAT JUL 20 2019


...................................

...THE ST. JOSEPH MO CLIMATE SUMMARY FOR JULY 19 2019...

CLIMATE NORMAL PERIOD 1981 TO 2010
CLIMATE RECORD PERIOD 1892 TO 2019


WEATHER ITEM   OBSERVED TIME   RECORD YEAR NORMAL DEPARTURE LAST
                VALUE   (LST)  VALUE       VALUE  FROM      YEAR
                                                  NORMAL
..................................................................
TEMPERATURE (F)
 YESTERDAY
  MAXIMUM         96    315 PM 108    1934  87      9       95
  MINIMUM         80    537 AM  54    2009  67     13       73
  AVERAGE         88                        77     11       84

PRECIPITATION (IN)
  YESTERDAY        0.00          3.07 1996   0.17  -0.17     0.00
  MONTH TO DATE    0.22                      3.06  -2.84     0.98
  SINCE JUN 1      6.29                      7.24  -0.95     5.62
  SINCE JAN 1     21.49                     20.19   1.30    10.98

DEGREE DAYS
 HEATING
  YESTERDAY        0                         0      0        0
  MONTH TO DATE    0                         0      0        0
  SINCE JUN 1      1                         8     -7        0
  SINCE JUL 1      0                         0      0        0

 COOLING
  YESTERDAY       23                        12     11       19
  MONTH TO DATE  304                       226     78      279
  SINCE JUN 1    597                       493    104      676
  SINCE JAN 1    698                       606     92      970
..................................................................


WIND (MPH)
  HIGHEST WIND SPEED    21   HIGHEST WIND DIRECTION     S (170)
  HIGHEST GUST SPEED    27   HIGHEST GUST DIRECTION    SW (210)
  AVERAGE WIND SPEED    13.8


SKY COVER
  POSSIBLE SUNSHINE  MM
  AVERAGE SKY COVER 0.0


WEATHER CONDITIONS
 THE FOLLOWING WEATHER WAS RECORDED YESTERDAY.
  HAZE


RELATIVE HUMIDITY (PERCENT)
 HIGHEST    74           600 AM
 LOWEST     53           200 PM
 AVERAGE    64

..........................................................


THE ST. JOSEPH MO CLIMATE NORMALS FOR TODAY
                         NORMAL    RECORD    YEAR
 MAXIMUM TEMPERATURE (F)   87       108      1934
 MINIMUM TEMPERATURE (F)   67        50      1971


SUNRISE AND SUNSET
JULY 20 2019..........SUNRISE   608 AM CDT   SUNSET   844 PM CDT
JULY 21 2019..........SUNRISE   609 AM CDT   SUNSET   843 PM CDT


-  INDICATES NEGATIVE NUMBERS.
R  INDICATES RECORD WAS SET OR TIED.
MM INDICATES DATA IS MISSING.
T  INDICATES TRACE AMOUNT.




$$
