000
CDUS43 KEAX 222124
CLISTJ


CLIMATE REPORT
NATIONAL WEATHER SERVICE KANSAS CITY/PLEASANT HILL MO
424 PM CDT MON APR 22 2019


...................................

...THE ST. JOSEPH MO CLIMATE SUMMARY FOR APRIL 22 2019...
VALID AS OF 0400 PM LOCAL TIME.

CLIMATE NORMAL PERIOD 1981 TO 2010
CLIMATE RECORD PERIOD 1892 TO 2019


WEATHER ITEM   OBSERVED TIME   RECORD YEAR NORMAL DEPARTURE LAST
                VALUE   (LST)  VALUE       VALUE  FROM      YEAR
                                                  NORMAL
..................................................................
TEMPERATURE (F)
 TODAY
  MAXIMUM         74    141 PM  93    1989  68      6       71
  MINIMUM         62    549 AM  25    1986  45     17       50
  AVERAGE         68                        56     12       61

PRECIPITATION (IN)
  TODAY            T             1.76 1944   0.15  -0.15     0.00
  MONTH TO DATE    0.56                      2.46  -1.90     0.23
  SINCE MAR 1      3.47                      4.71  -1.24     0.58
  SINCE JAN 1      6.31                      6.20   0.11     2.04

DEGREE DAYS
 HEATING
  TODAY            0                        10    -10        4
  MONTH TO DATE  199                       279    -80      506
  SINCE MAR 1    950                       964    -14     1203
  SINCE JUL 1   5480                      5272    208     5074

 COOLING
  TODAY            3                         1      2        0
  MONTH TO DATE   18                        15      3        2
  SINCE MAR 1     18                        17      1        2
  SINCE JAN 1     18                        17      1        2
..................................................................


WIND (MPH)
  HIGHEST WIND SPEED    22   HIGHEST WIND DIRECTION     W (250)
  HIGHEST GUST SPEED    30   HIGHEST GUST DIRECTION    SW (230)
  AVERAGE WIND SPEED    13.2


SKY COVER
  AVERAGE SKY COVER 0.6


WEATHER CONDITIONS
 THE FOLLOWING WEATHER WAS RECORDED TODAY.
  NO SIGNIFICANT WEATHER WAS OBSERVED.


RELATIVE HUMIDITY (PERCENT)
 HIGHEST    78           400 AM
 LOWEST     46          1200 AM
 AVERAGE    62

..........................................................


THE ST. JOSEPH MO CLIMATE NORMALS FOR TOMORROW
                         NORMAL    RECORD    YEAR
 MAXIMUM TEMPERATURE (F)   68        92      1950
 MINIMUM TEMPERATURE (F)   45        30      1996


SUNRISE AND SUNSET
APRIL 22 2019.........SUNRISE   632 AM CDT   SUNSET   805 PM CDT
APRIL 23 2019.........SUNRISE   631 AM CDT   SUNSET   806 PM CDT


-  INDICATES NEGATIVE NUMBERS.
R  INDICATES RECORD WAS SET OR TIED.
MM INDICATES DATA IS MISSING.
T  INDICATES TRACE AMOUNT.




$$
