000
CDUS43 KEAX 230034
CLISTJ


CLIMATE REPORT
NATIONAL WEATHER SERVICE KANSAS CITY/PLEASANT HILL MO
734 PM CDT TUE MAY 22 2018


...................................

...THE ST. JOSEPH MO CLIMATE SUMMARY FOR MAY 22 2018...
VALID TODAY AS OF 0700 PM LOCAL TIME.

CLIMATE NORMAL PERIOD 1981 TO 2010
CLIMATE RECORD PERIOD 1892 TO 2018


WEATHER ITEM   OBSERVED TIME   RECORD YEAR NORMAL DEPARTURE LAST
                VALUE   (LST)  VALUE       VALUE  FROM      YEAR
                                                  NORMAL
..................................................................
TEMPERATURE (F)
 TODAY
  MAXIMUM         87    416 PM  94    1925  78      9       63
  MINIMUM         55    342 AM  39    1963  56     -1       49
  AVERAGE         71                        67      4       56

PRECIPITATION (IN)
  TODAY            0.00          1.28 1942   0.18  -0.18     0.45
  MONTH TO DATE    1.69                      3.90  -2.21     3.45
  SINCE MAR 1      2.60                      9.94  -7.34    10.66
  SINCE JAN 1      4.06                     11.43  -7.37    11.68

DEGREE DAYS
 HEATING
  TODAY            0                         2     -2        9
  MONTH TO DATE    0                        99    -99       98
  SINCE MAR 1   1272                      1129    143      945
  SINCE JUL 1   5143                      5437   -294     4242

 COOLING
  TODAY            6                         4      2        0
  MONTH TO DATE  147                        48     99       76
  SINCE MAR 1    154                        69     85       94
  SINCE JAN 1    154                        69     85       94
..................................................................


WIND (MPH)
  HIGHEST WIND SPEED    17   HIGHEST WIND DIRECTION     S (160)
  HIGHEST GUST SPEED    23   HIGHEST GUST DIRECTION     S (160)
  AVERAGE WIND SPEED     6.4


SKY COVER
  AVERAGE SKY COVER 0.1


WEATHER CONDITIONS
 THE FOLLOWING WEATHER WAS RECORDED TODAY.
  FOG


RELATIVE HUMIDITY (PERCENT)
 HIGHEST   100           200 AM
 LOWEST     48           200 PM
 AVERAGE    74

..........................................................


THE ST. JOSEPH MO CLIMATE NORMALS FOR TOMORROW
                         NORMAL    RECORD    YEAR
 MAXIMUM TEMPERATURE (F)   78        92      1967
 MINIMUM TEMPERATURE (F)   56        37      1963


SUNRISE AND SUNSET
MAY 22 2018...........SUNRISE   559 AM CDT   SUNSET   834 PM CDT
MAY 23 2018...........SUNRISE   559 AM CDT   SUNSET   835 PM CDT


-  INDICATES NEGATIVE NUMBERS.
R  INDICATES RECORD WAS SET OR TIED.
MM INDICATES DATA IS MISSING.
T  INDICATES TRACE AMOUNT.




$$
