000
CDUS43 KLSX 252227
CLISTL


CLIMATE REPORT
NATIONAL WEATHER SERVICE ST LOUIS MO
526 PM CDT TUE JUN 25 2019


...................................

...THE ST. LOUIS CLIMATE SUMMARY FOR JUNE 25 2019...
VALID TODAY AS OF 0500 PM LOCAL TIME.

CLIMATE NORMAL PERIOD 1981 TO 2010
CLIMATE RECORD PERIOD 1874 TO 2019


WEATHER ITEM   OBSERVED TIME   RECORD YEAR NORMAL DEPARTURE LAST
                VALUE   (LST)  VALUE       VALUE  FROM      YEAR
                                                  NORMAL
..................................................................
TEMPERATURE (F)
 TODAY
  MAXIMUM         90    355 PM 102    1954  88      2       84
  MINIMUM         65    420 AM  50    1974  70     -5       68
  AVERAGE         78                        79     -1       76

PRECIPITATION (IN)
  TODAY            0.00          3.31 2003   0.13  -0.13      T
  MONTH TO DATE    4.37                      3.66   0.71     2.07
  SINCE JUN 1      4.37                      3.66   0.71     2.07
  SINCE JAN 1     30.74                     20.03  10.71    23.00

SNOWFALL (IN)
  TODAY            0.0           0.0  2015   0.0    0.0      0.0
  MONTH TO DATE    0.0                       0.0    0.0      0.0
  SINCE JUN 1      0.0                       0.0    0.0      0.0
  SINCE JUL 1     24.2                      17.7    6.5      7.1
  SNOW DEPTH       0

DEGREE DAYS
 HEATING
  TODAY            0                         0      0        0
  MONTH TO DATE    1                         3     -2        0
  SINCE JUN 1      1                         3     -2        0
  SINCE JUL 1   4747                      4533    214     4605

 COOLING
  TODAY           13                        14     -1       11
  MONTH TO DATE  230                       262    -32      379
  SINCE JUN 1    230                       262    -32      379
  SINCE JAN 1    442                       436      6      722
..................................................................


WIND (MPH)
  HIGHEST WIND SPEED    17   HIGHEST WIND DIRECTION    SW (210)
  HIGHEST GUST SPEED    31   HIGHEST GUST DIRECTION     S (200)
  AVERAGE WIND SPEED     8.5


SKY COVER
  AVERAGE SKY COVER 0.2



RELATIVE HUMIDITY (PERCENT)
 HIGHEST    78           100 AM
 LOWEST     32           200 PM
 AVERAGE    55

..........................................................


THE ST. LOUIS CLIMATE NORMALS FOR TOMORROW
                         NORMAL    RECORD    YEAR
 MAXIMUM TEMPERATURE (F)   88       102      1954
 MINIMUM TEMPERATURE (F)   70        51      1958


SUNRISE AND SUNSET
JUNE 25 2019..........SUNRISE   538 AM CDT   SUNSET   830 PM CDT
JUNE 26 2019..........SUNRISE   538 AM CDT   SUNSET   830 PM CDT


-  INDICATES NEGATIVE NUMBERS.
R  INDICATES RECORD WAS SET OR TIED.
MM INDICATES DATA IS MISSING.
T  INDICATES TRACE AMOUNT.




$$
