000
CDUS43 KFSD 210635
CLISUX


CLIMATE REPORT
NATIONAL WEATHER SERVICE SIOUX FALLS SD
135 AM CDT SUN APR 21 2019


...................................

...THE SIOUX CITY IA CLIMATE SUMMARY FOR APRIL 20 2019...

CLIMATE NORMAL PERIOD 1981 TO 2010
CLIMATE RECORD PERIOD 1889 TO 2019


WEATHER ITEM   OBSERVED TIME   RECORD YEAR NORMAL DEPARTURE LAST
                VALUE   (LST)  VALUE       VALUE  FROM      YEAR
                                                  NORMAL
..................................................................
TEMPERATURE (F)
 YESTERDAY
  MAXIMUM         86    428 PM  91    1980  64     22       60
  MINIMUM         37    347 AM  22    2013  39     -2       29
                                      1953
  AVERAGE         62                        52     10       45

PRECIPITATION (IN)
  YESTERDAY        0.00          2.05 2016   0.11  -0.11     0.00
  MONTH TO DATE    1.94                      1.88   0.06     1.01
  SINCE MAR 1      4.83                      3.88   0.95     2.96
  SINCE JAN 1      6.35                      5.17   1.18     5.39

SNOWFALL (IN)
  YESTERDAY        0.0           4.5  1992   0.0    0.0      0.0
  MONTH TO DATE    1.5                       1.5    0.0      9.5
  SINCE MAR 1      4.0                       8.0   -4.0     13.4
  SINCE JUL 1     29.5                      34.5   -5.0     45.2
  SNOW DEPTH       0

DEGREE DAYS
 HEATING
  YESTERDAY        3                        14    -11       20
  MONTH TO DATE  328                       355    -27      601
  SINCE MAR 1   1344                      1239    105     1464
  SINCE JUL 1   7016                      6533    483     6798

 COOLING
  YESTERDAY        0                         0      0        0
  MONTH TO DATE    0                         0      0        0
  SINCE MAR 1      0                         0      0        0
  SINCE JAN 1      0                         0      0        0
..................................................................


WIND (MPH)
  HIGHEST WIND SPEED    21   HIGHEST WIND DIRECTION     S (160)
  HIGHEST GUST SPEED    28   HIGHEST GUST DIRECTION    SE (150)
  AVERAGE WIND SPEED    11.9


SKY COVER
  POSSIBLE SUNSHINE  MM
  AVERAGE SKY COVER 0.0


WEATHER CONDITIONS
 THE FOLLOWING WEATHER WAS RECORDED YESTERDAY.
  NO SIGNIFICANT WEATHER WAS OBSERVED.


RELATIVE HUMIDITY (PERCENT)
 HIGHEST    76           400 AM
 LOWEST     21           400 PM
 AVERAGE    49

..........................................................


THE SIOUX CITY IA CLIMATE NORMALS FOR TODAY
                         NORMAL    RECORD    YEAR
 MAXIMUM TEMPERATURE (F)   65        94      1980
 MINIMUM TEMPERATURE (F)   39        23      1966
                                             1927


SUNRISE AND SUNSET
APRIL 21 2019.........SUNRISE   635 AM CDT   SUNSET   814 PM CDT
APRIL 22 2019.........SUNRISE   634 AM CDT   SUNSET   815 PM CDT


-  INDICATES NEGATIVE NUMBERS.
R  INDICATES RECORD WAS SET OR TIED.
MM INDICATES DATA IS MISSING.
T  INDICATES TRACE AMOUNT.




$$
