000
CDUS41 KBGM 260216
CLISYR


CLIMATE REPORT
NATIONAL WEATHER SERVICE BINGHAMTON NY
1016 PM EDT TUE JUN 25 2019


...................................

...THE SYRACUSE NY CLIMATE SUMMARY FOR JUNE 25 2019...
VALID AS OF 1000 PM LOCAL TIME.

CLIMATE NORMAL PERIOD 1981 TO 2010
CLIMATE RECORD PERIOD 1902 TO 2019


WEATHER ITEM   OBSERVED TIME   RECORD YEAR NORMAL DEPARTURE LAST
                VALUE   (LST)  VALUE       VALUE  FROM      YEAR
                                                  NORMAL
..................................................................
TEMPERATURE (F)
 TODAY
  MAXIMUM         84    204 PM  95    2005  80      4       72
  MINIMUM         69    859 PM  40    1979  59     10       50
  AVERAGE         77                        69      8       61

PRECIPITATION (IN)
  TODAY            0.09          1.62 1949   0.12  -0.03      T
                                      1925
  MONTH TO DATE    4.38                      2.75   1.63     2.49
  SINCE JUN 1      4.38                      2.75   1.63     2.49
  SINCE JAN 1     22.03                     16.68   5.35    16.80

SNOWFALL (IN)
  TODAY            0.0           0.0  2002   0.0    0.0      0.0
                                      2001
  MONTH TO DATE    0.0                       0.0    0.0      0.0
  SINCE JUN 1      0.0                       0.0    0.0      0.0
  SINCE JUL 1    115.0                     123.8   -8.8    153.6
  SNOW DEPTH       0

DEGREE DAYS
 HEATING
  TODAY            0                         1     -1        4
  MONTH TO DATE   47                        56     -9       46
  SINCE JUN 1     47                        56     -9       46
  SINCE JUL 1   6771                      6646    125     6639

 COOLING
  TODAY           12                         5      7        0
  MONTH TO DATE   48                        85    -37       46
  SINCE JUN 1     48                        85    -37       46
  SINCE JAN 1     61                       115    -54      105
..................................................................


WIND (MPH)
  HIGHEST WIND SPEED    25   HIGHEST WIND DIRECTION     W (280)
  HIGHEST GUST SPEED    32   HIGHEST GUST DIRECTION     W (280)
  AVERAGE WIND SPEED    11.4


SKY COVER
  POSSIBLE SUNSHINE  MM
  AVERAGE SKY COVER 0.7


WEATHER CONDITIONS
 THE FOLLOWING WEATHER WAS RECORDED TODAY.
  LIGHT RAIN
  FOG


RELATIVE HUMIDITY (PERCENT)
 HIGHEST    90           600 AM
 LOWEST     40           400 PM
 AVERAGE    65

..........................................................


THE SYRACUSE NY CLIMATE NORMALS FOR TOMORROW
                         NORMAL    RECORD    YEAR
 MAXIMUM TEMPERATURE (F)   80        96      1952
 MINIMUM TEMPERATURE (F)   59        42      1970


SUNRISE AND SUNSET
JUNE 25 2019..........SUNRISE   526 AM EDT   SUNSET   848 PM EDT
JUNE 26 2019..........SUNRISE   526 AM EDT   SUNSET   848 PM EDT


-  INDICATES NEGATIVE NUMBERS.
R  INDICATES RECORD WAS SET OR TIED.
MM INDICATES DATA IS MISSING.
T  INDICATES TRACE AMOUNT.




$$
