000
CDUS45 KPUB 251050
CLITAD


CLIMATE REPORT
NATIONAL WEATHER SERVICE PUEBLO
450 AM MDT WED APR 25 2018


...................................

...THE TRINIDAD CO CLIMATE SUMMARY FOR APRIL 24 2018...

CLIMATE NORMAL PERIOD 1981 TO 2010
CLIMATE RECORD PERIOD 9999 TO 9999


WEATHER ITEM   OBSERVED TIME   NORMAL DEPARTURE LAST
                VALUE   (LST)  VALUE  FROM      YEAR
                                      NORMAL
......................................................
TEMPERATURE (F)
 YESTERDAY
  MAXIMUM         55   1208 AM  68    -13       77
  MINIMUM         32   1159 PM  37     -5       48
  AVERAGE         44            52     -8       63

PRECIPITATION (IN)
  YESTERDAY        0.03          0.04  -0.01     0.00
  MONTH TO DATE    0.25          0.88  -0.63     1.40
  SINCE MAR 1      0.90          1.77  -0.87     3.31
  SINCE JAN 1      1.32          2.66  -1.34     4.87

DEGREE DAYS
 HEATING
  YESTERDAY       21            13      8        2
  MONTH TO DATE  387           390     -3      276
  SINCE MAR 1    976          1097   -121      747
  SINCE JUL 1   4500          5219   -719     4203

 COOLING
  YESTERDAY        0             0      0        0
  MONTH TO DATE    1             0      1        2
  SINCE MAR 1      1             0      1        3
  SINCE JAN 1      1             0      1        3
......................................................


WIND (MPH)
  HIGHEST WIND SPEED    26   HIGHEST WIND DIRECTION     N (340)
  HIGHEST GUST SPEED    40   HIGHEST GUST DIRECTION     N (350)
  AVERAGE WIND SPEED    10.7


SKY COVER
  POSSIBLE SUNSHINE  MM
  AVERAGE SKY COVER 0.9


WEATHER CONDITIONS
 THE FOLLOWING WEATHER WAS RECORDED YESTERDAY.
  LIGHT RAIN
  LIGHT SNOW
  FOG


RELATIVE HUMIDITY (PERCENT)
 HIGHEST    96           900 PM
 LOWEST     38          1200 AM
 AVERAGE    67

..........................................................




SUNRISE AND SUNSET
APRIL 25 2018.........SUNRISE   610 AM MDT   SUNSET   741 PM MDT
APRIL 26 2018.........SUNRISE   608 AM MDT   SUNSET   742 PM MDT


-  INDICATES NEGATIVE NUMBERS.
R  INDICATES RECORD WAS SET OR TIED.
MM INDICATES DATA IS MISSING.
T  INDICATES TRACE AMOUNT.




$$
