000
CDUS44 KBMX 190739
CLITCL


CLIMATE REPORT
NATIONAL WEATHER SERVICE BIRMINGHAM, AL
239 AM CDT FRI APR 19 2019


...................................

...THE TUSCALOOSA CLIMATE SUMMARY FOR APRIL 18 2019...

CLIMATE NORMAL PERIOD 1981 TO 2010
CLIMATE RECORD PERIOD 1948 TO 2019


WEATHER ITEM   OBSERVED TIME   RECORD YEAR NORMAL DEPARTURE LAST
                VALUE   (LST)  VALUE       VALUE  FROM      YEAR
                                                  NORMAL
..................................................................
TEMPERATURE (F)
 YESTERDAY
  MAXIMUM         84    108 PM  92    2006  77      7       82
  MINIMUM         63   1009 PM  33    2001  51     12       54
  AVERAGE         74                        64     10       68

PRECIPITATION (IN)
  YESTERDAY        1.91R         1.59 1988   0.15   1.76     0.00
  MONTH TO DATE    5.08                      2.60   2.48     4.62
  SINCE MAR 1      7.62                      7.14   0.48     8.44
  SINCE JAN 1     20.23                     17.81   2.42    20.24

SNOWFALL (IN)
  YESTERDAY        0.0                       0.0    0.0
  MONTH TO DATE    0.0                       0.0    0.0
  SINCE MAR 1      0.0                       0.3   -0.3
  SINCE JUL 1      T                         0.7   -0.7

DEGREE DAYS
 HEATING
  YESTERDAY        0                         3     -3
  MONTH TO DATE   51                        91    -40
  SINCE MAR 1    343                       385    -42
  SINCE JUL 1   2077                      2475   -398
..................................................................


WIND (MPH)
  HIGHEST WIND SPEED    35   HIGHEST WIND DIRECTION    SW (240)
  HIGHEST GUST SPEED    54   HIGHEST GUST DIRECTION    SW (240)
  AVERAGE WIND SPEED     9.9


SKY COVER
  AVERAGE SKY COVER 0.6


WEATHER CONDITIONS
 THE FOLLOWING WEATHER WAS RECORDED YESTERDAY.
  THUNDERSTORM
  HEAVY RAIN
  RAIN
  LIGHT RAIN
  FOG


RELATIVE HUMIDITY (PERCENT)
 HIGHEST    93          1000 PM
 LOWEST     47           200 PM
 AVERAGE    70

..........................................................


THE TUSCALOOSA CLIMATE NORMALS FOR TODAY
                         NORMAL    RECORD    YEAR
 MAXIMUM TEMPERATURE (F)   77        90      2006
 MINIMUM TEMPERATURE (F)   51        33      1983


SUNRISE AND SUNSET
APRIL 19 2019.........SUNRISE   616 AM CDT   SUNSET   724 PM CDT
APRIL 20 2019.........SUNRISE   615 AM CDT   SUNSET   725 PM CDT


-  INDICATES NEGATIVE NUMBERS.
R  INDICATES RECORD WAS SET OR TIED.
MM INDICATES DATA IS MISSING.
T  INDICATES TRACE AMOUNT.




$$
