000
CDUS42 KTAE 250634
CLITLH


CLIMATE REPORT
NATIONAL WEATHER SERVICE TALLAHASSEE FL
231 AM EDT TUE JUN 25 2019


...................................

...THE TALLAHASSEE CLIMATE SUMMARY FOR JUNE 24 2019...

CLIMATE NORMAL PERIOD 1981 TO 2010
CLIMATE RECORD PERIOD 1896 TO 2019


WEATHER ITEM   OBSERVED TIME   RECORD YEAR NORMAL DEPARTURE LAST
                VALUE   (LST)  VALUE       VALUE  FROM      YEAR
                                                  NORMAL
..................................................................
TEMPERATURE (F)
 YESTERDAY
  MAXIMUM         97    400 PM 104    1914  92      5       96
  MINIMUM         73    625 AM  60    1966  71      2       76
  AVERAGE         85                        81      4       86

PRECIPITATION (IN)
  YESTERDAY        0.00          1.95 1941   0.28  -0.28     0.00
  MONTH TO DATE    4.03                      6.12  -2.09     5.30
  SINCE JUN 1      4.03                      6.12  -2.09     5.30
  SINCE JAN 1     16.34                     27.78 -11.44    28.77

SNOWFALL (IN)
  YESTERDAY        0.0                       0.0    0.0

DEGREE DAYS
 HEATING
  YESTERDAY        0                                0
  MONTH TO DATE    0                                0
  SINCE JUN 1      0                                0
  SINCE JUL 1   1208                             -387

 COOLING
  YESTERDAY       20                                4
  MONTH TO DATE  410                               52
  SINCE JUN 1    410                               52
  SINCE JAN 1   1074                              270
..................................................................


WIND (MPH)
  HIGHEST WIND SPEED    18   HIGHEST WIND DIRECTION     W (270)
  HIGHEST GUST SPEED    24   HIGHEST GUST DIRECTION     W (270)
  AVERAGE WIND SPEED     7.1




RELATIVE HUMIDITY (PERCENT)
 HIGHEST   100
 LOWEST     48
 AVERAGE    74

..........................................................


THE TALLAHASSEE CLIMATE NORMALS FOR TODAY
                         NORMAL    RECORD    YEAR
 MAXIMUM TEMPERATURE (F)   92       101      1988
                                             1931
 MINIMUM TEMPERATURE (F)   71        62      2001
                                             1990
                                             1966


SUNRISE AND SUNSET
JUNE 25 2019..........SUNRISE   637 AM EDT   SUNSET   843 PM EDT
JUNE 26 2019..........SUNRISE   637 AM EDT   SUNSET   843 PM EDT


-  INDICATES NEGATIVE NUMBERS.
R  INDICATES RECORD WAS SET OR TIED.
MM INDICATES DATA IS MISSING.
T  INDICATES TRACE AMOUNT.




$$
