000
CDUS42 KTAE 190633
CLITLH


CLIMATE REPORT
NATIONAL WEATHER SERVICE TALLAHASSEE FL
233 AM EDT THU APR 19 2018


...................................

...THE TALLAHASSEE CLIMATE SUMMARY FOR APRIL 18 2018...

CLIMATE NORMAL PERIOD 1981 TO 2010
CLIMATE RECORD PERIOD 1896 TO 2018


WEATHER ITEM   OBSERVED TIME   RECORD YEAR NORMAL DEPARTURE LAST
                VALUE   (LST)  VALUE       VALUE  FROM      YEAR
                                                  NORMAL
..................................................................
TEMPERATURE (F)
 YESTERDAY
  MAXIMUM         88    245 PM  92    2006  80      8       88
                                      1927
  MINIMUM         45    621 AM  32    1999  53     -8       56
  AVERAGE         67                        66      1       72

PRECIPITATION (IN)
  YESTERDAY        0.00          3.40 1912   0.09  -0.09     0.00
  MONTH TO DATE    3.31                      2.04   1.27     3.14
  SINCE MAR 1     10.16                      7.98   2.18     4.33
  SINCE JAN 1     16.09                     17.17  -1.08    14.26

SNOWFALL (IN)
  YESTERDAY        0.0                       0.0    0.0

DEGREE DAYS
 HEATING
  YESTERDAY        0                               -2
  MONTH TO DATE   40                              -12
  SINCE MAR 1    252                               19
  SINCE JUL 1   1331                             -245

 COOLING
  YESTERDAY        2                               -1
  MONTH TO DATE   26                              -20
  SINCE MAR 1     65                              -21
  SINCE JAN 1    147                               47
..................................................................


WIND (MPH)
  HIGHEST WIND SPEED    22   HIGHEST WIND DIRECTION    SW (210)
  HIGHEST GUST SPEED    27   HIGHEST GUST DIRECTION    SW (210)
  AVERAGE WIND SPEED     6.0




RELATIVE HUMIDITY (PERCENT)
 HIGHEST   100
 LOWEST     24
 AVERAGE    62

..........................................................


THE TALLAHASSEE CLIMATE NORMALS FOR TODAY
                         NORMAL    RECORD    YEAR
 MAXIMUM TEMPERATURE (F)   81        92      1942
 MINIMUM TEMPERATURE (F)   53        33      2001


SUNRISE AND SUNSET
APRIL 19 2018.........SUNRISE   706 AM EDT   SUNSET   808 PM EDT
APRIL 20 2018.........SUNRISE   705 AM EDT   SUNSET   808 PM EDT


-  INDICATES NEGATIVE NUMBERS.
R  INDICATES RECORD WAS SET OR TIED.
MM INDICATES DATA IS MISSING.
T  INDICATES TRACE AMOUNT.




$$
