000
CDUS44 KBMX 200737
CLITOI


CLIMATE REPORT
NATIONAL WEATHER SERVICE BIRMINGHAM, AL
237 AM CDT THU JUN 20 2019


...................................

...THE TROY CLIMATE SUMMARY FOR JUNE 19 2019...

CLIMATE NORMAL PERIOD 1981 TO 2010
CLIMATE RECORD PERIOD 9999 TO 9999


WEATHER ITEM   OBSERVED TIME   RECORD YEAR NORMAL DEPARTURE LAST
                VALUE   (LST)  VALUE       VALUE  FROM      YEAR
                                                  NORMAL
..................................................................
TEMPERATURE (F)
 YESTERDAY
  MAXIMUM         88   1205 PM  MM      MM  90     -2       94
  MINIMUM         72    505 AM  MM      MM  68      4       69
  AVERAGE         80                        79      1       82

PRECIPITATION (IN)
  YESTERDAY        0.48                      0.18   0.30     0.00
  MONTH TO DATE    4.32                      3.03   1.29     3.57
  SINCE JUN 1      4.32                      3.03   1.29     3.57
  SINCE JAN 1     22.15                     25.86  -3.71    19.26

DEGREE DAYS
 COOLING
  YESTERDAY       15                        14      1       17
  MONTH TO DATE  242                       229     13      251
  SINCE JUN 1    242                       229     13      251
  SINCE JAN 1    669                       516    153      660
..................................................................


WIND (MPH)
  HIGHEST WIND SPEED    20   HIGHEST WIND DIRECTION    NW (310)
  HIGHEST GUST SPEED    24   HIGHEST GUST DIRECTION    NW (310)
  AVERAGE WIND SPEED     4.8


SKY COVER
  AVERAGE SKY COVER 0.6


WEATHER CONDITIONS
 THE FOLLOWING WEATHER WAS RECORDED YESTERDAY.
  THUNDERSTORM
  HEAVY RAIN
  LIGHT RAIN
  FOG
  HAZE


RELATIVE HUMIDITY (PERCENT)
 HIGHEST   100           500 AM
 LOWEST     63          1200 PM
 AVERAGE    82

..........................................................


THE TROY CLIMATE NORMALS FOR TODAY
                         NORMAL    RECORD    YEAR
 MAXIMUM TEMPERATURE (F)   90        MM        MM
 MINIMUM TEMPERATURE (F)   68        MM        MM


SUNRISE AND SUNSET
JUNE 20 2019..........SUNRISE   539 AM CDT   SUNSET   753 PM CDT
JUNE 21 2019..........SUNRISE   539 AM CDT   SUNSET   753 PM CDT


-  INDICATES NEGATIVE NUMBERS.
R  INDICATES RECORD WAS SET OR TIED.
MM INDICATES DATA IS MISSING.
T  INDICATES TRACE AMOUNT.




$$
