000
CDUS41 KCLE 260538
CLITOL


CLIMATE REPORT
NATIONAL WEATHER SERVICE CLEVELAND OH
138 AM EDT FRI APR 26 2019


...................................

...THE TOLEDO OH CLIMATE SUMMARY FOR APRIL 25 2019...

CLIMATE NORMAL PERIOD 1981 TO 2010
CLIMATE RECORD PERIOD 1873 TO 2019


WEATHER ITEM   OBSERVED TIME   RECORD YEAR NORMAL DEPARTURE LAST
                VALUE   (LST)  VALUE       VALUE  FROM      YEAR
                                                  NORMAL
..................................................................
TEMPERATURE (F)
 YESTERDAY
  MAXIMUM         65    316 PM  88    1990  64      1       64
  MINIMUM         47    255 AM  21    1974  42      5       43
  AVERAGE         56                        53      3       54

PRECIPITATION (IN)
  YESTERDAY        0.39                      0.11   0.28     0.01
  MONTH TO DATE    3.26                      2.67   0.59     2.36
  SINCE MAR 1      6.79                      5.15   1.64     5.53
  SINCE JAN 1     11.16                      9.27   1.89    10.52

SNOWFALL (IN)
  YESTERDAY        0.0                       0.0    0.0      0.0
  MONTH TO DATE    0.0                       1.2   -1.2      1.6
  SINCE MAR 1      3.8                       6.9   -3.1      3.5
  SINCE JUL 1     25.7                      37.4  -11.7     34.3
  SNOW DEPTH       0

DEGREE DAYS
 HEATING
  YESTERDAY        9                        12     -3       11
  MONTH TO DATE  338                       419    -81      572
  SINCE MAR 1   1249                      1269    -20     1491
  SINCE JUL 1   5668                      5845   -177     5895

 COOLING
  YESTERDAY        0                         0      0        0
  MONTH TO DATE    1                         0      1        0
  SINCE MAR 1      1                         0      1        0
  SINCE JAN 1      1                         0      1        0
..................................................................


WIND (MPH)
  HIGHEST WIND SPEED    12   HIGHEST WIND DIRECTION     E (80)
  HIGHEST GUST SPEED    13   HIGHEST GUST DIRECTION     E (70)
  AVERAGE WIND SPEED     3.7


SKY COVER
  POSSIBLE SUNSHINE  MM
  AVERAGE SKY COVER 1.0


WEATHER CONDITIONS
 THE FOLLOWING WEATHER WAS RECORDED YESTERDAY.
  RAIN
  LIGHT RAIN
  FOG


RELATIVE HUMIDITY (PERCENT)
 HIGHEST    93          1000 PM
 LOWEST     52           100 AM
 AVERAGE    73

..........................................................


THE TOLEDO OH CLIMATE NORMALS FOR TODAY
                         NORMAL    RECORD    YEAR
 MAXIMUM TEMPERATURE (F)   64        89      1915
 MINIMUM TEMPERATURE (F)   42        25      1972


SUNRISE AND SUNSET
APRIL 26 2019.........SUNRISE   639 AM EDT   SUNSET   828 PM EDT
APRIL 27 2019.........SUNRISE   638 AM EDT   SUNSET   829 PM EDT


-  INDICATES NEGATIVE NUMBERS.
R  INDICATES RECORD WAS SET OR TIED.
MM INDICATES DATA IS MISSING.
T  INDICATES TRACE AMOUNT.




$$
