000
CDUS43 KTOP 192133
CLITOP


CLIMATE REPORT
NATIONAL WEATHER SERVICE TOPEKA KS
432 PM CDT FRI APR 19 2019


...................................

...THE TOPEKA KS CLIMATE SUMMARY FOR APRIL 19 2019...
VALID TODAY AS OF 430 PM LOCAL TIME.

CLIMATE NORMAL PERIOD 1981 TO 2010
CLIMATE RECORD PERIOD 1887 TO 2019


WEATHER ITEM   OBSERVED TIME   RECORD YEAR NORMAL DEPARTURE LAST
                VALUE   (LST)  VALUE       VALUE  FROM      YEAR
                                                  NORMAL
..................................................................
TEMPERATURE (F)
 TODAY
  MAXIMUM         65    259 PM  91    1987  68     -3       61
  MINIMUM         42    553 AM  27    1953  45     -3       33
  AVERAGE         54                        56     -2       47

PRECIPITATION (IN)
  TODAY            0.00          3.19 2003   0.11  -0.11     0.00
  MONTH TO DATE    0.35                      2.06  -1.71     0.40
  SINCE MAR 1      3.07                      4.55  -1.48     1.45
  SINCE JAN 1      6.56                      6.73  -0.17     3.20

SNOWFALL (IN)
  TODAY            0.0           T    1993   0.0    0.0      0.0
  MONTH TO DATE    0.0                       0.3   -0.3      0.7
  SINCE JAN 1     18.5                      11.3    7.2      6.0
  SINCE JUL 1     27.1                      17.8    9.3      8.1
  SNOW DEPTH       0

DEGREE DAYS
 HEATING
  TODAY           11                        10      1       18
  MONTH TO DATE  159                       235    -76      409
  SINCE MAR 1    887                       863     24     1000
  SINCE JUL 1   5066                      4830    236     4780

 COOLING
  TODAY            0                         1     -1        0
  MONTH TO DATE   13                        12      1        2
  SINCE MAR 1     13                        15     -2        2
  SINCE JAN 1     13                        15     -2        2
..................................................................


WIND (MPH)
  HIGHEST WIND SPEED    23   HIGHEST WIND DIRECTION     N (10)
  HIGHEST GUST SPEED    33   HIGHEST GUST DIRECTION     N (10)
  AVERAGE WIND SPEED    12.7



WEATHER CONDITIONS
 THE FOLLOWING WEATHER WAS RECORDED TODAY.
  NO SIGNIFICANT WEATHER WAS OBSERVED.


RELATIVE HUMIDITY (PERCENT)
 HIGHEST    82           500 AM
 LOWEST     31           300 PM
 AVERAGE    57

..........................................................


THE TOPEKA KS CLIMATE NORMALS FOR TOMORROW
                         NORMAL    RECORD    YEAR
 MAXIMUM TEMPERATURE (F)   68        94      1902
 MINIMUM TEMPERATURE (F)   45        24      1953


SUNRISE AND SUNSET
APRIL 19 2019.........SUNRISE   640 AM CDT   SUNSET   804 PM CDT
APRIL 20 2019.........SUNRISE   639 AM CDT   SUNSET   805 PM CDT


-  INDICATES NEGATIVE NUMBERS.
R  INDICATES RECORD WAS SET OR TIED.
MM INDICATES DATA IS MISSING.
T  INDICATES TRACE AMOUNT.




$$
