000
CDUS43 KTOP 160634
CLITOP


CLIMATE REPORT
NATIONAL WEATHER SERVICE TOPEKA KS
133 AM CDT SUN JUN 16 2019


...................................

...THE TOPEKA KS CLIMATE SUMMARY FOR JUNE 15 2019...

CLIMATE NORMAL PERIOD 1981 TO 2010
CLIMATE RECORD PERIOD 1887 TO 2019


WEATHER ITEM   OBSERVED TIME   RECORD YEAR NORMAL DEPARTURE LAST
                VALUE   (LST)  VALUE       VALUE  FROM      YEAR
                                                  NORMAL
..................................................................
TEMPERATURE (F)
 YESTERDAY
  MAXIMUM         89    430 PM 104    1946  85      4       97
  MINIMUM         69    714 AM  48    1917  64      5       78
  AVERAGE         79                        74      5       88

PRECIPITATION (IN)
  YESTERDAY        0.10          3.10 1943   0.19  -0.09     0.00
  MONTH TO DATE    0.85                      2.72  -1.87     1.63
  SINCE JUN 1      0.85                      2.72  -1.87     1.63
  SINCE JAN 1     20.01                     15.83   4.18     9.29

SNOWFALL (IN)
  YESTERDAY        0.0           T    1951   0.0    0.0      0.0
  MONTH TO DATE    0.0                       0.0    0.0      0.0
  SINCE JAN 1     18.5                      11.3    7.2      6.0
  SINCE JUL 1     27.1                      17.8    9.3      8.1
  SNOW DEPTH       0

DEGREE DAYS
 HEATING
  YESTERDAY        0                         0      0        0
  MONTH TO DATE    0                         6     -6        0
  SINCE JUN 1      0                         6     -6        0
  SINCE JUL 1   5252                      5019    233     4870

 COOLING
  YESTERDAY       14                         9      5       23
  MONTH TO DATE  120                       114      6      224
  SINCE JUN 1    120                       114      6      224
  SINCE JAN 1    232                       240     -8      540
..................................................................


WIND (MPH)
  HIGHEST WIND SPEED    23   HIGHEST WIND DIRECTION    SW (210)
  HIGHEST GUST SPEED    34   HIGHEST GUST DIRECTION    SW (210)
  AVERAGE WIND SPEED     9.3


SKY COVER
  AVERAGE SKY COVER 0.3


WEATHER CONDITIONS
 THE FOLLOWING WEATHER WAS RECORDED YESTERDAY.
  THUNDERSTORM
  LIGHT RAIN


RELATIVE HUMIDITY (PERCENT)
 HIGHEST    84           600 AM
 LOWEST     44          1200 PM
 AVERAGE    64

..........................................................


THE TOPEKA KS CLIMATE NORMALS FOR TODAY
                         NORMAL    RECORD    YEAR
 MAXIMUM TEMPERATURE (F)   85       103      1946
 MINIMUM TEMPERATURE (F)   64        49      1942


SUNRISE AND SUNSET
JUNE 16 2019..........SUNRISE   556 AM CDT   SUNSET   850 PM CDT
JUNE 17 2019..........SUNRISE   556 AM CDT   SUNSET   851 PM CDT


-  INDICATES NEGATIVE NUMBERS.
R  INDICATES RECORD WAS SET OR TIED.
MM INDICATES DATA IS MISSING.
T  INDICATES TRACE AMOUNT.




$$
