000
CDUS42 KTBW 190831
CLITPA


CLIMATE REPORT
NATIONAL WEATHER SERVICE TAMPA BAY FL
429 AM EDT FRI APR 19 2019


...................................

...THE TAMPA CLIMATE SUMMARY FOR APRIL 18 2019...

CLIMATE NORMAL PERIOD 1981 TO 2010
CLIMATE RECORD PERIOD 1890 TO 2019


WEATHER ITEM   OBSERVED TIME   RECORD YEAR NORMAL DEPARTURE LAST
                VALUE   (LST)  VALUE       VALUE  FROM      YEAR
                                                  NORMAL
..................................................................
TEMPERATURE (F)
 YESTERDAY
  MAXIMUM         88    355 PM  89    2013  81      7       85
                                      1990
                                      1960
  MINIMUM         70    642 AM  47    1905  63      7       57
  AVERAGE         79                        72      7       71

PRECIPITATION (IN)
  YESTERDAY        0.01          1.82 1899   0.07  -0.06     0.00
  MONTH TO DATE    1.70                      1.31   0.39     2.16
  SINCE MAR 1      3.57                      4.34  -0.77     2.51
  SINCE JAN 1     10.69                      9.38   1.31    10.22

DEGREE DAYS
 HEATING
  YESTERDAY        0                         0      0        0
  MONTH TO DATE    0                         9     -9        0
  SINCE MAR 1     27                        65    -38       67
  SINCE JUL 1    332                       536   -204      338

 COOLING
  YESTERDAY       14                         8      6        6
  MONTH TO DATE  187                       114     73      168
  SINCE MAR 1    351                       240    111      276
  SINCE JAN 1    581                       353    228      593
..................................................................


WIND (MPH)
  RESULTANT WIND SPEED   8   RESULTANT WIND DIRECTION   S (170)
  HIGHEST WIND SPEED    17   HIGHEST WIND DIRECTION     S (190)
  HIGHEST GUST SPEED    24   HIGHEST GUST DIRECTION     S (200)
  AVERAGE WIND SPEED     9.9


SKY COVER
  POSSIBLE SUNSHINE  MM
  AVERAGE SKY COVER 0.3


WEATHER CONDITIONS
 THE FOLLOWING WEATHER WAS RECORDED YESTERDAY.
  NO SIGNIFICANT WEATHER WAS OBSERVED.


RELATIVE HUMIDITY (PERCENT)
 HIGHEST    79           900 PM
 LOWEST     46           300 PM
 AVERAGE    63

..........................................................


THE TAMPA CLIMATE NORMALS FOR TODAY
                         NORMAL    RECORD    YEAR
 MAXIMUM TEMPERATURE (F)   82        90      2011
                                             1967
 MINIMUM TEMPERATURE (F)   64        48      2001


SUNRISE AND SUNSET
APRIL 19 2019.........SUNRISE   701 AM EDT   SUNSET   758 PM EDT
APRIL 20 2019.........SUNRISE   700 AM EDT   SUNSET   758 PM EDT


-  INDICATES NEGATIVE NUMBERS.
R  INDICATES RECORD WAS SET OR TIED.
MM INDICATES DATA IS MISSING.
T  INDICATES TRACE AMOUNT.




$$


&&
------------------------------------------------------------------
******************** SUPPLEMENTAL DATA ***************************

...RUSKIN                HIGH 90    LOW 64    PCPN 0.00
...SARASOTA/BRADENTON    HIGH 88    LOW 64    PCPN 0.00
...ST. PETERSBURG        HIGH 81    LOW 71    PCPN 0.00
...GULF WATER TEMPERATURE AT CLEARWATER BEACH 78 DEGREES
