000
CDUS42 KTBW 190829
CLITPA


CLIMATE REPORT
NATIONAL WEATHER SERVICE TAMPA BAY FL
427 AM EDT WED JUN 19 2019


...................................

...THE TAMPA CLIMATE SUMMARY FOR JUNE 18 2019...

CLIMATE NORMAL PERIOD 1981 TO 2010
CLIMATE RECORD PERIOD 1890 TO 2019


WEATHER ITEM   OBSERVED TIME   RECORD YEAR NORMAL DEPARTURE LAST
                VALUE   (LST)  VALUE       VALUE  FROM      YEAR
                                                  NORMAL
..................................................................
TEMPERATURE (F)
 YESTERDAY
  MAXIMUM         90    248 PM  96    2009  90      0       91
                                      1998
                                      1975
  MINIMUM         77   1051 PM  65    1933  75      2       79
  AVERAGE         84                        82      2       85

PRECIPITATION (IN)
  YESTERDAY        0.35          3.21 1972   0.25   0.10     0.07
  MONTH TO DATE    6.88                      3.44   3.44     0.51
  SINCE JUN 1      6.88                      3.44   3.44     0.51
  SINCE JAN 1     23.33                     15.64   7.69    18.46

DEGREE DAYS
 HEATING
  YESTERDAY        0                         0      0        0
  MONTH TO DATE    0                         0      0        0
  SINCE JUN 1      0                         0      0        0
  SINCE JUL 1    332                       538   -206      338

 COOLING
  YESTERDAY       19                        17      2       20
  MONTH TO DATE  328                       303     25      332
  SINCE JUN 1    328                       303     25      332
  SINCE JAN 1   1545                      1180    365     1493
..................................................................


WIND (MPH)
  RESULTANT WIND SPEED   8   RESULTANT WIND DIRECTION   S (200)
  HIGHEST WIND SPEED    24   HIGHEST WIND DIRECTION    SW (220)
  HIGHEST GUST SPEED    32   HIGHEST GUST DIRECTION    SW (240)
  AVERAGE WIND SPEED     9.7


SKY COVER
  POSSIBLE SUNSHINE  MM
  AVERAGE SKY COVER 0.7


WEATHER CONDITIONS
 THE FOLLOWING WEATHER WAS RECORDED YESTERDAY.
  THUNDERSTORM
  HEAVY RAIN
  RAIN
  LIGHT RAIN
  FOG
  HAZE


RELATIVE HUMIDITY (PERCENT)
 HIGHEST    91           900 PM
 LOWEST     59           200 PM
 AVERAGE    75

..........................................................


THE TAMPA CLIMATE NORMALS FOR TODAY
                         NORMAL    RECORD    YEAR
 MAXIMUM TEMPERATURE (F)   90        95      2009
                                             2000
                                             1998
 MINIMUM TEMPERATURE (F)   75        65      1899


SUNRISE AND SUNSET
JUNE 19 2019..........SUNRISE   634 AM EDT   SUNSET   829 PM EDT
JUNE 20 2019..........SUNRISE   634 AM EDT   SUNSET   829 PM EDT


-  INDICATES NEGATIVE NUMBERS.
R  INDICATES RECORD WAS SET OR TIED.
MM INDICATES DATA IS MISSING.
T  INDICATES TRACE AMOUNT.




$$


&&
------------------------------------------------------------------
******************** SUPPLEMENTAL DATA ***************************

...RUSKIN                HIGH 89    LOW 74    PCPN 0.00
...SARASOTA/BRADENTON    HIGH 89    LOW 75    PCPN 0.45
...ST. PETERSBURG        HIGH MM    LOW MM    PCPN MM
...GULF WATER TEMPERATURE AT CLEARWATER BEACH 87 DEGREES
