000
CDUS45 KLKN 200028
CLITPH


CLIMATE REPORT
NATIONAL WEATHER SERVICE ELKO NV
528 PM PDT FRI APR 19 2019


...................................

...THE TONOPAH AIRPORT NV CLIMATE SUMMARY FOR APRIL 19 2019...
VALID TODAY AS OF 0500 PM LOCAL TIME.

CLIMATE NORMAL PERIOD 1981 TO 2010
CLIMATE RECORD PERIOD 1954 TO 2019


WEATHER ITEM   OBSERVED TIME   RECORD YEAR NORMAL DEPARTURE LAST
                VALUE   (LST)  VALUE       VALUE  FROM      YEAR
                                                  NORMAL
..................................................................
TEMPERATURE (F)
 TODAY
  MAXIMUM         76    359 PM  84    1989  65     11       48
  MINIMUM         43    527 AM  18    2007  35      8       33
  AVERAGE         60                        50     10       41

PRECIPITATION (IN)
  TODAY            0.00          0.42 1964   0.02  -0.02      T
  MONTH TO DATE    0.11                      0.28  -0.17      T
  SINCE OCT 1      3.12                      2.95   0.17     0.73
  SINCE JAN 1      2.32                      1.86   0.46     0.72

DEGREE DAYS
 HEATING
  TODAY            5                        15    -10       24
  MONTH TO DATE  280                       325    -45      260
  SINCE MAR 1    965                      1010    -45      984
  SINCE JUL 1   4817                      5052   -235     4564

 COOLING
  TODAY            0                         0      0        0
  MONTH TO DATE    0                         0      0        0
  SINCE MAR 1      0                         0      0        0
  SINCE JAN 1      0                         0      0        0
..................................................................


WIND (MPH)
  HIGHEST WIND SPEED    22   HIGHEST WIND DIRECTION     S (190)
  HIGHEST GUST SPEED    26   HIGHEST GUST DIRECTION     S (190)



WEATHER CONDITIONS
 THE FOLLOWING WEATHER WAS RECORDED TODAY.
  NO SIGNIFICANT WEATHER WAS OBSERVED.


RELATIVE HUMIDITY (PERCENT)
 HIGHEST    53           500 AM
 LOWEST     12           200 PM
 AVERAGE    33

..........................................................


THE TONOPAH AIRPORT NV CLIMATE NORMALS FOR TOMORROW
                         NORMAL    RECORD    YEAR
 MAXIMUM TEMPERATURE (F)   66        83      1994
 MINIMUM TEMPERATURE (F)   36        16      1966


SUNRISE AND SUNSET
APRIL 19 2019.........SUNRISE   608 AM PDT   SUNSET   728 PM PDT
APRIL 20 2019.........SUNRISE   606 AM PDT   SUNSET   729 PM PDT


-  INDICATES NEGATIVE NUMBERS.
R  INDICATES RECORD WAS SET OR TIED.
MM INDICATES DATA IS MISSING.
T  INDICATES TRACE AMOUNT.




$$
