000
CDUS45 KLKN 160927
CLITPH


CLIMATE REPORT
NATIONAL WEATHER SERVICE ELKO NV
226 AM PDT SUN JUN 16 2019


...................................

...THE TONOPAH AIRPORT NV CLIMATE SUMMARY FOR JUNE 15 2019...

CLIMATE NORMAL PERIOD 1981 TO 2010
CLIMATE RECORD PERIOD 1954 TO 2019


WEATHER ITEM   OBSERVED TIME   RECORD YEAR NORMAL DEPARTURE LAST
                VALUE   (LST)  VALUE       VALUE  FROM      YEAR
                                                  NORMAL
..................................................................
TEMPERATURE (F)
 YESTERDAY
  MAXIMUM         89    305 PM  96    1989  85      4       90
  MINIMUM         55    443 AM  33    1992  51      4       56
  AVERAGE         72                        68      4       73

PRECIPITATION (IN)
  YESTERDAY        0.01          0.21 1962   0.01   0.00     0.00
  MONTH TO DATE    0.14                      0.19  -0.05     0.00
  SINCE OCT 1      5.32                      3.81   1.51     1.38
  SINCE JAN 1      4.52                      2.72   1.80     1.37

DEGREE DAYS
 HEATING
  YESTERDAY        0                         1     -1        0
  MONTH TO DATE   25                        40    -15        3
  SINCE JUN 1     25                        40    -15        3
  SINCE JUL 1   5254                      5451   -197     4804

 COOLING
  YESTERDAY        7                         4      3        8
  MONTH TO DATE   55                        51      4       94
  SINCE JUN 1     55                        51      4       94
  SINCE JAN 1     56                        78    -22      128
..................................................................


WIND (MPH)
  HIGHEST WIND SPEED    46   HIGHEST WIND DIRECTION     W (260)
  HIGHEST GUST SPEED    56   HIGHEST GUST DIRECTION     W (250)
  AVERAGE WIND SPEED     8.8



WEATHER CONDITIONS
 THE FOLLOWING WEATHER WAS RECORDED YESTERDAY.
  THUNDERSTORM
  LIGHT RAIN


RELATIVE HUMIDITY (PERCENT)
 HIGHEST    51           900 PM
 LOWEST     12           300 PM
 AVERAGE    32

..........................................................


THE TONOPAH AIRPORT NV CLIMATE NORMALS FOR TODAY
                         NORMAL    RECORD    YEAR
 MAXIMUM TEMPERATURE (F)   85        97      1985
                                             1960
 MINIMUM TEMPERATURE (F)   52        37      1995


SUNRISE AND SUNSET
JUNE 16 2019..........SUNRISE   525 AM PDT   SUNSET   813 PM PDT
JUNE 17 2019..........SUNRISE   525 AM PDT   SUNSET   813 PM PDT


-  INDICATES NEGATIVE NUMBERS.
R  INDICATES RECORD WAS SET OR TIED.
MM INDICATES DATA IS MISSING.
T  INDICATES TRACE AMOUNT.




$$
