000
CDUS44 KMRX 180828
CLITRI


CLIMATE REPORT
NATIONAL WEATHER SERVICE MORRISTOWN TN
428 AM EDT THU JUL 18 2019


...................................

...THE TRI-CITIES      ASOS CLIMATE SUMMARY FOR JULY 17 2019...

CLIMATE NORMAL PERIOD 1981 TO 2010
CLIMATE RECORD PERIOD 1937 TO 2019


WEATHER ITEM   OBSERVED TIME   RECORD YEAR NORMAL DEPARTURE LAST
                VALUE   (LST)  VALUE       VALUE  FROM      YEAR
                                                  NORMAL
..................................................................
TEMPERATURE (F)
 YESTERDAY
  MAXIMUM         81    419 PM  94    1980  86     -5       89
                                      1943
                                      1942
  MINIMUM         68    604 AM  52    2014  64      4       69
  AVERAGE         75                        75      0       79

PRECIPITATION (IN)
  YESTERDAY        0.34          1.58 2013   0.16   0.18     0.94
  MONTH TO DATE    1.58                      2.56  -0.98     1.44
  SINCE JUN 1      9.25                      6.46   2.79     5.20
  SINCE JAN 1     35.06                     23.85  11.21    29.55

SNOWFALL (IN)
  YESTERDAY        0.0                       0.0    0.0      0.0
  MONTH TO DATE    0.0                       0.0    0.0      0.0
  SINCE JUN 1      0.0                       0.0    0.0      0.0
  SINCE JUL 1      0.0                       0.0    0.0      0.0
  SNOW DEPTH       0

DEGREE DAYS
 HEATING
  YESTERDAY        0                         0      0        0
  MONTH TO DATE    0                         0      0        0
  SINCE JUN 1      6                        11     -5        0
  SINCE JUL 1      0                         0      0        0

 COOLING
  YESTERDAY       10                        10      0       14
  MONTH TO DATE  224                       167     57      237
  SINCE JUN 1    435                       373     62      539
  SINCE JAN 1    622                       446    176      721
..................................................................


WIND (MPH)
  HIGHEST WIND SPEED    18   HIGHEST WIND DIRECTION    SW (220)
  HIGHEST GUST SPEED    23   HIGHEST GUST DIRECTION    SW (220)
  AVERAGE WIND SPEED     4.9


SKY COVER
  POSSIBLE SUNSHINE  MM
  AVERAGE SKY COVER 0.8


WEATHER CONDITIONS
 THE FOLLOWING WEATHER WAS RECORDED YESTERDAY.
  HEAVY RAIN
  RAIN
  LIGHT RAIN
  FOG
  HAZE


RELATIVE HUMIDITY (PERCENT)
 HIGHEST    93           400 AM
 LOWEST     69           500 PM
 AVERAGE    81

..........................................................


THE TRI-CITIES      ASOS CLIMATE NORMALS FOR TODAY
                         NORMAL    RECORD    YEAR
 MAXIMUM TEMPERATURE (F)   86        93      2017
                                             2010
                                             2006
 MINIMUM TEMPERATURE (F)   64        54      1976


SUNRISE AND SUNSET
JULY 18 2019..........SUNRISE   625 AM EDT   SUNSET   846 PM EDT
JULY 19 2019..........SUNRISE   626 AM EDT   SUNSET   846 PM EDT


-  INDICATES NEGATIVE NUMBERS.
R  INDICATES RECORD WAS SET OR TIED.
MM INDICATES DATA IS MISSING.
T  INDICATES TRACE AMOUNT.




$$
