000
CDUS44 KMRX 260816
CLITRI


CLIMATE REPORT
NATIONAL WEATHER SERVICE MORRISTOWN TN
415 AM EDT FRI APR 26 2019


...................................

...THE TRI-CITIES      ASOS CLIMATE SUMMARY FOR APRIL 25 2019...

CLIMATE NORMAL PERIOD 1981 TO 2010
CLIMATE RECORD PERIOD 1937 TO 2019


WEATHER ITEM   OBSERVED TIME   RECORD YEAR NORMAL DEPARTURE LAST
                VALUE   (LST)  VALUE       VALUE  FROM      YEAR
                                                  NORMAL
..................................................................
TEMPERATURE (F)
 YESTERDAY
  MAXIMUM         74    219 PM  87    1960  71      3       65
  MINIMUM         51    313 AM  31    1969  45      6       54
                                      1967
  AVERAGE         63                        58      5       60

PRECIPITATION (IN)
  YESTERDAY        T             1.99 1975   0.12  -0.12      T
  MONTH TO DATE    4.54                      2.76   1.78     2.86
  SINCE MAR 1      8.23                      6.20   2.03     7.27
  SINCE JAN 1     22.39                     13.02   9.37    16.39

SNOWFALL (IN)
  YESTERDAY        0.0                       0.0    0.0      0.0
  MONTH TO DATE    0.0                       1.0   -1.0      0.2
  SINCE MAR 1      0.0                       2.4   -2.4      2.4
  SINCE JUL 1     13.7                      13.2    0.5      7.1
  SNOW DEPTH       0

DEGREE DAYS
 HEATING
  YESTERDAY        2                         8     -6        5
  MONTH TO DATE  175                       270    -95      323
  SINCE MAR 1    774                       838    -64      925
  SINCE JUL 1   3713                      4220   -507     3979

 COOLING
  YESTERDAY        0                         1     -1        0
  MONTH TO DATE   10                         4      6        1
  SINCE MAR 1     10                         5      5        3
  SINCE JAN 1     12                         5      7       12
..................................................................


WIND (MPH)
  HIGHEST WIND SPEED    16   HIGHEST WIND DIRECTION     S (190)
  HIGHEST GUST SPEED    19   HIGHEST GUST DIRECTION     S (180)
  AVERAGE WIND SPEED     3.5


SKY COVER
  POSSIBLE SUNSHINE  MM
  AVERAGE SKY COVER 0.8


WEATHER CONDITIONS
 THE FOLLOWING WEATHER WAS RECORDED YESTERDAY.
  NO SIGNIFICANT WEATHER WAS OBSERVED.


RELATIVE HUMIDITY (PERCENT)
 HIGHEST    84           900 PM
 LOWEST     53          1200 PM
 AVERAGE    69

..........................................................


THE TRI-CITIES      ASOS CLIMATE NORMALS FOR TODAY
                         NORMAL    RECORD    YEAR
 MAXIMUM TEMPERATURE (F)   71        88      1986
                                             1960
                                             1948
 MINIMUM TEMPERATURE (F)   45        31      1972


SUNRISE AND SUNSET
APRIL 26 2019.........SUNRISE   642 AM EDT   SUNSET   813 PM EDT
APRIL 27 2019.........SUNRISE   641 AM EDT   SUNSET   814 PM EDT


-  INDICATES NEGATIVE NUMBERS.
R  INDICATES RECORD WAS SET OR TIED.
MM INDICATES DATA IS MISSING.
T  INDICATES TRACE AMOUNT.




$$
