000
CDUS46 KSGX 201125
CLITRM


CLIMATE REPORT
NATIONAL WEATHER SERVICE SAN DIEGO, CA
425 AM PDT FRI APR 20 2018


...................................

...THE THERMAL AIRPORT CA CLIMATE SUMMARY FOR APRIL 19 2018...

CLIMATE NORMAL PERIOD 1981 TO 2010
CLIMATE RECORD PERIOD 1950 TO 2018


WEATHER ITEM   OBSERVED TIME   RECORD YEAR NORMAL DEPARTURE LAST
                VALUE   (LST)  VALUE       VALUE  FROM      YEAR
                                                  NORMAL
..................................................................
TEMPERATURE (F)
 YESTERDAY
  MAXIMUM         79    249 PM 104    1999  88     -9       93
  MINIMUM         60    531 AM  41    2013  54      6       68
                                      1995
  AVERAGE         70                        71     -1       81

PRECIPITATION (IN)
  YESTERDAY        0.00          0.01 1951   0.00   0.00     0.00
  MONTH TO DATE    0.00                      0.05  -0.05     0.00
  SINCE OCT 1      0.41                      2.57  -2.16     3.69
  SINCE JAN 1      0.41                      1.76  -1.35     2.01

DEGREE DAYS
 HEATING
  YESTERDAY        0                         0      0        0
  MONTH TO DATE    0                        19    -19        0
  SINCE MAR 1     48                       111    -63       34
  SINCE JUL 1    611                      1176   -565      899

 COOLING
  YESTERDAY        5                         7     -2       16
  MONTH TO DATE  209                        94    115      159
  SINCE MAR 1    325                       156    169      349
  SINCE JAN 1    356                       168    188      381
..................................................................


WIND (MPH)
  RESULTANT WIND SPEED  14   RESULTANT WIND DIRECTION   N (340)
  HIGHEST WIND SPEED    25   HIGHEST WIND DIRECTION    NW (330)
  HIGHEST GUST SPEED    39   HIGHEST GUST DIRECTION    NW (330)
  AVERAGE WIND SPEED    14.9


SKY COVER
  POSSIBLE SUNSHINE  MM
  AVERAGE SKY COVER 0.0


WEATHER CONDITIONS
 THE FOLLOWING WEATHER WAS RECORDED YESTERDAY.
  HAZE


RELATIVE HUMIDITY (PERCENT)
 HIGHEST    39           500 AM
 LOWEST     14           200 PM
 AVERAGE    27

..........................................................


THE THERMAL AIRPORT CA CLIMATE NORMALS FOR TODAY
                         NORMAL    RECORD    YEAR
 MAXIMUM TEMPERATURE (F)   88       106      1958
 MINIMUM TEMPERATURE (F)   54        40      2000


SUNRISE AND SUNSET
APRIL 20 2018.........SUNRISE   608 AM PDT   SUNSET   720 PM PDT
APRIL 21 2018.........SUNRISE   607 AM PDT   SUNSET   720 PM PDT


-  INDICATES NEGATIVE NUMBERS.
R  INDICATES RECORD WAS SET OR TIED.
MM INDICATES DATA IS MISSING.
T  INDICATES TRACE AMOUNT.




$$
