000
CDUS46 KSGX 170018
CLITRM


CLIMATE REPORT
NATIONAL WEATHER SERVICE SAN DIEGO, CA
518 PM PDT SUN JUN 16 2019


...................................

...THE THERMAL AIRPORT CA CLIMATE SUMMARY FOR JUNE 16 2019...
VALID TODAY AS OF 0500 PM LOCAL TIME.

CLIMATE NORMAL PERIOD 1981 TO 2010
CLIMATE RECORD PERIOD 1950 TO 2019


WEATHER ITEM   OBSERVED TIME   RECORD YEAR NORMAL DEPARTURE LAST
                VALUE   (LST)  VALUE       VALUE  FROM      YEAR
                                                  NORMAL
..................................................................
TEMPERATURE (F)
 TODAY
  MAXIMUM        104    332 PM 115    1974 103      1      101
  MINIMUM         73    322 AM  57    2002  67      6       72
                                      1994
  AVERAGE         89                        85      4       87

PRECIPITATION (IN)
  TODAY            0.00          0.00 2002   0.00   0.00     0.00
                                      2000
  MONTH TO DATE    T                         0.01  -0.01     0.00
  SINCE OCT 1      3.28                      2.62   0.66     0.41
  SINCE JAN 1      2.04                      1.81   0.23     0.41

DEGREE DAYS
 HEATING
  TODAY            0                         0      0        0
  MONTH TO DATE    0                         0      0        0
  SINCE JUN 1      0                         0      0        0
  SINCE JUL 1    931                      1181   -250      611

 COOLING
  TODAY           24                        20      4       22
  MONTH TO DATE  374                       297     77      392
  SINCE JUN 1    374                       297     77      392
  SINCE JAN 1   1283                       970    313     1460
..................................................................


WIND (MPH)
  RESULTANT WIND SPEED   2   RESULTANT WIND DIRECTION  NE (60)
  HIGHEST WIND SPEED    12   HIGHEST WIND DIRECTION    SE (150)
  HIGHEST GUST SPEED    16   HIGHEST GUST DIRECTION     N (360)
  AVERAGE WIND SPEED     6.4


SKY COVER
  POSSIBLE SUNSHINE  MM
  AVERAGE SKY COVER 0.0


WEATHER CONDITIONS
 THE FOLLOWING WEATHER WAS RECORDED TODAY.
  NO SIGNIFICANT WEATHER WAS OBSERVED.


RELATIVE HUMIDITY (PERCENT)
 HIGHEST    54           400 AM
 LOWEST     14           400 PM
 AVERAGE    34

..........................................................


THE THERMAL AIRPORT CA CLIMATE NORMALS FOR TOMORROW
                         NORMAL    RECORD    YEAR
 MAXIMUM TEMPERATURE (F)  104       114      2008
 MINIMUM TEMPERATURE (F)   68        55      1995


SUNRISE AND SUNSET
JUNE 16 2019..........SUNRISE   534 AM PDT   SUNSET   757 PM PDT
JUNE 17 2019..........SUNRISE   534 AM PDT   SUNSET   757 PM PDT


-  INDICATES NEGATIVE NUMBERS.
R  INDICATES RECORD WAS SET OR TIED.
MM INDICATES DATA IS MISSING.
T  INDICATES TRACE AMOUNT.




$$
