000
CDUS41 KPHI 210552
CLITTN


CLIMATE REPORT
NATIONAL WEATHER SERVICE MOUNT HOLLY NJ
152 AM EDT SAT APR 21 2018


...................................

...THE TRENTON NJ CLIMATE SUMMARY FOR APRIL 20 2018...

CLIMATE NORMAL PERIOD 1981 TO 2010
CLIMATE RECORD PERIOD 1865 TO 2018


WEATHER ITEM   OBSERVED TIME   RECORD YEAR NORMAL DEPARTURE LAST
                VALUE   (LST)  VALUE       VALUE  FROM      YEAR
                                                  NORMAL
..................................................................
TEMPERATURE (F)
 YESTERDAY
  MAXIMUM         53    347 PM  91    1941  63    -10       72
  MINIMUM         36    625 AM  27    1926  42     -6       51
  AVERAGE         45                        53     -8       62

PRECIPITATION (IN)
  YESTERDAY        0.00          1.70 1911   0.12  -0.12     0.03
  MONTH TO DATE    2.77                      2.54   0.23     1.82
  SINCE MAR 1      6.18                      6.68  -0.50     6.43
  SINCE JAN 1     14.50                     12.15   2.35    11.17

DEGREE DAYS
 HEATING
  YESTERDAY       20                        13      7        3
  MONTH TO DATE  374                       311     63      189
  SINCE MAR 1   1168                      1043    125      977
  SINCE JUL 1   4655                      4857   -202     4196

 COOLING
  YESTERDAY        0                         0      0        0
  MONTH TO DATE    6                         0      6       10
  SINCE MAR 1      6                         0      6       10
  SINCE JAN 1      9                         0      9       10
..................................................................


WIND (MPH)
  HIGHEST WIND SPEED    24   HIGHEST WIND DIRECTION     N (350)
  HIGHEST GUST SPEED    33   HIGHEST GUST DIRECTION    NW (330)
  AVERAGE WIND SPEED    11.8


SKY COVER
  POSSIBLE SUNSHINE  MM
  AVERAGE SKY COVER 0.2


WEATHER CONDITIONS
 THE FOLLOWING WEATHER WAS RECORDED YESTERDAY.
  NO SIGNIFICANT WEATHER WAS OBSERVED.


RELATIVE HUMIDITY (PERCENT)
 HIGHEST    70           200 AM
 LOWEST     35           300 PM
 AVERAGE    53

..........................................................


THE TRENTON NJ CLIMATE NORMALS FOR TODAY
                         NORMAL    RECORD    YEAR
 MAXIMUM TEMPERATURE (F)   63        87      1985
 MINIMUM TEMPERATURE (F)   43        28      1875


SUNRISE AND SUNSET
APRIL 21 2018.........SUNRISE   612 AM EDT   SUNSET   744 PM EDT
APRIL 22 2018.........SUNRISE   611 AM EDT   SUNSET   745 PM EDT


-  INDICATES NEGATIVE NUMBERS.
R  INDICATES RECORD WAS SET OR TIED.
MM INDICATES DATA IS MISSING.
T  INDICATES TRACE AMOUNT.




$$
