000
CDUS41 KPHI 190554
CLITTN


CLIMATE REPORT
NATIONAL WEATHER SERVICE MOUNT HOLLY NJ
154 AM EDT FRI APR 19 2019


...................................

...THE TRENTON NJ CLIMATE SUMMARY FOR APRIL 18 2019...

CLIMATE NORMAL PERIOD 1981 TO 2010
CLIMATE RECORD PERIOD 1865 TO 2019


WEATHER ITEM   OBSERVED TIME   RECORD YEAR NORMAL DEPARTURE LAST
                VALUE   (LST)  VALUE       VALUE  FROM      YEAR
                                                  NORMAL
..................................................................
TEMPERATURE (F)
 YESTERDAY
  MAXIMUM         79    202 PM  93    1976  62     17       54
  MINIMUM         50    208 AM  25    1875  42      8       36
  AVERAGE         65                        52     13       45

PRECIPITATION (IN)
  YESTERDAY        0.00          2.80 1879   0.12  -0.12     0.00
  MONTH TO DATE    1.85                      2.31  -0.46     2.71
  SINCE MAR 1      5.11                      6.45  -1.34     7.48
  SINCE JAN 1     11.09                     11.92  -0.83    16.03

DEGREE DAYS
 HEATING
  YESTERDAY        0                        13    -13       20
  MONTH TO DATE  206                       285    -79      333
  SINCE MAR 1    964                      1017    -53     1127
  SINCE JUL 1   4537                      4831   -294     4614

 COOLING
  YESTERDAY        0                         0      0        0
  MONTH TO DATE    5                         0      5        6
  SINCE MAR 1      5                         0      5        6
  SINCE JAN 1      5                         0      5        9
..................................................................


WIND (MPH)
  HIGHEST WIND SPEED    23   HIGHEST WIND DIRECTION    SW (210)
  HIGHEST GUST SPEED    30   HIGHEST GUST DIRECTION     S (200)
  AVERAGE WIND SPEED     9.8


SKY COVER
  POSSIBLE SUNSHINE  MM
  AVERAGE SKY COVER 0.5


WEATHER CONDITIONS
 THE FOLLOWING WEATHER WAS RECORDED YESTERDAY.
  NO SIGNIFICANT WEATHER WAS OBSERVED.


RELATIVE HUMIDITY (PERCENT)
 HIGHEST    80           900 AM
 LOWEST     46           600 PM
 AVERAGE    63

..........................................................


THE TRENTON NJ CLIMATE NORMALS FOR TODAY
                         NORMAL    RECORD    YEAR
 MAXIMUM TEMPERATURE (F)   63        90      1976
 MINIMUM TEMPERATURE (F)   42        25      1875


SUNRISE AND SUNSET
APRIL 19 2019.........SUNRISE   616 AM EDT   SUNSET   742 PM EDT
APRIL 20 2019.........SUNRISE   614 AM EDT   SUNSET   743 PM EDT


-  INDICATES NEGATIVE NUMBERS.
R  INDICATES RECORD WAS SET OR TIED.
MM INDICATES DATA IS MISSING.
T  INDICATES TRACE AMOUNT.




$$
