000
CDUS41 KPHI 160553
CLITTN


CLIMATE REPORT
NATIONAL WEATHER SERVICE MOUNT HOLLY NJ
153 AM EDT SUN JUN 16 2019


...................................

...THE TRENTON NJ CLIMATE SUMMARY FOR JUNE 15 2019...

CLIMATE NORMAL PERIOD 1981 TO 2010
CLIMATE RECORD PERIOD 1865 TO 2019


WEATHER ITEM   OBSERVED TIME   RECORD YEAR NORMAL DEPARTURE LAST
                VALUE   (LST)  VALUE       VALUE  FROM      YEAR
                                                  NORMAL
..................................................................
TEMPERATURE (F)
 YESTERDAY
  MAXIMUM         80    449 PM  96    1957  81     -1       80
                                      1945
                                      1891
  MINIMUM         51    356 AM  45    1933  60     -9       59
  AVERAGE         66                        71     -5       70

PRECIPITATION (IN)
  YESTERDAY        T             2.50 1908   0.16  -0.16     0.00
  MONTH TO DATE    2.68                      2.41   0.27     3.93
  SINCE JUN 1      2.68                      2.41   0.27     3.93
  SINCE JAN 1     23.54                     19.93   3.61    28.04

DEGREE DAYS
 HEATING
  YESTERDAY        0                         1     -1        0
  MONTH TO DATE   13                        21     -8       11
  SINCE JUN 1     13                        21     -8       11
  SINCE JUL 1   4746                      5157   -411     4832

 COOLING
  YESTERDAY        1                         6     -5        5
  MONTH TO DATE   50                        72    -22       69
  SINCE JUN 1     50                        72    -22       69
  SINCE JAN 1    124                       129     -5      186
..................................................................


WIND (MPH)
  HIGHEST WIND SPEED    22   HIGHEST WIND DIRECTION    SW (220)
  HIGHEST GUST SPEED    30   HIGHEST GUST DIRECTION    SW (220)
  AVERAGE WIND SPEED     9.0


SKY COVER
  POSSIBLE SUNSHINE  MM
  AVERAGE SKY COVER 0.1


WEATHER CONDITIONS
 THE FOLLOWING WEATHER WAS RECORDED YESTERDAY.
  LIGHT RAIN


RELATIVE HUMIDITY (PERCENT)
 HIGHEST    86           600 AM
 LOWEST     37           300 PM
 AVERAGE    62

..........................................................


THE TRENTON NJ CLIMATE NORMALS FOR TODAY
                         NORMAL    RECORD    YEAR
 MAXIMUM TEMPERATURE (F)   81        99      1957
 MINIMUM TEMPERATURE (F)   61        49      1927


SUNRISE AND SUNSET
JUNE 16 2019..........SUNRISE   529 AM EDT   SUNSET   831 PM EDT
JUNE 17 2019..........SUNRISE   529 AM EDT   SUNSET   831 PM EDT


-  INDICATES NEGATIVE NUMBERS.
R  INDICATES RECORD WAS SET OR TIED.
MM INDICATES DATA IS MISSING.
T  INDICATES TRACE AMOUNT.




$$
