133
CDUS44 KTSA 191411
CLITUL

CLIMATE REPORT
NATIONAL WEATHER SERVICE TULSA OK
911 AM CDT FRI APR 19 2019


...................................

...THE TULSA OKLAHOMA CLIMATE SUMMARY FOR APRIL 19 2019...
VALID AS OF 0900 AM LOCAL TIME.

CLIMATE NORMAL PERIOD 1981 TO 2010
CLIMATE RECORD PERIOD 1882 TO 2019


WEATHER ITEM   OBSERVED TIME   RECORD YEAR NORMAL DEPARTURE LAST
                VALUE   (LST)  VALUE       VALUE  FROM      YEAR
                                                  NORMAL
..................................................................
TEMPERATURE (F)
 TODAY
  MAXIMUM         55   1210 AM  94    1987  73    -18       62
  MINIMUM         49    206 AM  34    2013  50     -1       36
                                      1953
  AVERAGE         52                        62    -10       49

PRECIPITATION (IN)
  TODAY            0.00          2.52 1917   0.13  -0.13     0.00
  MONTH TO DATE    2.13                      2.14  -0.01     0.16
  SINCE MAR 1      5.93                      5.43   0.50     3.47
  SINCE JAN 1     11.00                      8.94   2.06     8.55

SNOWFALL (IN)
  TODAY            0.0                                       0.0
  MONTH TO DATE    0.0                                       0.1
  SINCE MAR 1      1.0                                       0.1
  SINCE JUL 1      2.9                                       2.1

DEGREE DAYS
 HEATING
  TODAY           13                         5      8       16
  MONTH TO DATE  110                       143    -33      279
  SINCE MAR 1    639                       581     58      648
  SINCE JUL 1   3689                      3492    197     3356

 COOLING
  TODAY            0                         2     -2        0
  MONTH TO DATE   36                        27      9       15
  SINCE MAR 1     39                        38      1       18
  SINCE JAN 1     39                        39      0       23
..................................................................


WIND (MPH)
  HIGHEST WIND SPEED    22   HIGHEST WIND DIRECTION     N (350)
  HIGHEST GUST SPEED    26   HIGHEST GUST DIRECTION     N (360)
  AVERAGE WIND SPEED    11.5


SKY COVER
  POSSIBLE SUNSHINE  MM
  AVERAGE SKY COVER 0.5


WEATHER CONDITIONS
 THE FOLLOWING WEATHER WAS RECORDED TODAY.
  NO SIGNIFICANT WEATHER WAS OBSERVED.


RELATIVE HUMIDITY (PERCENT)
 HIGHEST    77           200 AM
 LOWEST     61          1200 AM
 AVERAGE    69

..........................................................


THE TULSA OKLAHOMA CLIMATE NORMALS FOR TOMORROW
                         NORMAL    RECORD    YEAR
 MAXIMUM TEMPERATURE (F)   73        92      1963
 MINIMUM TEMPERATURE (F)   51        32      1953


SUNRISE AND SUNSET
APRIL 19 2019.........SUNRISE   645 AM CDT   SUNSET   801 PM CDT
APRIL 20 2019.........SUNRISE   644 AM CDT   SUNSET   802 PM CDT


-  INDICATES NEGATIVE NUMBERS.
R  INDICATES RECORD WAS SET OR TIED.
MM INDICATES DATA IS MISSING.
T  INDICATES TRACE AMOUNT.




$$

&&
ALL DATA MEASURED AT THE TULSA INTERNATIONAL AIRPORT...
EXCEPT SNOWFALL...WHICH IS MEASURED AT THE NWS OFFICE.
