000
CDUS44 KTSA 160646
CLITUL

CLIMATE REPORT
NATIONAL WEATHER SERVICE TULSA OK
146 AM CDT SUN JUN 16 2019


...................................

...THE TULSA OKLAHOMA CLIMATE SUMMARY FOR JUNE 15 2019...

CLIMATE NORMAL PERIOD 1981 TO 2010
CLIMATE RECORD PERIOD 1882 TO 2019


WEATHER ITEM   OBSERVED TIME   RECORD YEAR NORMAL DEPARTURE LAST
                VALUE   (LST)  VALUE       VALUE  FROM      YEAR
                                                  NORMAL
..................................................................
TEMPERATURE (F)
 YESTERDAY
  MAXIMUM         83    436 PM 102    1924  88     -5       95
  MINIMUM         67    448 AM  52    1933  68     -1       75
  AVERAGE         75                        78     -3       85

PRECIPITATION (IN)
  YESTERDAY        0.57          2.66 1981   0.15   0.42     0.00
  MONTH TO DATE    4.01                      2.61   1.40     0.77
  SINCE JUN 1      4.01                      2.61   1.40     0.77
  SINCE JAN 1     31.21                     19.11  12.10    13.81

DEGREE DAYS
 COOLING
  YESTERDAY       10                        13     -3       20
  MONTH TO DATE  153                       160     -7      237
  SINCE JUN 1    153                       160     -7      237
  SINCE JAN 1    397                       394      3      637
..................................................................


WIND (MPH)
  HIGHEST WIND SPEED    30   HIGHEST WIND DIRECTION    NW (300)
  HIGHEST GUST SPEED    40   HIGHEST GUST DIRECTION    NW (300)
  AVERAGE WIND SPEED    11.2


SKY COVER
  POSSIBLE SUNSHINE  MM
  AVERAGE SKY COVER 1.0


WEATHER CONDITIONS
 THE FOLLOWING WEATHER WAS RECORDED YESTERDAY.
  THUNDERSTORM
  HEAVY RAIN
  RAIN
  LIGHT RAIN
  FOG


RELATIVE HUMIDITY (PERCENT)
 HIGHEST    94           900 PM
 LOWEST     69           300 PM
 AVERAGE    82

..........................................................


THE TULSA OKLAHOMA CLIMATE NORMALS FOR TODAY
                         NORMAL    RECORD    YEAR
 MAXIMUM TEMPERATURE (F)   88       106      1911
 MINIMUM TEMPERATURE (F)   68        50      1917


SUNRISE AND SUNSET
JUNE 16 2019..........SUNRISE   606 AM CDT   SUNSET   843 PM CDT
JUNE 17 2019..........SUNRISE   606 AM CDT   SUNSET   843 PM CDT


-  INDICATES NEGATIVE NUMBERS.
R  INDICATES RECORD WAS SET OR TIED.
MM INDICATES DATA IS MISSING.
T  INDICATES TRACE AMOUNT.




$$

&&
...........................................................

THE TULSA PRECIPITATION NORMALS FOR TODAY
                       NORMAL    RECORD      YEAR
  TODAY                 0.16      2.20       2008
  MONTH TO DATE         2.77
  YEAR TO DATE         19.27
...........................................................
ALL DATA MEASURED AT THE TULSA INTERNATIONAL AIRPORT...
EXCEPT SNOWFALL...WHICH IS MEASURED AT THE NWS OFFICE.
