000
CDUS44 KMEG 190640
CLITUP


CLIMATE REPORT
NATIONAL WEATHER SERVICE MEMPHIS TN
139 AM CDT FRI APR 19 2019


...................................

...THE TUPELO CLIMATE SUMMARY FOR APRIL 18 2019...

CLIMATE NORMAL PERIOD 1981 TO 2010
CLIMATE RECORD PERIOD 1930 TO 2019


WEATHER ITEM   OBSERVED TIME   RECORD YEAR NORMAL DEPARTURE LAST
                VALUE   (LST)  VALUE       VALUE  FROM      YEAR
                                                  NORMAL
..................................................................
TEMPERATURE (F)
 YESTERDAY
  MAXIMUM         74   1053 AM  93    2006  75     -1       74
  MINIMUM         57    206 AM  33    1997  51      6       54
  AVERAGE         66                        63      3       64

PRECIPITATION (IN)
  YESTERDAY        1.84          2.48 1940   0.16   1.68     0.00
  MONTH TO DATE    7.97                      2.76   5.21     4.68
  SINCE MAR 1     10.66                      7.58   3.08     8.57
  SINCE JAN 1     31.68                     17.02  14.66    24.92

SNOWFALL (IN)
  YESTERDAY        0.0          MM      MM   0.0    0.0      0.0
  MONTH TO DATE    0.0                       0.0    0.0      0.0
  SINCE MAR 1      0.0                       0.3   -0.3      0.0
  SINCE JUL 1      T                         2.1   -2.1      0.8
  SNOW DEPTH       0

DEGREE DAYS
 HEATING
  YESTERDAY        0                         4     -4        1
  MONTH TO DATE   74                       109    -35      173
  SINCE MAR 1    489                       464     25      518
  SINCE JUL 1   2708                      2895   -187     2842

 COOLING
  YESTERDAY        1                         2     -1        0
  MONTH TO DATE   25                        27     -2       10
  SINCE MAR 1     30                        41    -11       20
  SINCE JAN 1     40                        43     -3       40
..................................................................


WIND (MPH)
  HIGHEST WIND SPEED    23   HIGHEST WIND DIRECTION     E (70)
  HIGHEST GUST SPEED    28   HIGHEST GUST DIRECTION     E (70)
  AVERAGE WIND SPEED     7.7


SKY COVER
  POSSIBLE SUNSHINE  MM
  AVERAGE SKY COVER 0.8


WEATHER CONDITIONS
 THE FOLLOWING WEATHER WAS RECORDED YESTERDAY.
  THUNDERSTORM
  HEAVY RAIN
  RAIN
  LIGHT RAIN
  FOG


RELATIVE HUMIDITY (PERCENT)
 HIGHEST    97           600 PM
 LOWEST     68          1100 AM
 AVERAGE    83

..........................................................


THE TUPELO CLIMATE NORMALS FOR TODAY
                         NORMAL    RECORD    YEAR
 MAXIMUM TEMPERATURE (F)   75        91      2006
 MINIMUM TEMPERATURE (F)   51        29      1983


SUNRISE AND SUNSET
APRIL 19 2019.........SUNRISE   619 AM CDT   SUNSET   730 PM CDT
APRIL 20 2019.........SUNRISE   618 AM CDT   SUNSET   730 PM CDT


-  INDICATES NEGATIVE NUMBERS.
R  INDICATES RECORD WAS SET OR TIED.
MM INDICATES DATA IS MISSING.
T  INDICATES TRACE AMOUNT.




$$
