000
CDUS44 KMEG 200652
CLITUP


CLIMATE REPORT
NATIONAL WEATHER SERVICE MEMPHIS TN
151 AM CDT THU JUN 20 2019


...................................

...THE TUPELO CLIMATE SUMMARY FOR JUNE 19 2019...

CLIMATE NORMAL PERIOD 1981 TO 2010
CLIMATE RECORD PERIOD 1930 TO 2019


WEATHER ITEM   OBSERVED TIME   RECORD YEAR NORMAL DEPARTURE LAST
                VALUE   (LST)  VALUE       VALUE  FROM      YEAR
                                                  NORMAL
..................................................................
TEMPERATURE (F)
 YESTERDAY
  MAXIMUM         92    248 PM 105    1936  90      2       90
  MINIMUM         71    445 AM  57    1961  69      2       72
  AVERAGE         82                        79      3       81

PRECIPITATION (IN)
  YESTERDAY        T             1.36 2007   0.15  -0.15     0.02
  MONTH TO DATE    2.00                      2.87  -0.87     2.45
  SINCE JUN 1      2.00                      2.87  -0.87     2.45
  SINCE JAN 1     39.98                     27.47  12.51    34.62

SNOWFALL (IN)
  YESTERDAY        0.0          MM      MM   0.0    0.0      0.0
  MONTH TO DATE    0.0                       0.0    0.0      0.0
  SINCE JUN 1      0.0                       0.0    0.0      0.0
  SINCE JUL 1      T                         2.1   -2.1      0.8
  SNOW DEPTH       0

DEGREE DAYS
 HEATING
  YESTERDAY        0                         0      0        0
  MONTH TO DATE    0                         0      0        0
  SINCE JUN 1      0                         0      0        0
  SINCE JUL 1   2734                      2956   -222     2891

 COOLING
  YESTERDAY       17                        14      3       16
  MONTH TO DATE  231                       229      2      276
  SINCE JUN 1    231                       229      2      276
  SINCE JAN 1    592                       506     86      659
..................................................................


WIND (MPH)
  HIGHEST WIND SPEED    32   HIGHEST WIND DIRECTION     W (250)
  HIGHEST GUST SPEED    47   HIGHEST GUST DIRECTION     W (260)
  AVERAGE WIND SPEED     7.7


SKY COVER
  POSSIBLE SUNSHINE  MM
  AVERAGE SKY COVER 0.2


WEATHER CONDITIONS
 THE FOLLOWING WEATHER WAS RECORDED YESTERDAY.
  THUNDERSTORM
  FOG


RELATIVE HUMIDITY (PERCENT)
 HIGHEST    93           200 AM
 LOWEST     52          1200 PM
 AVERAGE    73

..........................................................


THE TUPELO CLIMATE NORMALS FOR TODAY
                         NORMAL    RECORD    YEAR
 MAXIMUM TEMPERATURE (F)   90       108      1936
 MINIMUM TEMPERATURE (F)   69        58      1982
                                             1965


SUNRISE AND SUNSET
JUNE 20 2019..........SUNRISE   543 AM CDT   SUNSET   810 PM CDT
JUNE 21 2019..........SUNRISE   543 AM CDT   SUNSET   810 PM CDT


-  INDICATES NEGATIVE NUMBERS.
R  INDICATES RECORD WAS SET OR TIED.
MM INDICATES DATA IS MISSING.
T  INDICATES TRACE AMOUNT.




$$
