000
CDUS45 KTWC 160029
CLITUS


CLIMATE REPORT
NATIONAL WEATHER SERVICE TUCSON AZ
528 PM MST SAT JUN 15 2019


...................................

...THE TUCSON AZ CLIMATE SUMMARY FOR JUNE 15 2019...
VALID TODAY AS OF 0500 PM LOCAL TIME.

CLIMATE NORMAL PERIOD 1981 TO 2010
CLIMATE RECORD PERIOD 1895 TO 2019


WEATHER ITEM   OBSERVED TIME   RECORD YEAR NORMAL DEPARTURE LAST
                VALUE   (LST)  VALUE       VALUE  FROM      YEAR
                                                  NORMAL
..................................................................
TEMPERATURE (F)
 TODAY
  MAXIMUM         99    459 PM 110    1896 101     -2       90
  MINIMUM         63    455 AM  48    1901  69     -6       70
  AVERAGE         81                        85     -4       80

PRECIPITATION (IN)
  TODAY            0.00          0.17 2018   0.00   0.00     0.17
  MONTH TO DATE    T                         0.05  -0.05     0.17
  SINCE OCT 1      9.47                      5.51   3.96     2.74
  SINCE JAN 1      5.03                      3.12   1.91     2.15

SNOWFALL (IN)
  TODAY            0.0
  MONTH TO DATE    0.0
  SINCE JUL 1      2.3

DEGREE DAYS
 HEATING
  TODAY            0                         0      0        0
  MONTH TO DATE    0                         0      0        0
  SINCE JUN 1      0                         0      0        0
  SINCE JUL 1   1409                      1511   -102      747

 COOLING
  TODAY           16                        20     -4       15
  MONTH TO DATE  289                       270     19      337
  SINCE JUN 1    289                       270     19      337
  SINCE JAN 1    661                       772   -111     1061
..................................................................


WIND (MPH)
  HIGHEST WIND SPEED    13   HIGHEST WIND DIRECTION     W (280)
  HIGHEST GUST SPEED    20   HIGHEST GUST DIRECTION     W (270)
  AVERAGE WIND SPEED    MM


SKY COVER
  POSSIBLE SUNSHINE  MM
  AVERAGE SKY COVER  MM


WEATHER CONDITIONS
 THE FOLLOWING WEATHER WAS RECORDED TODAY.
  NO SIGNIFICANT WEATHER WAS OBSERVED.


RELATIVE HUMIDITY (PERCENT)
 HIGHEST    MM
 LOWEST     MM
 AVERAGE    MM

..........................................................


THE TUCSON AZ CLIMATE NORMALS FOR TOMORROW
                         NORMAL    RECORD    YEAR
 MAXIMUM TEMPERATURE (F)  101       109      1988
                                             1985
 MINIMUM TEMPERATURE (F)   70        50      1962


SUNRISE AND SUNSET
JUNE 15 2019..........SUNRISE   517 AM MST   SUNSET   732 PM MST
JUNE 16 2019..........SUNRISE   517 AM MST   SUNSET   732 PM MST


-  INDICATES NEGATIVE NUMBERS.
R  INDICATES RECORD WAS SET OR TIED.
MM INDICATES DATA IS MISSING.
T  INDICATES TRACE AMOUNT.




$$
