139
CDUS45 KTWC 211436
CLITUS


CLIMATE REPORT
NATIONAL WEATHER SERVICE TUCSON AZ
735 AM MST SUN APR 21 2019


...................................

...THE TUCSON AZ CLIMATE SUMMARY FOR APRIL 21 2019...
VALID AS OF 0700 AM LOCAL TIME.

CLIMATE NORMAL PERIOD 1981 TO 2010
CLIMATE RECORD PERIOD 1895 TO 2019


WEATHER ITEM   OBSERVED TIME   RECORD YEAR NORMAL DEPARTURE LAST
                VALUE   (LST)  VALUE       VALUE  FROM      YEAR
                                                  NORMAL
..................................................................
TEMPERATURE (F)
 TODAY
  MINIMUM         61    513 AM  38    1941  53      8       48
                                      1918
                                      1912

PRECIPITATION (IN)
  TODAY            0.00          0.30 1932   0.00   0.00     0.00
  MONTH TO DATE    0.07                      0.25  -0.18     0.00
  SINCE OCT 1      8.25                      5.17   3.08     2.57
  SINCE JAN 1      3.81                      2.78   1.03     1.98

SNOWFALL (IN)
  TODAY            0.0           0.0  2002
  MONTH TO DATE    0.0
  SINCE JUL 1      2.3

DEGREE DAYS
 HEATING
  TODAY            0                         1     -1        0

 COOLING
  TODAY            1                         5     -4        1
..................................................................


WIND (MPH)
  HIGHEST WIND SPEED    13   HIGHEST WIND DIRECTION     S (190)
  HIGHEST GUST SPEED    17   HIGHEST GUST DIRECTION     S (160)
  AVERAGE WIND SPEED    MM


SKY COVER
  POSSIBLE SUNSHINE  MM
  AVERAGE SKY COVER  MM


WEATHER CONDITIONS
 THE FOLLOWING WEATHER WAS RECORDED TODAY.
  NO SIGNIFICANT WEATHER WAS OBSERVED.


RELATIVE HUMIDITY (PERCENT)
 HIGHEST    MM

..........................................................


THE TUCSON AZ CLIMATE NORMALS FOR TOMORROW
                         NORMAL    RECORD    YEAR
 MAXIMUM TEMPERATURE (F)   84       101      2012
 MINIMUM TEMPERATURE (F)   54        33      1904


SUNRISE AND SUNSET
APRIL 21 2019.........SUNRISE   548 AM MST   SUNSET   657 PM MST
APRIL 22 2019.........SUNRISE   547 AM MST   SUNSET   658 PM MST


-  INDICATES NEGATIVE NUMBERS.
R  INDICATES RECORD WAS SET OR TIED.
MM INDICATES DATA IS MISSING.
T  INDICATES TRACE AMOUNT.




$$
