000
CDUS43 KAPX 230550
CLITVC


CLIMATE REPORT
NATIONAL WEATHER SERVICE GAYLORD MI
150 AM EDT MON APR 23 2018


...................................

...THE TRAVERSE CITY MI CLIMATE SUMMARY FOR APRIL 22 2018...

CLIMATE NORMAL PERIOD 1981 TO 2010
CLIMATE RECORD PERIOD 1896 TO 2018


WEATHER ITEM   OBSERVED TIME   RECORD YEAR NORMAL DEPARTURE LAST
                VALUE   (LST)  VALUE       VALUE  FROM      YEAR
                                                  NORMAL
..................................................................
TEMPERATURE (F)
 YESTERDAY
  MAXIMUM         59    130 PM  88    1980  57      2       59
  MINIMUM         27    613 AM  19    1905  34     -7       29
  AVERAGE         43                        46     -3       44

PRECIPITATION (IN)
  YESTERDAY        0.00          0.45 1937   0.09  -0.09     0.00
                                      1918
  MONTH TO DATE    3.12                      2.07   1.05     2.34
  SINCE MAR 1      3.92                      3.93  -0.01     4.07
  SINCE JAN 1      6.33                      8.25  -1.92     7.40

DEGREE DAYS
 HEATING
  YESTERDAY       22                        20      2       21
  MONTH TO DATE  731                       521    210      390
  SINCE MAR 1   1794                      1583    211     1423
  SINCE JUL 1   6697                      6923   -226     5596

 COOLING
  YESTERDAY        0                         0      0        0
  MONTH TO DATE    0                         0      0        2
  SINCE MAR 1      0                         0      0        2
  SINCE JAN 1      0                         0      0        2
..................................................................


WIND (MPH)
  HIGHEST WIND SPEED    13   HIGHEST WIND DIRECTION    NE (40)
  HIGHEST GUST SPEED    14   HIGHEST GUST DIRECTION    NE (40)
  AVERAGE WIND SPEED     2.3




RELATIVE HUMIDITY (PERCENT)
 HIGHEST    78
 LOWEST     36
 AVERAGE    57

..........................................................


THE TRAVERSE CITY MI CLIMATE NORMALS FOR TODAY
                         NORMAL    RECORD    YEAR
 MAXIMUM TEMPERATURE (F)   57        86      1925
 MINIMUM TEMPERATURE (F)   35        21      1986


SUNRISE AND SUNSET
APRIL 23 2018.........SUNRISE   645 AM EDT   SUNSET   837 PM EDT
APRIL 24 2018.........SUNRISE   643 AM EDT   SUNSET   839 PM EDT


-  INDICATES NEGATIVE NUMBERS.
R  INDICATES RECORD WAS SET OR TIED.
MM INDICATES DATA IS MISSING.
T  INDICATES TRACE AMOUNT.




$$
