510
CDUS43 KAPX 162134
CLITVC


CLIMATE REPORT
NATIONAL WEATHER SERVICE GAYLORD MI
533 PM EDT TUE JUL 16 2019


...................................

...THE TRAVERSE CITY MI CLIMATE SUMMARY FOR JULY 16 2019...
VALID TODAY AS OF 0500 PM LOCAL TIME.

CLIMATE NORMAL PERIOD 1981 TO 2010
CLIMATE RECORD PERIOD 1896 TO 2019


WEATHER ITEM   OBSERVED TIME   RECORD YEAR NORMAL DEPARTURE LAST
                VALUE   (LST)  VALUE       VALUE  FROM      YEAR
                                                  NORMAL
..................................................................
TEMPERATURE (F)
 TODAY
  MAXIMUM         89    345 PM  98    2012  81      8       85
                                      2006
  MINIMUM         73    436 AM  40    1898  58     15       70
  AVERAGE         81                        69     12       78

PRECIPITATION (IN)
  TODAY            0.00          0.72 1943   0.10  -0.10      T
  MONTH TO DATE    1.84                      1.53   0.31     0.89
  SINCE JUN 1      5.67                      4.69   0.98     2.53
  SINCE JAN 1     16.50                     16.24   0.26    12.46

DEGREE DAYS
 HEATING
  TODAY            0                         1     -1        0
  MONTH TO DATE    0                        17    -17        0
  SINCE JUN 1    126                       129     -3       44
  SINCE JUL 1      0                        17    -17        0

 COOLING
  TODAY           16                         5     11       13
  MONTH TO DATE  117                        80     37      176
  SINCE JUN 1    176                       161     15      291
  SINCE JAN 1    179                       181     -2      382
..................................................................


WIND (MPH)
  RESULTANT WIND SPEED   9   RESULTANT WIND DIRECTION  SW (230)
  HIGHEST WIND SPEED    17   HIGHEST WIND DIRECTION    SW (230)
  HIGHEST GUST SPEED    27   HIGHEST GUST DIRECTION    SW (210)
  AVERAGE WIND SPEED     9.3


SKY COVER
  POSSIBLE SUNSHINE  MM
  AVERAGE SKY COVER 0.5


WEATHER CONDITIONS
 THE FOLLOWING WEATHER WAS RECORDED TODAY.
  NO SIGNIFICANT WEATHER WAS OBSERVED.


RELATIVE HUMIDITY (PERCENT)
 HIGHEST    79           300 AM
 LOWEST     46           300 PM
 AVERAGE    63

..........................................................




SUNRISE AND SUNSET
JULY 16 2019..........SUNRISE   612 AM EDT   SUNSET   925 PM EDT
JULY 17 2019..........SUNRISE   613 AM EDT   SUNSET   924 PM EDT


-  INDICATES NEGATIVE NUMBERS.
R  INDICATES RECORD WAS SET OR TIED.
MM INDICATES DATA IS MISSING.
T  INDICATES TRACE AMOUNT.




$$
