000
CDUS43 KAPX 242129
CLITVC


CLIMATE REPORT
NATIONAL WEATHER SERVICE GAYLORD MI
529 PM EDT WED APR 24 2019


...................................

...THE TRAVERSE CITY MI CLIMATE SUMMARY FOR APRIL 24 2019...
VALID TODAY AS OF 0500 PM LOCAL TIME.

CLIMATE NORMAL PERIOD 1981 TO 2010
CLIMATE RECORD PERIOD 1896 TO 2019


WEATHER ITEM   OBSERVED TIME   RECORD YEAR NORMAL DEPARTURE LAST
                VALUE   (LST)  VALUE       VALUE  FROM      YEAR
                                                  NORMAL
..................................................................
TEMPERATURE (F)
 TODAY
  MAXIMUM         63    219 PM  85    1990  58      5       65
  MINIMUM         30    612 AM  22    2015  35     -5       37
                                      1969
  AVERAGE         47                        46      1       51

PRECIPITATION (IN)
  TODAY            0.00          0.80 1925   0.09  -0.09      T
  MONTH TO DATE    2.72                      2.25   0.47     3.12
  SINCE MAR 1      4.01                      4.11  -0.10     3.92
  SINCE JAN 1      6.67                      8.43  -1.76     6.33

SNOWFALL (IN)
  TODAY           MM            MM      MM   0.0   MM       MM
  MONTH TO DATE   MM                         2.4   MM       MM
  SINCE OCT 1     MM                       101.1   MM       MM
  SINCE JUL 1     MM                       101.1   MM       MM

DEGREE DAYS
 HEATING
  TODAY           18                        19     -1       14
  MONTH TO DATE  516                       559    -43      763
  SINCE MAR 1   1640                      1621     19     1826
  SINCE JUL 1   6812                      6961   -149     6729

 COOLING
  TODAY            0                         0      0        0
  MONTH TO DATE    0                         0      0        0
  SINCE MAR 1      0                         0      0        0
  SINCE JAN 1      0                         0      0        0
..................................................................


WIND (MPH)
  RESULTANT WIND SPEED   0   RESULTANT WIND DIRECTION   N (0)
  HIGHEST WIND SPEED    13   HIGHEST WIND DIRECTION     N (20)
  HIGHEST GUST SPEED    16   HIGHEST GUST DIRECTION    SW (230)
  AVERAGE WIND SPEED     3.2


SKY COVER
  POSSIBLE SUNSHINE  MM
  AVERAGE SKY COVER 0.3


WEATHER CONDITIONS
 THE FOLLOWING WEATHER WAS RECORDED TODAY.
  NO SIGNIFICANT WEATHER WAS OBSERVED.


RELATIVE HUMIDITY (PERCENT)
 HIGHEST    92           200 AM
 LOWEST     36           100 PM
 AVERAGE    64

..........................................................




SUNRISE AND SUNSET
APRIL 24 2019.........SUNRISE   643 AM EDT   SUNSET   838 PM EDT
APRIL 25 2019.........SUNRISE   642 AM EDT   SUNSET   840 PM EDT


-  INDICATES NEGATIVE NUMBERS.
R  INDICATES RECORD WAS SET OR TIED.
MM INDICATES DATA IS MISSING.
T  INDICATES TRACE AMOUNT.




$$
