000
CDUS45 KBOI 240931
CLITWF


CLIMATE REPORT
NATIONAL WEATHER SERVICE BOISE ID
330 AM MDT MON JUN 24 2019


...................................

...THE TWIN FALLS ID CLIMATE SUMMARY FOR JUNE 23 2019...

CLIMATE NORMAL PERIOD 1981 TO 2010
CLIMATE RECORD PERIOD 9999 TO 9999


WEATHER ITEM   OBSERVED TIME   NORMAL DEPARTURE LAST
                VALUE   (LST)  VALUE  FROM      YEAR
                                      NORMAL
......................................................
TEMPERATURE (F)
 YESTERDAY
  MAXIMUM         79    253 PM  83     -4       77
  MINIMUM         51    149 AM  52     -1       57
  AVERAGE         65

PRECIPITATION (IN)
  YESTERDAY        0.00          0.02  -0.02     0.00
  MONTH TO DATE    0.07          0.79  -0.72     0.48
  SINCE OCT 1     10.82          9.37   1.45     7.53
  SINCE JAN 1      7.63          6.12   1.51     4.97

DEGREE DAYS
 HEATING
  YESTERDAY        0             2     -2        0
  MONTH TO DATE   95            81     14       71
  SINCE JUN 1     95            81     14       71
  SINCE JUL 1   6377          6165    212     6086

 COOLING
  YESTERDAY        0             4     -4        2
  MONTH TO DATE   49            54     -5       38
  SINCE JUN 1     49            54     -5       38
  SINCE JAN 1     55            76    -21       46
......................................................


WIND (MPH)
  HIGHEST WIND SPEED    23   HIGHEST WIND DIRECTION    NW (310)
  HIGHEST GUST SPEED    30   HIGHEST GUST DIRECTION    NW (300)
  AVERAGE WIND SPEED    12.9


SKY COVER
  AVERAGE SKY COVER 0.0


WEATHER CONDITIONS
 THE FOLLOWING WEATHER WAS RECORDED YESTERDAY.
  NO SIGNIFICANT WEATHER WAS OBSERVED.


RELATIVE HUMIDITY (PERCENT)
 HIGHEST    51           900 PM
 LOWEST     20           600 PM
 AVERAGE    36

..........................................................




SUNRISE AND SUNSET
JUNE 24 2019..........SUNRISE   602 AM MDT   SUNSET   919 PM MDT
JUNE 25 2019..........SUNRISE   602 AM MDT   SUNSET   919 PM MDT


-  INDICATES NEGATIVE NUMBERS.
R  INDICATES RECORD WAS SET OR TIED.
MM INDICATES DATA IS MISSING.
T  INDICATES TRACE AMOUNT.




$$
