000
CDUS45 KBOI 190931
CLITWF


CLIMATE REPORT
NATIONAL WEATHER SERVICE BOISE ID
330 AM MDT FRI APR 19 2019


...................................

...THE TWIN FALLS ID CLIMATE SUMMARY FOR APRIL 18 2019...

CLIMATE NORMAL PERIOD 1981 TO 2010
CLIMATE RECORD PERIOD 9999 TO 9999


WEATHER ITEM   OBSERVED TIME   NORMAL DEPARTURE LAST
                VALUE   (LST)  VALUE  FROM      YEAR
                                      NORMAL
......................................................
TEMPERATURE (F)
 YESTERDAY
  MAXIMUM         67    537 PM  61      6       60
  MINIMUM         40    347 AM  36      4       24
  AVERAGE         54

PRECIPITATION (IN)
  YESTERDAY        0.00          0.03  -0.03     0.00
  MONTH TO DATE    1.56          0.65   0.91     0.51
  SINCE OCT 1      7.79          6.73   1.06     5.52
  SINCE JAN 1      4.60          3.48   1.12     2.96

DEGREE DAYS
 HEATING
  YESTERDAY       11            17     -6       23
  MONTH TO DATE  315           330    -15      348
  SINCE MAR 1   1131          1052     79     1127
  SINCE JUL 1   5799          5619    180     5659

 COOLING
  YESTERDAY        0             0      0        0
  MONTH TO DATE    0             0      0        0
  SINCE MAR 1      0             0      0        0
  SINCE JAN 1      0             0      0        0
......................................................


WIND (MPH)
  HIGHEST WIND SPEED    21   HIGHEST WIND DIRECTION     S (200)
  HIGHEST GUST SPEED    25   HIGHEST GUST DIRECTION    SW (210)
  AVERAGE WIND SPEED    10.0


SKY COVER
  AVERAGE SKY COVER 0.0


WEATHER CONDITIONS
 THE FOLLOWING WEATHER WAS RECORDED YESTERDAY.
  NO SIGNIFICANT WEATHER WAS OBSERVED.


RELATIVE HUMIDITY (PERCENT)
 HIGHEST    82           100 AM
 LOWEST     26           600 PM
 AVERAGE    54

..........................................................




SUNRISE AND SUNSET
APRIL 19 2019.........SUNRISE   651 AM MDT   SUNSET   824 PM MDT
APRIL 20 2019.........SUNRISE   649 AM MDT   SUNSET   825 PM MDT


-  INDICATES NEGATIVE NUMBERS.
R  INDICATES RECORD WAS SET OR TIED.
MM INDICATES DATA IS MISSING.
T  INDICATES TRACE AMOUNT.




$$
