532
CDUS44 KSHV 260743
CLITXK


CLIMATE REPORT
NATIONAL WEATHER SERVICE SHREVEPORT, LA
243 AM CDT FRI APR 26 2019


...................................

...THE TEXARKANA CLIMATE SUMMARY FOR APRIL 25 2019...

CLIMATE NORMAL PERIOD 1981 TO 2010
CLIMATE RECORD PERIOD 1896 TO 2019


WEATHER ITEM   OBSERVED TIME   RECORD YEAR NORMAL DEPARTURE LAST
                VALUE   (LST)  VALUE       VALUE  FROM      YEAR
                                                  NORMAL
..................................................................
TEMPERATURE (F)
 YESTERDAY
  MAXIMUM         76    343 PM  91    1900  78     -2       67
  MINIMUM         61   1142 PM  33    1898  55      6       51
  AVERAGE         69                        66      3       59

PRECIPITATION (IN)
  YESTERDAY        0.01          4.47 1966   0.15  -0.14     0.23
  MONTH TO DATE    7.89                      3.19   4.70     2.54
  SINCE DEC 1     26.06                     19.83   6.23    29.81
  SINCE JAN 1     18.92                     14.78   4.14    23.22

SNOWFALL (IN)
  YESTERDAY        0.0
  MONTH TO DATE    0.0
  SINCE MAR 1      0.0
  SINCE JUL 1      T
  SNOW DEPTH       0

DEGREE DAYS
 HEATING
  YESTERDAY        0                         2     -2        6
  MONTH TO DATE  101                       101      0      184
  SINCE MAR 1    457                       401     56      403
  SINCE JUL 1   2661                      2595     66     2518

 COOLING
  YESTERDAY        4                         3      1        0
  MONTH TO DATE   42                        56    -14       16
  SINCE MAR 1     50                        75    -25       44
  SINCE JAN 1     67                        79    -12       58
..................................................................


WIND (MPH)
  HIGHEST WIND SPEED    18   HIGHEST WIND DIRECTION    NW (300)
  HIGHEST GUST SPEED    25   HIGHEST GUST DIRECTION    NW (300)
  AVERAGE WIND SPEED     8.4


SKY COVER
  POSSIBLE SUNSHINE  MM
  AVERAGE SKY COVER 0.6


WEATHER CONDITIONS
 THE FOLLOWING WEATHER WAS RECORDED YESTERDAY.
  LIGHT RAIN
  FOG


RELATIVE HUMIDITY (PERCENT)
 HIGHEST   100          1200 AM
 LOWEST     60           400 PM
 AVERAGE    80

..........................................................


THE TEXARKANA CLIMATE NORMALS FOR TODAY
                         NORMAL    RECORD    YEAR
 MAXIMUM TEMPERATURE (F)   78        90      1939
 MINIMUM TEMPERATURE (F)   56        38      1992


SUNRISE AND SUNSET
APRIL 26 2019.........SUNRISE   633 AM CDT   SUNSET   755 PM CDT
APRIL 27 2019.........SUNRISE   632 AM CDT   SUNSET   756 PM CDT


-  INDICATES NEGATIVE NUMBERS.
R  INDICATES RECORD WAS SET OR TIED.
MM INDICATES DATA IS MISSING.
T  INDICATES TRACE AMOUNT.




$$
