000
CDUS44 KSHV 252145
CLITYR


CLIMATE REPORT
NATIONAL WEATHER SERVICE SHREVEPORT, LA
440 PM CDT FRI MAY 25 2018


...................................

...THE TYLER CLIMATE SUMMARY FOR MAY 25 2018...
VALID TODAY AS OF 0400 PM LOCAL TIME.

CLIMATE NORMAL PERIOD 1981 TO 2010
CLIMATE RECORD PERIOD 1896 TO 2018


WEATHER ITEM   OBSERVED TIME   RECORD YEAR NORMAL DEPARTURE LAST
                VALUE   (LST)  VALUE       VALUE  FROM      YEAR
                                                  NORMAL
..................................................................
TEMPERATURE (F)
 TODAY
  MAXIMUM         93    117 PM  98    1896  85      8       88
  MINIMUM         69    513 AM  45    1901  66      3       56
  AVERAGE         81                        75      6       72

PRECIPITATION (IN)
  TODAY            T             2.04 2003   0.14  -0.14     0.00
  MONTH TO DATE    0.91                      3.71  -2.80     3.87
  SINCE DEC 1     21.93                     22.11  -0.18    18.99
  SINCE JAN 1     16.64                     17.87  -1.23    16.34

DEGREE DAYS
 HEATING
  TODAY            0                         0      0        0
  MONTH TO DATE    0                         6     -6        7
  SINCE MAR 1    268                       376   -108      173
  SINCE JUL 1   2070                      2268   -198     1256

 COOLING
  TODAY           16                        10      6        7
  MONTH TO DATE  316                       190    126      150
  SINCE MAR 1    426                       290    136      396
  SINCE JAN 1    453                       302    151      470
..................................................................


WIND (MPH)
  HIGHEST WIND SPEED    28   HIGHEST WIND DIRECTION    NW (320)
  HIGHEST GUST SPEED    40   HIGHEST GUST DIRECTION    NW (330)
  AVERAGE WIND SPEED     7.0


SKY COVER
  POSSIBLE SUNSHINE  MM
  AVERAGE SKY COVER 0.0


WEATHER CONDITIONS
 THE FOLLOWING WEATHER WAS RECORDED TODAY.
  THUNDERSTORM
  LIGHT RAIN


RELATIVE HUMIDITY (PERCENT)
 HIGHEST   100           500 AM
 LOWEST     38           100 PM
 AVERAGE    69

..........................................................


THE TYLER CLIMATE NORMALS FOR TOMORROW
                         NORMAL    RECORD    YEAR
 MAXIMUM TEMPERATURE (F)   85        98      1896
 MINIMUM TEMPERATURE (F)   66        46      1979


SUNRISE AND SUNSET
MAY 25 2018...........SUNRISE   618 AM CDT   SUNSET   820 PM CDT
MAY 26 2018...........SUNRISE   617 AM CDT   SUNSET   820 PM CDT


-  INDICATES NEGATIVE NUMBERS.
R  INDICATES RECORD WAS SET OR TIED.
MM INDICATES DATA IS MISSING.
T  INDICATES TRACE AMOUNT.




$$
