000
CDUS44 KSHV 190757
CLITYR


CLIMATE REPORT
NATIONAL WEATHER SERVICE SHREVEPORT, LA
256 AM CDT FRI APR 19 2019


...................................

...THE TYLER CLIMATE SUMMARY FOR APRIL 18 2019...

CLIMATE NORMAL PERIOD 1981 TO 2010
CLIMATE RECORD PERIOD 1883 TO 2019


WEATHER ITEM   OBSERVED TIME   RECORD YEAR NORMAL DEPARTURE LAST
                VALUE   (LST)  VALUE       VALUE  FROM      YEAR
                                                  NORMAL
..................................................................
TEMPERATURE (F)
 YESTERDAY
  MAXIMUM         70    157 AM  93    2006  75     -5       81
  MINIMUM         56    929 PM  36    1999  55      1       55
  AVERAGE         63                        65     -2       68

PRECIPITATION (IN)
  YESTERDAY        1.82R         1.75 1967   0.10   1.72     0.00
  MONTH TO DATE    7.58                      1.68   5.90     0.87
  SINCE DEC 1     23.77                     16.91   6.86    19.91
  SINCE JAN 1     16.28                     12.67   3.61    14.62

SNOWFALL (IN)
  YESTERDAY        0.0
  MONTH TO DATE    0.0
  SINCE MAR 1      0.0
  SINCE JUL 1      T
  SNOW DEPTH       0

DEGREE DAYS
 HEATING
  YESTERDAY        2                         3     -1        0
  MONTH TO DATE   61                        80    -19       92
  SINCE MAR 1    349                       353     -4      234
  SINCE JUL 1   2147                      2245    -98     2036

 COOLING
  YESTERDAY        0                         3     -3        3
  MONTH TO DATE   42                        35      7       31
  SINCE MAR 1     59                        56      3       96
  SINCE JAN 1     81                        68     13      123
..................................................................


WIND (MPH)
  HIGHEST WIND SPEED    36   HIGHEST WIND DIRECTION     N (350)
  HIGHEST GUST SPEED    44   HIGHEST GUST DIRECTION     N (350)
  AVERAGE WIND SPEED    10.1


SKY COVER
  POSSIBLE SUNSHINE  MM
  AVERAGE SKY COVER 0.6


WEATHER CONDITIONS
 THE FOLLOWING WEATHER WAS RECORDED YESTERDAY.
  THUNDERSTORM
  HEAVY RAIN
  RAIN
  LIGHT RAIN
  FOG
  HAZE


RELATIVE HUMIDITY (PERCENT)
 HIGHEST   100           500 AM
 LOWEST     42           600 PM
 AVERAGE    71

..........................................................


THE TYLER CLIMATE NORMALS FOR TODAY
                         NORMAL    RECORD    YEAR
 MAXIMUM TEMPERATURE (F)   76        94      2011
                                             1987
 MINIMUM TEMPERATURE (F)   55        36      1953


SUNRISE AND SUNSET
APRIL 19 2019.........SUNRISE   648 AM CDT   SUNSET   754 PM CDT
APRIL 20 2019.........SUNRISE   647 AM CDT   SUNSET   755 PM CDT


-  INDICATES NEGATIVE NUMBERS.
R  INDICATES RECORD WAS SET OR TIED.
MM INDICATES DATA IS MISSING.
T  INDICATES TRACE AMOUNT.




$$
