000
CDUS44 KSHV 240750
CLITYR


CLIMATE REPORT
NATIONAL WEATHER SERVICE SHREVEPORT, LA
250 AM CDT MON JUN 24 2019


...................................

...THE TYLER CLIMATE SUMMARY FOR JUNE 23 2019...

CLIMATE NORMAL PERIOD 1981 TO 2010
CLIMATE RECORD PERIOD 1883 TO 2019


WEATHER ITEM   OBSERVED TIME   RECORD YEAR NORMAL DEPARTURE LAST
                VALUE   (LST)  VALUE       VALUE  FROM      YEAR
                                                  NORMAL
..................................................................
TEMPERATURE (F)
 YESTERDAY
  MAXIMUM         90   1208 PM 105    1925  90      0       94
  MINIMUM         67   1100 PM  58    1966  72     -5       77
  AVERAGE         79                        81     -2       86

PRECIPITATION (IN)
  YESTERDAY        2.06R         1.23 1991   0.18   1.88     0.00
  MONTH TO DATE    6.89                      3.76   3.13     1.48
  SINCE DEC 1     42.84                     26.93  15.91    23.42
  SINCE JAN 1     35.35                     22.69  12.66    18.13

SNOWFALL (IN)
  YESTERDAY        0.0
  MONTH TO DATE    0.0
  SINCE JUN 1      0.0
  SINCE JUL 1      T
  SNOW DEPTH       0

DEGREE DAYS
 HEATING
  YESTERDAY        0                         0      0        0
  MONTH TO DATE    0                         0      0        0
  SINCE JUN 1      0                         0      0        0
  SINCE JUL 1   2162                      2269   -107     2070

 COOLING
  YESTERDAY       14                        16     -2       21
  MONTH TO DATE  330                       320     10      445
  SINCE JUN 1    330                       320     10      445
  SINCE JAN 1    796                       689    107     1012
..................................................................


WIND (MPH)
  HIGHEST WIND SPEED    26   HIGHEST WIND DIRECTION     N (350)
  HIGHEST GUST SPEED    35   HIGHEST GUST DIRECTION     N (360)
  AVERAGE WIND SPEED    13.8


SKY COVER
  POSSIBLE SUNSHINE  MM
  AVERAGE SKY COVER 0.6


WEATHER CONDITIONS
 THE FOLLOWING WEATHER WAS RECORDED YESTERDAY.
  THUNDERSTORM
  HEAVY RAIN
  RAIN
  LIGHT RAIN
  FOG


RELATIVE HUMIDITY (PERCENT)
 HIGHEST    91           200 AM
 LOWEST     59          1200 PM
 AVERAGE    75

..........................................................


THE TYLER CLIMATE NORMALS FOR TODAY
                         NORMAL    RECORD    YEAR
 MAXIMUM TEMPERATURE (F)   90       105      1925
 MINIMUM TEMPERATURE (F)   72        61      1974


SUNRISE AND SUNSET
JUNE 24 2019..........SUNRISE   616 AM CDT   SUNSET   832 PM CDT
JUNE 25 2019..........SUNRISE   616 AM CDT   SUNSET   832 PM CDT


-  INDICATES NEGATIVE NUMBERS.
R  INDICATES RECORD WAS SET OR TIED.
MM INDICATES DATA IS MISSING.
T  INDICATES TRACE AMOUNT.




$$
