000
CDUS44 KMRX 170841
CLITYS


CLIMATE REPORT
NATIONAL WEATHER SERVICE MORRISTOWN TN
440 AM EDT WED JUL 17 2019


...................................

...THE KNOXVILLE    ASOS CLIMATE SUMMARY FOR JULY 16 2019...

CLIMATE NORMAL PERIOD 1981 TO 2010
CLIMATE RECORD PERIOD 1871 TO 2019


WEATHER ITEM   OBSERVED TIME   RECORD YEAR NORMAL DEPARTURE LAST
                VALUE   (LST)  VALUE       VALUE  FROM      YEAR
                                                  NORMAL
..................................................................
TEMPERATURE (F)
 YESTERDAY
  MAXIMUM         93    400 PM 100    1980  88      5       90
  MINIMUM         73    524 AM  53    1967  69      4       75
  AVERAGE         83                        79      4       83

PRECIPITATION (IN)
  YESTERDAY        0.00          6.14 1917   0.17  -0.17      T
  MONTH TO DATE    1.18                      2.67  -1.49     1.89
  SINCE JUN 1      8.20                      6.48   1.72     6.02
  SINCE JAN 1     40.40                     27.92  12.48    29.45

SNOWFALL (IN)
  YESTERDAY        0.0                       0.0    0.0      0.0
  MONTH TO DATE    0.0                       0.0    0.0      0.0
  SINCE JUN 1      0.0                       0.0    0.0      0.0
  SINCE JUL 1      0.0                       0.0    0.0      0.0
  SNOW DEPTH       0

DEGREE DAYS
 HEATING
  YESTERDAY        0                         0      0        0
  MONTH TO DATE    0                         0      0        0
  SINCE JUN 1      0                         4     -4        0
  SINCE JUL 1      0                         0      0        0

 COOLING
  YESTERDAY       18                        14      4       18
  MONTH TO DATE  257                       214     43      256
  SINCE JUN 1    536                       519     17      636
  SINCE JAN 1    836                       681    155      950
..................................................................


WIND (MPH)
  HIGHEST WIND SPEED    21   HIGHEST WIND DIRECTION    SW (210)
  HIGHEST GUST SPEED    28   HIGHEST GUST DIRECTION    SW (210)
  AVERAGE WIND SPEED     8.1


SKY COVER
  POSSIBLE SUNSHINE  MM
  AVERAGE SKY COVER 0.8


WEATHER CONDITIONS
 THE FOLLOWING WEATHER WAS RECORDED YESTERDAY.
  NO SIGNIFICANT WEATHER WAS OBSERVED.


RELATIVE HUMIDITY (PERCENT)
 HIGHEST    87           100 AM
 LOWEST     38           500 PM
 AVERAGE    63

..........................................................


THE KNOXVILLE    ASOS CLIMATE NORMALS FOR TODAY
                         NORMAL    RECORD    YEAR
 MAXIMUM TEMPERATURE (F)   88       101      1980
 MINIMUM TEMPERATURE (F)   69        57      2014


SUNRISE AND SUNSET
JULY 17 2019..........SUNRISE   632 AM EDT   SUNSET   851 PM EDT
JULY 18 2019..........SUNRISE   633 AM EDT   SUNSET   851 PM EDT


-  INDICATES NEGATIVE NUMBERS.
R  INDICATES RECORD WAS SET OR TIED.
MM INDICATES DATA IS MISSING.
T  INDICATES TRACE AMOUNT.




$$
