000
CDUS44 KMRX 230810
CLITYS


CLIMATE REPORT
NATIONAL WEATHER SERVICE MORRISTOWN TN
410 AM EDT TUE APR 23 2019


...................................

...THE KNOXVILLE    ASOS CLIMATE SUMMARY FOR APRIL 22 2019...

CLIMATE NORMAL PERIOD 1981 TO 2010
CLIMATE RECORD PERIOD 1871 TO 2019


WEATHER ITEM   OBSERVED TIME   RECORD YEAR NORMAL DEPARTURE LAST
                VALUE   (LST)  VALUE       VALUE  FROM      YEAR
                                                  NORMAL
..................................................................
TEMPERATURE (F)
 YESTERDAY
  MAXIMUM         79    533 PM  86    1988  72      7       67
  MINIMUM         43    438 AM  31    1993  49     -6       48
  AVERAGE         61                        61      0       58

PRECIPITATION (IN)
  YESTERDAY        0.00          3.03 1883   0.14  -0.14     0.09
  MONTH TO DATE    4.31                      2.90   1.41     2.54
  SINCE MAR 1      8.36                      7.24   1.12     7.68
  SINCE JAN 1     26.42                     15.82  10.60    17.50

SNOWFALL (IN)
  YESTERDAY        0.0                       0.0    0.0      0.0
  MONTH TO DATE    0.0                       0.5   -0.5       T
  SINCE MAR 1      T                         1.4   -1.4       T
  SINCE JUL 1      2.1                       6.5   -4.4      2.6
  SNOW DEPTH       0

DEGREE DAYS
 HEATING
  YESTERDAY        4                         6     -2        7
  MONTH TO DATE  120                       182    -62      233
  SINCE MAR 1    622                       643    -21      738
  SINCE JUL 1   3286                      3539   -253     3471

 COOLING
  YESTERDAY        0                         1     -1        0
  MONTH TO DATE   17                        20     -3       12
  SINCE MAR 1     19                        25     -6       16
  SINCE JAN 1     24                        25     -1       34
..................................................................


WIND (MPH)
  HIGHEST WIND SPEED     9   HIGHEST WIND DIRECTION     N (20)
  HIGHEST GUST SPEED    13   HIGHEST GUST DIRECTION     N (20)
  AVERAGE WIND SPEED     2.3


SKY COVER
  POSSIBLE SUNSHINE  MM
  AVERAGE SKY COVER 0.1


WEATHER CONDITIONS
 THE FOLLOWING WEATHER WAS RECORDED YESTERDAY.
  NO SIGNIFICANT WEATHER WAS OBSERVED.


RELATIVE HUMIDITY (PERCENT)
 HIGHEST    93           400 AM
 LOWEST     28           500 PM
 AVERAGE    61

..........................................................


THE KNOXVILLE    ASOS CLIMATE NORMALS FOR TODAY
                         NORMAL    RECORD    YEAR
 MAXIMUM TEMPERATURE (F)   72        89      1965
 MINIMUM TEMPERATURE (F)   50        26      1986


SUNRISE AND SUNSET
APRIL 23 2019.........SUNRISE   653 AM EDT   SUNSET   816 PM EDT
APRIL 24 2019.........SUNRISE   652 AM EDT   SUNSET   817 PM EDT


-  INDICATES NEGATIVE NUMBERS.
R  INDICATES RECORD WAS SET OR TIED.
MM INDICATES DATA IS MISSING.
T  INDICATES TRACE AMOUNT.




$$
