000
CDUS43 KLOT 240636
CLIUGN


CLIMATE REPORT
NATIONAL WEATHER SERVICE CHICAGO IL
136 AM CDT MON JUN 24 2019


...................................

...THE WAUKEGAN   CLIMATE SUMMARY FOR JUNE 23 2019...

CLIMATE NORMAL PERIOD 1981 TO 2010
CLIMATE RECORD PERIOD 2000 TO 2019


WEATHER ITEM   OBSERVED TIME   RECORD YEAR NORMAL DEPARTURE LAST
                VALUE   (LST)  VALUE       VALUE  FROM      YEAR
                                                  NORMAL
..................................................................
TEMPERATURE (F)
 YESTERDAY
  MAXIMUM         72    315 PM  94    2005  78     -6       75
  MINIMUM         58    648 AM  50    2006  59     -1       57
                                      2001
  AVERAGE         65                        69     -4       66

PRECIPITATION (IN)
  YESTERDAY        0.38          1.06 2010   0.13   0.25     0.00
  MONTH TO DATE    3.44                      3.16   0.28     7.00
  SINCE JUN 1      3.44                      3.16   0.28     7.00
  SINCE JAN 1     18.92                     16.02   2.90    20.84

DEGREE DAYS
 HEATING
  YESTERDAY        0                         1     -1        0
  MONTH TO DATE   94                        79     15       51
  SINCE JUN 1     94                        79     15       51
  SINCE JUL 1   6987                      6830    157     6720

 COOLING
  YESTERDAY        0                         5     -5        1
  MONTH TO DATE    5                        66    -61       51
  SINCE JUN 1      5                        66    -61       51
  SINCE JAN 1     12                        91    -79      129
..................................................................


WIND (MPH)
  RESULTANT WIND SPEED   8   RESULTANT WIND DIRECTION  SE (130)
  HIGHEST WIND SPEED    17   HIGHEST WIND DIRECTION    SE (140)
  HIGHEST GUST SPEED    24   HIGHEST GUST DIRECTION    SE (120)
  AVERAGE WIND SPEED     7.8


SKY COVER
  POSSIBLE SUNSHINE  MM
  AVERAGE SKY COVER 0.4


WEATHER CONDITIONS
 THE FOLLOWING WEATHER WAS RECORDED YESTERDAY.
  THUNDERSTORM
  RAIN
  LIGHT RAIN
  FOG
  FOG W/VISIBILITY <= 1/4 MILE
  HAZE


RELATIVE HUMIDITY (PERCENT)
 HIGHEST   100
 LOWEST     67
 AVERAGE    84

..........................................................


THE WAUKEGAN   CLIMATE NORMALS FOR TODAY
                         NORMAL    RECORD    YEAR
 MAXIMUM TEMPERATURE (F)   78        95      2005
 MINIMUM TEMPERATURE (F)   59        46      2006


SUNRISE AND SUNSET
JUNE 24 2019..........SUNRISE   515 AM CDT   SUNSET   832 PM CDT
JUNE 25 2019..........SUNRISE   516 AM CDT   SUNSET   833 PM CDT


-  INDICATES NEGATIVE NUMBERS.
R  INDICATES RECORD WAS SET OR TIED.
MM INDICATES DATA IS MISSING.
T  INDICATES TRACE AMOUNT.




$$
