591
CDUS46 KSEW 250845
CLIUIL


CLIMATE REPORT
NATIONAL WEATHER SERVICE SEATTLE WA
145 AM PDT THU APR 25 2019


...................................

...THE QUILLAYUTE WA AIRPORT CLIMATE SUMMARY FOR APRIL 24 2019...

CLIMATE NORMAL PERIOD 1981 TO 2010
CLIMATE RECORD PERIOD 1966 TO 2019


WEATHER ITEM   OBSERVED TIME   RECORD YEAR NORMAL DEPARTURE LAST
                VALUE   (LST)  VALUE       VALUE  FROM      YEAR
                                                  NORMAL
..................................................................
TEMPERATURE (F)
 YESTERDAY
  MAXIMUM         56    249 PM  76    2018  56      0       76
  MINIMUM         38   1139 PM  30    2009  39     -1       39
  AVERAGE         47                        48     -1       58

PRECIPITATION (IN)
  YESTERDAY        0.00          0.96 2012   0.23  -0.23     0.00
  MONTH TO DATE    8.24                      6.55   1.69    10.27
  SINCE OCT 1     74.74                     81.34  -6.60    86.02
  SINCE JAN 1     30.82                     42.34 -11.52    47.80

DEGREE DAYS
 HEATING
  YESTERDAY       18                        17      1        7
  MONTH TO DATE  394                       448    -54      438
  SINCE MAR 1   1040                      1096    -56     1132
  SINCE JUL 1   4768                      4941   -173     4777

 COOLING
  YESTERDAY        0                         0      0        0
  MONTH TO DATE    0                         0      0        0
  SINCE MAR 1      0                         0      0        0
  SINCE JAN 1      0                         0      0        0
..................................................................


WIND (MPH)
  RESULTANT WIND SPEED   3   RESULTANT WIND DIRECTION  NW (300)
  HIGHEST WIND SPEED    15   HIGHEST WIND DIRECTION     W (250)
  HIGHEST GUST SPEED    19   HIGHEST GUST DIRECTION     W (250)
  AVERAGE WIND SPEED     5.0


SKY COVER
  AVERAGE SKY COVER 0.4


WEATHER CONDITIONS
 THE FOLLOWING WEATHER WAS RECORDED YESTERDAY.
  NO SIGNIFICANT WEATHER WAS OBSERVED.


RELATIVE HUMIDITY (PERCENT)
 HIGHEST    96           400 AM
 LOWEST     54           100 PM
 AVERAGE    75

..........................................................


THE QUILLAYUTE WA AIRPORT CLIMATE NORMALS FOR TODAY
                         NORMAL    RECORD    YEAR
 MAXIMUM TEMPERATURE (F)   56        75      1971
 MINIMUM TEMPERATURE (F)   39        26      1999


SUNRISE AND SUNSET
APRIL 25 2019.........SUNRISE   611 AM PDT   SUNSET   823 PM PDT
APRIL 26 2019.........SUNRISE   609 AM PDT   SUNSET   824 PM PDT


-  INDICATES NEGATIVE NUMBERS.
R  INDICATES RECORD WAS SET OR TIED.
MM INDICATES DATA IS MISSING.
T  INDICATES TRACE AMOUNT.




$$
