000
CDUS46 KSEW 230123
CLIUIL


CLIMATE REPORT
NATIONAL WEATHER SERVICE SEATTLE WA
622 PM PDT MON JUL 22 2019


...................................

...THE QUILLAYUTE WA AIRPORT CLIMATE SUMMARY FOR JULY 22 2019...
VALID TODAY AS OF 0500 PM LOCAL TIME.

CLIMATE NORMAL PERIOD 1981 TO 2010
CLIMATE RECORD PERIOD 1966 TO 2019


WEATHER ITEM   OBSERVED TIME   RECORD YEAR NORMAL DEPARTURE LAST
                VALUE   (LST)  VALUE       VALUE  FROM      YEAR
                                                  NORMAL
..................................................................
TEMPERATURE (F)
 TODAY
  MAXIMUM         70   1209 PM  92    2004  68      2       74
  MINIMUM         47    509 AM  42    1977  51     -4       47
                                      1975
  AVERAGE         59                        60     -1       61

PRECIPITATION (IN)
  TODAY            0.00          0.42 2007   0.05  -0.05     0.00
  MONTH TO DATE    2.78                      1.47   1.31     0.71
  SINCE OCT 1     79.34                     92.72 -13.38    92.42
  SINCE JAN 1     35.42                     53.72 -18.30    54.20

DEGREE DAYS
 HEATING
  TODAY            6                         6      0        4
  MONTH TO DATE  104                       146    -42      105
  SINCE JUN 1    375                       440    -65      384
  SINCE JUL 1    104                       146    -42      105

 COOLING
  TODAY            0                         0      0        0
  MONTH TO DATE    0                         0      0        2
  SINCE JUN 1     10                         3      7        4
  SINCE JAN 1     10                         4      6        4
..................................................................


WIND (MPH)
  RESULTANT WIND SPEED   3   RESULTANT WIND DIRECTION   W (260)
  HIGHEST WIND SPEED    13   HIGHEST WIND DIRECTION    SW (240)
  HIGHEST GUST SPEED    18   HIGHEST GUST DIRECTION    SW (240)
  AVERAGE WIND SPEED     3.9


SKY COVER
  AVERAGE SKY COVER 0.5


WEATHER CONDITIONS
 THE FOLLOWING WEATHER WAS RECORDED TODAY.
  NO SIGNIFICANT WEATHER WAS OBSERVED.


RELATIVE HUMIDITY (PERCENT)
 HIGHEST    96           600 AM
 LOWEST     63          1000 AM
 AVERAGE    80

..........................................................


THE QUILLAYUTE WA AIRPORT CLIMATE NORMALS FOR TOMORROW
                         NORMAL    RECORD    YEAR
 MAXIMUM TEMPERATURE (F)   68        93      2004
 MINIMUM TEMPERATURE (F)   51        44      2011
                                             1977
                                             1973


SUNRISE AND SUNSET
JULY 22 2019..........SUNRISE   542 AM PDT   SUNSET   906 PM PDT
JULY 23 2019..........SUNRISE   543 AM PDT   SUNSET   905 PM PDT


-  INDICATES NEGATIVE NUMBERS.
R  INDICATES RECORD WAS SET OR TIED.
MM INDICATES DATA IS MISSING.
T  INDICATES TRACE AMOUNT.




$$
