000
CDUS43 KLSX 160730
CLIUIN


CLIMATE REPORT
NATIONAL WEATHER SERVICE ST LOUIS MO
230 AM CDT TUE JUL 16 2019


...................................

...THE QUINCY IL CLIMATE SUMMARY FOR JULY 15 2019...

CLIMATE NORMAL PERIOD 1981 TO 2010
CLIMATE RECORD PERIOD 1901 TO 2019


WEATHER ITEM   OBSERVED TIME   RECORD YEAR NORMAL DEPARTURE LAST
                VALUE   (LST)  VALUE       VALUE  FROM      YEAR
                                                  NORMAL
..................................................................
TEMPERATURE (F)
 YESTERDAY
  MAXIMUM         84   1136 AM 114    1936  86     -2       90
  MINIMUM         67    438 AM  52    1967  67      0       69
                                      1945
  AVERAGE         76                        76      0

PRECIPITATION (IN)
  YESTERDAY        0.01          3.17 1910   0.14  -0.13     0.00
  MONTH TO DATE    0.21                      2.02  -1.81     0.54
  SINCE JUN 1      4.08                      6.01  -1.93     2.65
  SINCE JAN 1     23.61                     20.10   3.51    12.35

DEGREE DAYS
 HEATING
  YESTERDAY        0                         0      0
  MONTH TO DATE    0                         0      0
  SINCE JUN 1      5                        16    -11
  SINCE JUL 1      0                         0      0

 COOLING
  YESTERDAY       11                        11      0
  MONTH TO DATE  232                       165     67
  SINCE JUN 1    469                       392     77
  SINCE JAN 1    579                       478    101
..................................................................


WIND (MPH)
  HIGHEST WIND SPEED    24   HIGHEST WIND DIRECTION    SE (120)
  HIGHEST GUST SPEED    32   HIGHEST GUST DIRECTION    SE (130)
  AVERAGE WIND SPEED     9.7


SKY COVER
  AVERAGE SKY COVER 0.4



RELATIVE HUMIDITY (PERCENT)
 HIGHEST    93           900 PM
 LOWEST     55          1100 AM
 AVERAGE    74

..........................................................


THE QUINCY IL CLIMATE NORMALS FOR TODAY
                         NORMAL    RECORD    YEAR
 MAXIMUM TEMPERATURE (F)   86       111      1936
 MINIMUM TEMPERATURE (F)   67        52      2014


SUNRISE AND SUNSET
JULY 16 2019..........SUNRISE   549 AM CDT   SUNSET   832 PM CDT
JULY 17 2019..........SUNRISE   550 AM CDT   SUNSET   831 PM CDT


-  INDICATES NEGATIVE NUMBERS.
R  INDICATES RECORD WAS SET OR TIED.
MM INDICATES DATA IS MISSING.
T  INDICATES TRACE AMOUNT.




$$
