000
CDUS46 KEKA 260026
CLIUKI


CLIMATE REPORT
NATIONAL WEATHER SERVICE EUREKA CA
522 PM PDT TUE JUN 25 2019


...................................

...THE UKIAH CA CLIMATE SUMMARY FOR JUNE 25 2019...
VALID TODAY AS OF 0500 PM LOCAL TIME.

CLIMATE NORMAL PERIOD 1981 TO 2010
CLIMATE RECORD PERIOD 1903 TO 2019


WEATHER ITEM   OBSERVED RECORD YEAR NORMAL DEPARTURE LAST
                VALUE   VALUE       VALUE  FROM      YEAR
                                           NORMAL
...........................................................
TEMPERATURE (F)
 TODAY
  MAXIMUM         83    109    1925  86     -3       91
  MINIMUM         56     41    2012  55      1       54
                               1943
  AVERAGE         70                 70      0       73

PRECIPITATION (IN)
  TODAY            0.00   0.50 1897   0.00   0.00     0.00
  MONTH TO DATE    0.00               0.31  -0.31     0.00
  SINCE OCT 1     43.64              36.73   6.91    23.65
  SINCE JAN 1     34.69              23.35  11.34    18.07

SNOWFALL (IN)
  TODAY            0.0   MM          MM     MM        0.0
  MONTH TO DATE    0.0               MM     MM        0.0
  SINCE JUN 1      0.0               MM     MM        0.0
  SINCE JUL 1      0.0               MM     MM        0.0
  SNOW DEPTH       0

...........................................................


WIND (MPH)
  HIGHEST WIND SPEED    17   HIGHEST WIND DIRECTION     N (340)
  HIGHEST GUST SPEED    23   HIGHEST GUST DIRECTION     N (350)
  AVERAGE WIND SPEED     4.9


SKY COVER
  AVERAGE SKY COVER 0.0


WEATHER CONDITIONS
 THE FOLLOWING WEATHER WAS RECORDED TODAY.
  NO SIGNIFICANT WEATHER WAS OBSERVED.


RELATIVE HUMIDITY (PERCENT)
 HIGHEST    67
 LOWEST     17
 AVERAGE    42

..........................................................


THE UKIAH CA CLIMATE NORMALS FOR TOMORROW
                         NORMAL    RECORD    YEAR
 MAXIMUM TEMPERATURE (F)   86       109      1918
 MINIMUM TEMPERATURE (F)   55        39      1901


SUNRISE AND SUNSET
JUNE 25 2019..........SUNRISE   548 AM PDT   SUNSET   843 PM PDT
JUNE 26 2019..........SUNRISE   548 AM PDT   SUNSET   843 PM PDT


-  INDICATES NEGATIVE NUMBERS.
R  INDICATES RECORD WAS SET OR TIED.
MM INDICATES DATA IS MISSING.
T  INDICATES TRACE AMOUNT.




$$
