274
CDUS43 KSGF 202231
CLIUNO


CLIMATE REPORT
NATIONAL WEATHER SERVICE SPRINGFIELD MO
531 PM CDT SAT APR 20 2019


...................................

...THE WEST PLAINS MO CLIMATE SUMMARY FOR APRIL 20 2019...
VALID TODAY AS OF 0500 PM LOCAL TIME.

CLIMATE NORMAL PERIOD 1981 TO 2010
CLIMATE RECORD PERIOD 1947 TO 2019


WEATHER ITEM   OBSERVED TIME   RECORD YEAR NORMAL DEPARTURE LAST
                VALUE   (LST)  VALUE       VALUE  FROM      YEAR
                                                  NORMAL
..................................................................
TEMPERATURE (F)
 TODAY
  MAXIMUM         71    356 PM  91    1987  71      0       66
  MINIMUM         40    536 AM  30    2013  46     -6       32
                                      1953
  AVERAGE         56                        59     -3       49

PRECIPITATION (IN)
  TODAY            0.00          2.84 1992   0.16  -0.16     0.00
  MONTH TO DATE    3.23                      2.85   0.38     2.52
  SINCE MAR 1      7.40                      7.14   0.26     8.29
  SINCE JAN 1     16.94                     12.70   4.24    17.52

DEGREE DAYS
 COOLING
  TODAY            0                         1     -1        0
  MONTH TO DATE   14                        15     -1        5
  SINCE MAR 1     14                        19     -5        5
  SINCE JAN 1     14                        19     -5       11
..................................................................


WIND (MPH)
  HIGHEST WIND SPEED    17   HIGHEST WIND DIRECTION     N (340)
  HIGHEST GUST SPEED    27   HIGHEST GUST DIRECTION     N (350)


SKY COVER
  AVERAGE SKY COVER 0.0


WEATHER CONDITIONS
 THE FOLLOWING WEATHER WAS RECORDED TODAY.
  NO SIGNIFICANT WEATHER WAS OBSERVED.


RELATIVE HUMIDITY (PERCENT)
 HIGHEST    64           500 AM
 LOWEST     25           200 PM
 AVERAGE    45

..........................................................


THE WEST PLAINS MO CLIMATE NORMALS FOR TOMORROW
                         NORMAL    RECORD    YEAR
 MAXIMUM TEMPERATURE (F)   71        91      1963
 MINIMUM TEMPERATURE (F)   47        29      1953


SUNRISE AND SUNSET
APRIL 20 2019.........SUNRISE   627 AM CDT   SUNSET   747 PM CDT
APRIL 21 2019.........SUNRISE   626 AM CDT   SUNSET   747 PM CDT


-  INDICATES NEGATIVE NUMBERS.
R  INDICATES RECORD WAS SET OR TIED.
MM INDICATES DATA IS MISSING.
T  INDICATES TRACE AMOUNT.




$$
