000
CDUS43 KSGF 200628
CLIUNO


CLIMATE REPORT
NATIONAL WEATHER SERVICE SPRINGFIELD MO
128 AM CDT THU JUN 20 2019


...................................

...THE WEST PLAINS MO CLIMATE SUMMARY FOR JUNE 19 2019...

CLIMATE NORMAL PERIOD 1981 TO 2010
CLIMATE RECORD PERIOD 1947 TO 2019


WEATHER ITEM   OBSERVED TIME   RECORD YEAR NORMAL DEPARTURE LAST
                VALUE   (LST)  VALUE       VALUE  FROM      YEAR
                                                  NORMAL
..................................................................
TEMPERATURE (F)
 YESTERDAY
  MAXIMUM         84    323 PM 102    1953  85     -1       88
  MINIMUM         66    636 AM  50    1965  64      2       71
  AVERAGE         75                        75      0       80

PRECIPITATION (IN)
  YESTERDAY        0.12          1.40 1970   0.15  -0.03     0.00
  MONTH TO DATE    5.99                      2.54   3.45     0.52
  SINCE JUN 1      5.99                      2.54   3.45     0.52
  SINCE JAN 1     34.74                     21.81  12.93    23.26

DEGREE DAYS
 HEATING
  YESTERDAY        0                         0      0        0
  MONTH TO DATE    4                         4      0        0
  SINCE JUN 1      4                         4      0        0
  SINCE JUL 1   4326                      4346    -20     4217

 COOLING
  YESTERDAY       10                        10      0       15
  MONTH TO DATE  134                       146    -12      253
  SINCE JUN 1    134                       146    -12      253
  SINCE JAN 1    298                       268     30      507
..................................................................


WIND (MPH)
  HIGHEST WIND SPEED    15   HIGHEST WIND DIRECTION     W (260)
  HIGHEST GUST SPEED    24   HIGHEST GUST DIRECTION     W (280)
  AVERAGE WIND SPEED     4.5


SKY COVER
  AVERAGE SKY COVER 0.4


WEATHER CONDITIONS
 THE FOLLOWING WEATHER WAS RECORDED YESTERDAY.
  THUNDERSTORM
  HEAVY RAIN
  LIGHT RAIN
  FOG


RELATIVE HUMIDITY (PERCENT)
 HIGHEST    93           300 AM
 LOWEST     62           200 PM
 AVERAGE    78

..........................................................


THE WEST PLAINS MO CLIMATE NORMALS FOR TODAY
                         NORMAL    RECORD    YEAR
 MAXIMUM TEMPERATURE (F)   85       102      1953
 MINIMUM TEMPERATURE (F)   65        50      1985


SUNRISE AND SUNSET
JUNE 20 2019..........SUNRISE   548 AM CDT   SUNSET   830 PM CDT
JUNE 21 2019..........SUNRISE   549 AM CDT   SUNSET   830 PM CDT


-  INDICATES NEGATIVE NUMBERS.
R  INDICATES RECORD WAS SET OR TIED.
MM INDICATES DATA IS MISSING.
T  INDICATES TRACE AMOUNT.




$$
