199
CDUS43 KSGF 262129
CLIUNO


CLIMATE REPORT
NATIONAL WEATHER SERVICE SPRINGFIELD MO
429 PM CDT THU APR 26 2018


...................................

...THE WEST PLAINS MO CLIMATE SUMMARY FOR APRIL 26 2018...
VALID AS OF 0400 PM LOCAL TIME.

CLIMATE NORMAL PERIOD 1981 TO 2010
CLIMATE RECORD PERIOD 1947 TO 2018


WEATHER ITEM   OBSERVED TIME   RECORD YEAR NORMAL DEPARTURE LAST
                VALUE   (LST)  VALUE       VALUE  FROM      YEAR
                                                  NORMAL
..................................................................
TEMPERATURE (F)
 TODAY
  MAXIMUM         67    253 PM  89    1987  72     -5       67
  MINIMUM         49    615 AM  30    1976  48      1       46
  AVERAGE         58                        60     -2       57

PRECIPITATION (IN)
  TODAY            0.00          2.16 2017   0.17  -0.17     2.16
  MONTH TO DATE    3.69                      3.84  -0.15     8.73
  SINCE MAR 1      9.46                      8.13   1.33    15.02
  SINCE JAN 1     18.69                     13.69   5.00    19.65

DEGREE DAYS
 HEATING
  TODAY            7                         6      1        8
  MONTH TO DATE  403                       232    171      143
  SINCE MAR 1    949                       778    171      572
  SINCE JUL 1   4194                      4242    -48     3221

 COOLING
  TODAY            0                         1     -1        0
  MONTH TO DATE    5                        21    -16       20
  SINCE MAR 1      5                        25    -20       24
  SINCE JAN 1     11                        25    -14       25
..................................................................


WIND (MPH)
  HIGHEST WIND SPEED    14   HIGHEST WIND DIRECTION     N (20)
  HIGHEST GUST SPEED    20   HIGHEST GUST DIRECTION     N (360)


SKY COVER
  AVERAGE SKY COVER 0.8


WEATHER CONDITIONS
 THE FOLLOWING WEATHER WAS RECORDED TODAY.
  FOG


RELATIVE HUMIDITY (PERCENT)
 HIGHEST    93           600 AM
 LOWEST     48           300 PM
 AVERAGE    71

..........................................................


THE WEST PLAINS MO CLIMATE NORMALS FOR TOMORROW
                         NORMAL    RECORD    YEAR
 MAXIMUM TEMPERATURE (F)   73        87      1989
 MINIMUM TEMPERATURE (F)   49        33      1953
                                             1992


SUNRISE AND SUNSET
APRIL 26 2018.........SUNRISE   619 AM CDT   SUNSET   752 PM CDT
APRIL 27 2018.........SUNRISE   618 AM CDT   SUNSET   753 PM CDT


-  INDICATES NEGATIVE NUMBERS.
R  INDICATES RECORD WAS SET OR TIED.
MM INDICATES DATA IS MISSING.
T  INDICATES TRACE AMOUNT.




$$
