000
CDUS43 KUNR 160831
CLIUNR


CLIMATE REPORT
NATIONAL WEATHER SERVICE RAPID CITY SD
231 AM MDT SUN JUN 16 2019


...................................

...THE EAST RAPID CITY SD CLIMATE SUMMARY FOR JUNE 15 2019...

CLIMATE NORMAL PERIOD 1981 TO 2010
CLIMATE RECORD PERIOD 1888 TO 2019


WEATHER ITEM   OBSERVED RECORD YEAR NORMAL DEPARTURE LAST
                VALUE   VALUE       VALUE  FROM      YEAR
                                           NORMAL
...........................................................
TEMPERATURE (F)
 YESTERDAY
  MAXIMUM         73    102    1936  76     -3       80
  MINIMUM         57     40    1969  54      3       63
  AVERAGE         65                 65      0       72

PRECIPITATION (IN)
  YESTERDAY        0.00   2.13 1901   0.10  -0.10     0.00
  MONTH TO DATE    1.26               1.95  -0.69     0.47
  SINCE JUN 1      1.26               1.95  -0.69     0.47
  SINCE JAN 1     14.45              10.00   4.45    10.41

SNOWFALL (IN)
  YESTERDAY        0.0    0.0  2002   0.0    0.0      0.0
                               2001
                               2000
  MONTH TO DATE    0.0                0.0    0.0      0.0
  SINCE JUN 1      0.0                0.0    0.0      0.0
  SINCE JUL 1     80.2               49.3   30.9     66.4
  SNOW DEPTH       0

DEGREE DAYS
 HEATING
  YESTERDAY        0                  3     -3        0
  MONTH TO DATE   44                 64    -20        4
  SINCE JUN 1     44                 64    -20        4
  SINCE JUL 1   7679               6836    843     6998

 COOLING
  YESTERDAY        0                  3     -3        7
  MONTH TO DATE   32                 27      5       85
  SINCE JUN 1     32                 27      5       85
  SINCE JAN 1     36                 45     -9      138
...........................................................


WIND (MPH)
  HIGHEST GUST SPEED    33   HIGHEST GUST DIRECTION     N (10)



WEATHER CONDITIONS
 THE FOLLOWING WEATHER WAS RECORDED YESTERDAY.
  NO SIGNIFICANT WEATHER WAS OBSERVED.


..........................................................


THE EAST RAPID CITY SD CLIMATE NORMALS FOR TODAY
                         NORMAL    RECORD    YEAR
 MAXIMUM TEMPERATURE (F)   76        99      2016
 MINIMUM TEMPERATURE (F)   54        43      1945


SUNRISE AND SUNSET
JUNE 16 2019..........SUNRISE   509 AM MDT   SUNSET   838 PM MDT
JUNE 17 2019..........SUNRISE   509 AM MDT   SUNSET   838 PM MDT


-  INDICATES NEGATIVE NUMBERS.
R  INDICATES RECORD WAS SET OR TIED.
MM INDICATES DATA IS MISSING.
T  INDICATES TRACE AMOUNT.




$$
