000
CDUS43 KUNR 220832
CLIUNR


CLIMATE REPORT
NATIONAL WEATHER SERVICE RAPID CITY SD
231 AM MDT MON APR 22 2019


...................................

...THE EAST RAPID CITY SD CLIMATE SUMMARY FOR APRIL 21 2019...

CLIMATE NORMAL PERIOD 1981 TO 2010
CLIMATE RECORD PERIOD 1888 TO 2019


WEATHER ITEM   OBSERVED RECORD YEAR NORMAL DEPARTURE LAST
                VALUE   VALUE       VALUE  FROM      YEAR
                                           NORMAL
...........................................................
TEMPERATURE (F)
 YESTERDAY
  MAXIMUM         55     86    1901  58     -3       56
  MINIMUM         40     12    1927  36      4       35
  AVERAGE         48                 47      1       46

PRECIPITATION (IN)
  YESTERDAY        0.22   1.03 2005   0.08   0.14      T
  MONTH TO DATE    1.79               1.30   0.49     1.45
  SINCE MAR 1      2.84               2.29   0.55     2.98
  SINCE JAN 1      3.86               3.06   0.80     4.17

SNOWFALL (IN)
  YESTERDAY        0.0    6.1  1902   0.2   -0.2      0.0
  MONTH TO DATE   11.5                6.9    4.6     18.8
  SINCE MAR 1     23.4               18.7    4.7     34.3
  SINCE JUL 1     68.6               45.4   23.2     66.4
  SNOW DEPTH       0

DEGREE DAYS
 HEATING
  YESTERDAY       17                 18     -1       19
  MONTH TO DATE  415                457    -42      647
  SINCE MAR 1   1500               1365    135     1595
  SINCE JUL 1   6946               6319    627     6697

 COOLING
  YESTERDAY        0                  0      0        0
  MONTH TO DATE    0                  0      0        0
  SINCE MAR 1      0                  0      0        0
  SINCE JAN 1      0                  0      0        0
...........................................................


WIND (MPH)
  HIGHEST GUST SPEED    37   HIGHEST GUST DIRECTION     N (10)



WEATHER CONDITIONS
 THE FOLLOWING WEATHER WAS RECORDED YESTERDAY.
  LIGHT RAIN


..........................................................


THE EAST RAPID CITY SD CLIMATE NORMALS FOR TODAY
                         NORMAL    RECORD    YEAR
 MAXIMUM TEMPERATURE (F)   58        85      1939
 MINIMUM TEMPERATURE (F)   36        17      1967


SUNRISE AND SUNSET
APRIL 22 2019.........SUNRISE   558 AM MDT   SUNSET   745 PM MDT
APRIL 23 2019.........SUNRISE   557 AM MDT   SUNSET   746 PM MDT


-  INDICATES NEGATIVE NUMBERS.
R  INDICATES RECORD WAS SET OR TIED.
MM INDICATES DATA IS MISSING.
T  INDICATES TRACE AMOUNT.




$$
