646
CDUS44 KCRP 160936
CLIVCT

CLIMATE REPORT
NATIONAL WEATHER SERVICE CORPUS CHRISTI TX
435 AM CDT WED OCT 16 2019


...THE VICTORIA CLIMATE SUMMARY FOR OCTOBER 15 2019...

CLIMATE NORMAL PERIOD 1981 TO 2010
CLIMATE RECORD PERIOD 1893 TO 2019


WEATHER ITEM   OBSERVED TIME   RECORD YEAR NORMAL DEPARTURE LAST
                VALUE   (LST)  VALUE       VALUE  FROM      YEAR
                                                  NORMAL
..................................................................
TEMPERATURE (F)
 YESTERDAY
  MAXIMUM         95    314 PM  98    1925  84     11       76
  MINIMUM         76   1159 PM  43    1995  61     15       50
  AVERAGE         86                        72     14       63

PRECIPITATION (IN)
  YESTERDAY        0.00          2.88 1967   0.16  -0.16     0.55
  MONTH TO DATE    0.41                      2.21  -1.80     3.41
  SINCE SEP 1      4.09                      6.37  -2.28     9.93
  SINCE JAN 1     19.77                     33.24 -13.47    27.48

SNOWFALL (IN)
  YESTERDAY        0.0           0.0  2002   0.0    0.0      0.0
                                      2001
  MONTH TO DATE    0.0                       0.0    0.0      0.0
  SINCE SEP 1      0.0                       0.0    0.0      0.0
  SINCE JUL 1      0.0                       0.0    0.0      0.0
  SNOW DEPTH       0

DEGREE DAYS
 HEATING
  YESTERDAY        0                         0      0        2
  MONTH TO DATE    0                         0      0        2
  SINCE SEP 1      0                         1     -1        2
  SINCE JUL 1      0                         1     -1        2

 COOLING
  YESTERDAY       21                         8     13        0
  MONTH TO DATE  220                       142     78      208
  SINCE SEP 1    820                       587    233      698
  SINCE JAN 1   3485                      2940    545     3392
..................................................................


WIND (MPH)
  HIGHEST WIND SPEED    18   HIGHEST WIND DIRECTION     S (170)
  HIGHEST GUST SPEED    23   HIGHEST GUST DIRECTION     S (170)
  AVERAGE WIND SPEED     9.2


SKY COVER
  POSSIBLE SUNSHINE  MM
  AVERAGE SKY COVER 0.2


WEATHER CONDITIONS
 THE FOLLOWING WEATHER WAS RECORDED YESTERDAY.
  FOG


RELATIVE HUMIDITY (PERCENT)
 HIGHEST    94           700 AM
 LOWEST     46           300 PM
 AVERAGE    70

..........................................................


THE VICTORIA CLIMATE NORMALS FOR TODAY
                         NORMAL    RECORD    YEAR
 MAXIMUM TEMPERATURE (F)   84        96      1933
 MINIMUM TEMPERATURE (F)   61        45      1974


SUNRISE AND SUNSET
OCTOBER 16 2019.......SUNRISE   729 AM CDT   SUNSET   657 PM CDT
OCTOBER 17 2019.......SUNRISE   730 AM CDT   SUNSET   656 PM CDT


-  INDICATES NEGATIVE NUMBERS.
R  INDICATES RECORD WAS SET OR TIED.
MM INDICATES DATA IS MISSING.
T  INDICATES TRACE AMOUNT.


$$

87
