000
CDUS44 KCRP 260037
CLIVCT

CLIMATE REPORT
NATIONAL WEATHER SERVICE CORPUS CHRISTI TX
736 PM CDT THU APR 25 2019


...................................

...THE VICTORIA CLIMATE SUMMARY FOR APRIL 25 2019...
VALID TODAY AS OF 700 PM LOCAL TIME.

CLIMATE NORMAL PERIOD 1981 TO 2010
CLIMATE RECORD PERIOD 1893 TO 2019


WEATHER ITEM   OBSERVED TIME   RECORD YEAR NORMAL DEPARTURE LAST
                VALUE   (LST)  VALUE       VALUE  FROM      YEAR
                                                  NORMAL
..................................................................
TEMPERATURE (F)
 TODAY
  MAXIMUM         87    409 PM  96    1932  82      5       87
  MINIMUM         57    601 AM  45    1910  62     -5       57
  AVERAGE         72                        72      0       72

PRECIPITATION (IN)
  TODAY            0.00          2.75 1966   0.10  -0.10     0.01
  MONTH TO DATE    2.17                      2.25  -0.08     1.39
  SINCE MAR 1      2.62                      5.02  -2.40     3.34
  SINCE JAN 1      7.42                      9.62  -2.20     5.52

SNOWFALL (IN)
  TODAY            0.0           0.0  2002   0.0    0.0      0.0
                                      2001
                                      2000
  MONTH TO DATE    0.0                       0.0    0.0      0.0
  SINCE MAR 1      0.0                       0.0    0.0      0.0
  SINCE JUL 1      T                         0.1   -0.1      2.0
  SNOW DEPTH       0

DEGREE DAYS
 HEATING
  TODAY            0                         0      0        0
  MONTH TO DATE   33                        29      4       31
  SINCE MAR 1    190                       154     36       86
  SINCE JUL 1   1236                      1247    -11     1133

 COOLING
  TODAY            7                         7      0        7
  MONTH TO DATE  144                       136      8      107
  SINCE MAR 1    248                       210     38      257
  SINCE JAN 1    289                       248     41      347
..................................................................


WIND (MPH)
  HIGHEST WIND SPEED    17   HIGHEST WIND DIRECTION    NW (310)
  HIGHEST GUST SPEED    22   HIGHEST GUST DIRECTION     W (270)


SKY COVER
  POSSIBLE SUNSHINE  MM
  AVERAGE SKY COVER 0.2


WEATHER CONDITIONS
 THE FOLLOWING WEATHER WAS RECORDED TODAY.
  FOG


RELATIVE HUMIDITY (PERCENT)
 HIGHEST    97           700 AM
 LOWEST     34           400 PM
 AVERAGE    66

..........................................................


THE VICTORIA CLIMATE NORMALS FOR TOMORROW
                         NORMAL    RECORD    YEAR
 MAXIMUM TEMPERATURE (F)   83        96      1933
 MINIMUM TEMPERATURE (F)   62        46      1913


SUNRISE AND SUNSET
APRIL 25 2019.........SUNRISE   652 AM CDT   SUNSET   800 PM CDT
APRIL 26 2019.........SUNRISE   651 AM CDT   SUNSET   800 PM CDT


-  INDICATES NEGATIVE NUMBERS.
R  INDICATES RECORD WAS SET OR TIED.
MM INDICATES DATA IS MISSING.
T  INDICATES TRACE AMOUNT.




$$
