000
CDUS45 KGJT 240735
CLIVEL


CLIMATE REPORT
NATIONAL WEATHER SERVICE GRAND JUNCTION CO
134 AM MDT THU MAY 24 2018


...................................

...THE VERNAL UT CLIMATE SUMMARY FOR MAY 23 2018...

CLIMATE NORMAL PERIOD 1981 TO 2010
CLIMATE RECORD PERIOD 9999 TO 9999


WEATHER ITEM   OBSERVED TIME   RECORD YEAR NORMAL DEPARTURE LAST
                VALUE   (LST)  VALUE       VALUE  FROM      YEAR
                                                  NORMAL
..................................................................
TEMPERATURE (F)
 YESTERDAY
  MAXIMUM         74    354 PM  MM      MM  72      2       71
  MINIMUM         42    533 AM  MM      MM  45     -3       36
  AVERAGE         58                        59     -1       54

PRECIPITATION (IN)
  YESTERDAY        0.00         MM      MM   0.03  -0.03     0.00
  MONTH TO DATE    0.24                      0.69  -0.45     0.21
  SINCE MAR 1      1.27                      2.19  -0.92     1.52
  SINCE JAN 1      2.36                      3.21  -0.85     4.68

SNOWFALL (IN)
  YESTERDAY       MM            MM      MM  MM     MM       MM
  MONTH TO DATE   MM                        MM     MM       MM
  SINCE MAR 1     MM                        MM     MM       MM
  SINCE JUL 1     MM                        MM     MM       MM
  SNOW DEPTH      MM

DEGREE DAYS
 HEATING
  YESTERDAY        7                         7      0       11
  MONTH TO DATE   98                       225   -127      230
  SINCE MAR 1   1305                      1613   -308     1385
  SINCE JUL 1   6031                      7104  -1073     6442

 COOLING
  YESTERDAY        0                         0      0        0
  MONTH TO DATE   10                         0     10        0
  SINCE MAR 1     10                         0     10        0
  SINCE JAN 1     10                         0     10        0
..................................................................


WIND (MPH)
  HIGHEST WIND SPEED    20   HIGHEST WIND DIRECTION     W (280)
  HIGHEST GUST SPEED    25   HIGHEST GUST DIRECTION     W (270)
  AVERAGE WIND SPEED     4.3


SKY COVER
  POSSIBLE SUNSHINE  MM
  AVERAGE SKY COVER 0.1


WEATHER CONDITIONS
 THE FOLLOWING WEATHER WAS RECORDED YESTERDAY.
  NO SIGNIFICANT WEATHER WAS OBSERVED.


RELATIVE HUMIDITY (PERCENT)
 HIGHEST    76           300 AM
 LOWEST     23           400 PM
 AVERAGE    50

..........................................................


THE VERNAL UT CLIMATE NORMALS FOR TODAY
                         NORMAL    RECORD    YEAR
 MAXIMUM TEMPERATURE (F)   73        MM        MM
 MINIMUM TEMPERATURE (F)   45        MM        MM


SUNRISE AND SUNSET
MAY 24 2018...........SUNRISE   554 AM MDT   SUNSET   836 PM MDT
MAY 25 2018...........SUNRISE   554 AM MDT   SUNSET   837 PM MDT


-  INDICATES NEGATIVE NUMBERS.
R  INDICATES RECORD WAS SET OR TIED.
MM INDICATES DATA IS MISSING.
T  INDICATES TRACE AMOUNT.




$$
