000
CDUS45 KVEF 230030
CLIVGT


CLIMATE REPORT
NATIONAL WEATHER SERVICE LAS VEGAS, NV
529 PM PDT MON JUL 22 2019


...................................

...THE NORTH_LAS_VEGAS NV CLIMATE SUMMARY FOR JULY 22 2019...
VALID TODAY AS OF 0500 PM LOCAL TIME.

CLIMATE NORMAL PERIOD 1981 TO 2010
CLIMATE RECORD PERIOD 2000 TO 2019


WEATHER ITEM   OBSERVED TIME   RECORD YEAR NORMAL DEPARTURE LAST
                VALUE   (LST)  VALUE       VALUE  FROM      YEAR
                                                  NORMAL
..................................................................
TEMPERATURE (F)
 TODAY
  MAXIMUM        108        MM 112    2016 105      3      103
  MINIMUM         81        MM  70    2001  79      2       78
  AVERAGE         95                        92      3       91

PRECIPITATION (IN)
  TODAY            0.00          T    2009   0.02  -0.02     0.00
  MONTH TO DATE    T                         0.25  -0.25     0.01
  SINCE OCT 1      5.61                      4.34   1.27     1.83
  SINCE JAN 1      4.98                      2.93   2.05     1.83

DEGREE DAYS
 HEATING
  TODAY            0                         0      0        0
  MONTH TO DATE    0                         0      0        0
  SINCE JUN 1      0                         0      0        0
  SINCE JUL 1      0                         0      0        0

 COOLING
  TODAY           30                        27      3       26
  MONTH TO DATE  576                       576      0      607
  SINCE JUN 1   1232                      1181     51     1346
  SINCE JAN 1   1582                      1657    -75     1977
..................................................................


WIND (MPH)
  RESULTANT WIND SPEED   2   RESULTANT WIND DIRECTION   E (100)
  HIGHEST WIND SPEED    15   HIGHEST WIND DIRECTION    SE (150)
  HIGHEST GUST SPEED    MM   HIGHEST GUST DIRECTION    MM


SKY COVER
  POSSIBLE SUNSHINE  MM
  AVERAGE SKY COVER 0.0


WEATHER CONDITIONS
 THE FOLLOWING WEATHER WAS RECORDED TODAY.
  NO SIGNIFICANT WEATHER WAS OBSERVED.


RELATIVE HUMIDITY (PERCENT)
 HIGHEST    21           700 AM
 LOWEST     13           200 PM
 AVERAGE    17

..........................................................


THE NORTH_LAS_VEGAS NV CLIMATE NORMALS FOR TOMORROW
                         NORMAL    RECORD    YEAR
 MAXIMUM TEMPERATURE (F)  105       112      2016
 MINIMUM TEMPERATURE (F)   79        72      2001


SUNRISE AND SUNSET
JULY 22 2019..........SUNRISE   540 AM PDT   SUNSET   754 PM PDT
JULY 23 2019..........SUNRISE   541 AM PDT   SUNSET   753 PM PDT


-  INDICATES NEGATIVE NUMBERS.
R  INDICATES RECORD WAS SET OR TIED.
MM INDICATES DATA IS MISSING.
T  INDICATES TRACE AMOUNT.




$$
