000
CDUS45 KVEF 250828
CLIVGT


CLIMATE REPORT
NATIONAL WEATHER SERVICE LAS VEGAS, NV
127 AM PDT THU APR 25 2019


...................................

...THE NORTH_LAS_VEGAS NV CLIMATE SUMMARY FOR APRIL 24 2019...

CLIMATE NORMAL PERIOD 1981 TO 2010
CLIMATE RECORD PERIOD 2000 TO 2019


WEATHER ITEM   OBSERVED TIME   RECORD YEAR NORMAL DEPARTURE LAST
                VALUE   (LST)  VALUE       VALUE  FROM      YEAR
                                                  NORMAL
..................................................................
TEMPERATURE (F)
 YESTERDAY
  MAXIMUM         91R   501 PM  91    2018  80     11       91
  MINIMUM         65    352 AM  49    2006  58      7       66
  AVERAGE         78                        69      9       79

PRECIPITATION (IN)
  YESTERDAY        0.00          0.06 2005   0.01  -0.01     0.00
  MONTH TO DATE    T                         0.28  -0.28      T
  SINCE OCT 1      4.47                      3.84   0.63     1.63
  SINCE JAN 1      3.84                      2.43   1.41     1.63

DEGREE DAYS
 HEATING
  YESTERDAY        0                         1     -1        0
  MONTH TO DATE   21                        58    -37       17
  SINCE JUL 1   2011                      2034    -23     1472

 COOLING
  YESTERDAY       13                         5      8       14
  MONTH TO DATE  102                        71     31      138
  SINCE JAN 1    105                        93     12      153
..................................................................


WIND (MPH)
  HIGHEST WIND SPEED    14   HIGHEST WIND DIRECTION     N (340)
  HIGHEST GUST SPEED    16   HIGHEST GUST DIRECTION     N (340)
  AVERAGE WIND SPEED     5.8


SKY COVER
  POSSIBLE SUNSHINE  MM
  AVERAGE SKY COVER 0.0


WEATHER CONDITIONS
 THE FOLLOWING WEATHER WAS RECORDED YESTERDAY.
  NO SIGNIFICANT WEATHER WAS OBSERVED.


RELATIVE HUMIDITY (PERCENT)
 HIGHEST    34           200 AM
 LOWEST     13           500 PM
 AVERAGE    24

..........................................................


THE NORTH_LAS_VEGAS NV CLIMATE NORMALS FOR TODAY
                         NORMAL    RECORD    YEAR
 MAXIMUM TEMPERATURE (F)   81        91      2018
                                             2001
 MINIMUM TEMPERATURE (F)   58        50      2008


SUNRISE AND SUNSET
APRIL 25 2019.........SUNRISE   555 AM PDT   SUNSET   723 PM PDT
APRIL 26 2019.........SUNRISE   554 AM PDT   SUNSET   724 PM PDT


-  INDICATES NEGATIVE NUMBERS.
R  INDICATES RECORD WAS SET OR TIED.
MM INDICATES DATA IS MISSING.
T  INDICATES TRACE AMOUNT.




$$
