000
CDUS43 KSGF 250626
CLIVIH


CLIMATE REPORT
NATIONAL WEATHER SERVICE SPRINGFIELD MO
126 AM CDT TUE JUN 25 2019


...................................

...THE VICHY-ROLLA MO CLIMATE SUMMARY FOR JUNE 24 2019...

CLIMATE NORMAL PERIOD 1981 TO 2010
CLIMATE RECORD PERIOD 1888 TO 2019


WEATHER ITEM   OBSERVED TIME   RECORD YEAR NORMAL DEPARTURE LAST
                VALUE   (LST)  VALUE       VALUE  FROM      YEAR
                                                  NORMAL
..................................................................
TEMPERATURE (F)
 YESTERDAY
  MAXIMUM         78    356 PM  99    1901  85     -7       77
  MINIMUM         59   1109 PM  50    1974  64     -5       66
  AVERAGE         69                        75     -6       72

PRECIPITATION (IN)
  YESTERDAY        T             1.60 1900   0.15  -0.15     0.01
  MONTH TO DATE    2.16                      3.82  -1.66     2.56
  SINCE JUN 1      2.16                      3.82  -1.66     2.56
  SINCE JAN 1     22.14                     20.63   1.51    20.41

DEGREE DAYS
 HEATING
  YESTERDAY        0                         0      0        0
  MONTH TO DATE   12                        12      0        2
  SINCE JUN 1     12                        12      0        2
  SINCE JUL 1   4932                      4846     86     4722

 COOLING
  YESTERDAY        4                        10     -6        7
  MONTH TO DATE  136                       172    -36      269
  SINCE JUN 1    136                       172    -36      269
  SINCE JAN 1    287                       279      8      496
..................................................................


WIND (MPH)
  HIGHEST WIND SPEED    22   HIGHEST WIND DIRECTION     W (260)
  HIGHEST GUST SPEED    29   HIGHEST GUST DIRECTION     W (270)
  AVERAGE WIND SPEED     9.4


SKY COVER
  AVERAGE SKY COVER 0.3


WEATHER CONDITIONS
 THE FOLLOWING WEATHER WAS RECORDED YESTERDAY.
  LIGHT RAIN
  FOG


RELATIVE HUMIDITY (PERCENT)
 HIGHEST    93           100 AM
 LOWEST     54           200 PM
 AVERAGE    74

..........................................................


THE VICHY-ROLLA MO CLIMATE NORMALS FOR TODAY
                         NORMAL    RECORD    YEAR
 MAXIMUM TEMPERATURE (F)   85       100      1952
 MINIMUM TEMPERATURE (F)   65        49      1958


SUNRISE AND SUNSET
JUNE 25 2019..........SUNRISE   545 AM CDT   SUNSET   834 PM CDT
JUNE 26 2019..........SUNRISE   546 AM CDT   SUNSET   834 PM CDT


-  INDICATES NEGATIVE NUMBERS.
R  INDICATES RECORD WAS SET OR TIED.
MM INDICATES DATA IS MISSING.
T  INDICATES TRACE AMOUNT.




$$
