000
CDUS42 KTAE 250633
CLIVLD


CLIMATE REPORT
NATIONAL WEATHER SERVICE TALLAHASSEE FL
232 AM EDT THU APR 25 2019


...................................

...THE VALDOSTA CLIMATE SUMMARY FOR APRIL 24 2019...

CLIMATE NORMAL PERIOD 1981 TO 2010
CLIMATE RECORD PERIOD 1948 TO 2019


WEATHER ITEM   OBSERVED TIME   NORMAL DEPARTURE LAST
                VALUE   (LST)  VALUE  FROM      YEAR
                                      NORMAL
......................................................
TEMPERATURE (F)
 YESTERDAY
  MAXIMUM         83    344 PM  81      2       75
  MINIMUM         53    500 AM  54     -1       56
  AVERAGE         68            68      0       66

PRECIPITATION (IN)
  YESTERDAY        0.00          0.07  -0.07      T
  MONTH TO DATE    1.18          2.48  -1.30     5.24
  SINCE MAR 1      4.29          7.35  -3.06     7.06
  SINCE JAN 1      9.93         16.08  -6.15    12.93

SNOWFALL (IN)
  YESTERDAY        0.0
  MONTH TO DATE    0.0
  SINCE MAR 1      0.0
  SINCE JUL 1      0.0

DEGREE DAYS
 HEATING
  YESTERDAY        0             1     -1        0
  MONTH TO DATE   54            62     -8       61
  SINCE MAR 1    243           248     -5      333
  SINCE JUL 1   1378          1628   -250     1580

 COOLING
  YESTERDAY        3             4     -1        1
  MONTH TO DATE   91            65     26       40
  SINCE MAR 1    127            98     29       74
  SINCE JAN 1    178           108     70      157
......................................................


WIND (MPH)
  HIGHEST WIND SPEED     9   HIGHEST WIND DIRECTION     S (200)
  HIGHEST GUST SPEED    12   HIGHEST GUST DIRECTION    SW (210)
  AVERAGE WIND SPEED     1.7




RELATIVE HUMIDITY (PERCENT)
 HIGHEST    93
 LOWEST     39
 AVERAGE    66

..........................................................




SUNRISE AND SUNSET
APRIL 25 2019.........SUNRISE   655 AM EDT   SUNSET   808 PM EDT
APRIL 26 2019.........SUNRISE   654 AM EDT   SUNSET   808 PM EDT


-  INDICATES NEGATIVE NUMBERS.
R  INDICATES RECORD WAS SET OR TIED.
MM INDICATES DATA IS MISSING.
T  INDICATES TRACE AMOUNT.




$$
