000
CDUS42 KTAE 230639
CLIVLD


CLIMATE REPORT
NATIONAL WEATHER SERVICE TALLAHASSEE FL
238 AM EDT TUE JUL 23 2019


...................................

...THE VALDOSTA CLIMATE SUMMARY FOR JULY 22 2019...

CLIMATE NORMAL PERIOD 1981 TO 2010
CLIMATE RECORD PERIOD 1948 TO 2019


WEATHER ITEM   OBSERVED TIME   NORMAL DEPARTURE LAST
                VALUE   (LST)  VALUE  FROM      YEAR
                                      NORMAL
......................................................
TEMPERATURE (F)
 YESTERDAY
  MAXIMUM         89    108 PM  92     -3       94
  MINIMUM         69    607 AM  71     -2       70
  AVERAGE         79            82     -3       82

PRECIPITATION (IN)
  YESTERDAY        T             0.24  -0.24     0.22
  MONTH TO DATE    3.11          4.65  -1.54     3.45
  SINCE JUN 1      9.28         10.71  -1.43     9.24
  SINCE JAN 1     21.89         29.71  -7.82    29.79

SNOWFALL (IN)
  YESTERDAY        0.0

DEGREE DAYS
 HEATING
  YESTERDAY        0                    0
  MONTH TO DATE    0                    0
  SINCE JUN 1      0                    0
  SINCE JUL 1      0                    0

 COOLING
  YESTERDAY       14                   -3
  MONTH TO DATE  394                   37
  SINCE JUN 1    888                   99
  SINCE JAN 1   1494                  293
......................................................


WIND (MPH)
  HIGHEST WIND SPEED    10   HIGHEST WIND DIRECTION     S (190)
  HIGHEST GUST SPEED    19   HIGHEST GUST DIRECTION     S (190)
  AVERAGE WIND SPEED     2.3




..........................................................


THE VALDOSTA CLIMATE NORMALS FOR TODAY
                         NORMAL
 MAXIMUM TEMPERATURE (F)   92
 MINIMUM TEMPERATURE (F)   71


SUNRISE AND SUNSET
JULY 23 2019..........SUNRISE   645 AM EDT   SUNSET   834 PM EDT
JULY 24 2019..........SUNRISE   646 AM EDT   SUNSET   833 PM EDT


-  INDICATES NEGATIVE NUMBERS.
R  INDICATES RECORD WAS SET OR TIED.
MM INDICATES DATA IS MISSING.
T  INDICATES TRACE AMOUNT.




$$
