000
CDUS42 KFFC 210825
CLIVPC


CLIMATE REPORT
NATIONAL WEATHER SERVICE PEACHTREE CITY GA
425 AM EDT SUN APR 21 2019


...................................

...THE CARTERSVILLE CLIMATE SUMMARY FOR APRIL 20 2019...

CLIMATE NORMAL PERIOD 1981 TO 2010
CLIMATE RECORD PERIOD 9999 TO 9999


WEATHER ITEM   OBSERVED TIME   RECORD YEAR NORMAL DEPARTURE LAST
                VALUE   (LST)  VALUE       VALUE  FROM      YEAR
                                                  NORMAL
..................................................................
TEMPERATURE (F)
 YESTERDAY
  MAXIMUM         49    622 PM  MM      MM  74    -25       69
  MINIMUM         42    644 AM  MM      MM  47     -5       32
  AVERAGE         46                        60    -14       51

PRECIPITATION (IN)
  YESTERDAY        0.11         MM      MM   0.14  -0.03     0.00
  MONTH TO DATE    4.51                      2.43   2.08     1.28
  SINCE MAR 1      7.33                      7.15   0.18     6.58
  SINCE JAN 1     19.59                     16.65   2.94    16.60

SNOWFALL (IN)
  YESTERDAY       MM            MM      MM  MM     MM        0.0
  MONTH TO DATE    0.0                      MM     MM        0.0
  SINCE MAR 1      0.0                      MM     MM        0.0
  SINCE JUL 1      0.0                      MM     MM        0.0
  SNOW DEPTH       0

DEGREE DAYS
 HEATING
  YESTERDAY       19                         6     13       14
  MONTH TO DATE  107                       154    -47      175
  SINCE MAR 1    528                       570    -42      618
  SINCE JUL 1   2903                      3182   -279     2997

 COOLING
  YESTERDAY        0                         1     -1        0
  MONTH TO DATE   28                         9     19        6
  SINCE MAR 1     30                        13     17        6
  SINCE JAN 1     34                        13     21       26
..................................................................


WIND (MPH)
  RESULTANT WIND SPEED   3   RESULTANT WIND DIRECTION   E (110)
  HIGHEST WIND SPEED    10   HIGHEST WIND DIRECTION     S (190)
  HIGHEST GUST SPEED    17   HIGHEST GUST DIRECTION    SW (210)
  AVERAGE WIND SPEED     2.8


SKY COVER
  AVERAGE SKY COVER 1.0


WEATHER CONDITIONS
 THE FOLLOWING WEATHER WAS RECORDED YESTERDAY.
  LIGHT RAIN
  FOG


RELATIVE HUMIDITY (PERCENT)
 HIGHEST    96           300 AM
 LOWEST     76          1200 AM
 AVERAGE    86

..........................................................


THE CARTERSVILLE CLIMATE NORMALS FOR TODAY
                         NORMAL    RECORD    YEAR
 MAXIMUM TEMPERATURE (F)   74        MM        MM
 MINIMUM TEMPERATURE (F)   47        MM        MM


SUNRISE AND SUNSET
APRIL 21 2019.........SUNRISE   701 AM EDT   SUNSET   815 PM EDT
APRIL 22 2019.........SUNRISE   700 AM EDT   SUNSET   816 PM EDT


-  INDICATES NEGATIVE NUMBERS.
R  INDICATES RECORD WAS SET OR TIED.
MM INDICATES DATA IS MISSING.
T  INDICATES TRACE AMOUNT.




$$
