000
CDUS43 KLOT 160634
CLIVPZ


CLIMATE REPORT
NATIONAL WEATHER SERVICE CHICAGO IL
134 AM CDT SUN JUN 16 2019


...................................

...THE VALPARAISO CLIMATE SUMMARY FOR JUNE 15 2019...

CLIMATE NORMAL PERIOD 1981 TO 2010
CLIMATE RECORD PERIOD 1998 TO 2019


WEATHER ITEM   OBSERVED TIME   RECORD YEAR NORMAL DEPARTURE LAST
                VALUE   (LST)  VALUE       VALUE  FROM      YEAR
                                                  NORMAL
..................................................................
TEMPERATURE (F)
 YESTERDAY
  MAXIMUM         69    559 PM  92    2016  80    -11       89
                                      2012
  MINIMUM         65    313 AM  49    1999  59      6       60
  AVERAGE         67                        69     -2       75

PRECIPITATION (IN)
  YESTERDAY        0.20          1.29 2015   0.12   0.08     0.00
  MONTH TO DATE    1.03                      1.98  -0.95     0.52
  SINCE JUN 1      1.03                      1.98  -0.95     0.52
  SINCE JAN 1     15.89                     14.96   0.93    13.03

DEGREE DAYS
 HEATING
  YESTERDAY        0                         1     -1        0
  MONTH TO DATE   16                        33    -17        0
  SINCE JUN 1     16                        33    -17        0
  SINCE JUL 1   5935                      6312   -377     5858

 COOLING
  YESTERDAY        2                         5     -3       10
  MONTH TO DATE   55                        62     -7       72
  SINCE JUN 1     55                        62     -7       72
  SINCE JAN 1     95                       109    -14      241
..................................................................


WIND (MPH)
  RESULTANT WIND SPEED  14   RESULTANT WIND DIRECTION  SW (210)
  HIGHEST WIND SPEED    20   HIGHEST WIND DIRECTION    SW (210)
  HIGHEST GUST SPEED    29   HIGHEST GUST DIRECTION    SW (220)
  AVERAGE WIND SPEED     9.0



WEATHER CONDITIONS
 THE FOLLOWING WEATHER WAS RECORDED YESTERDAY.
  THUNDERSTORM
  LIGHT RAIN
  FOG


..........................................................


THE VALPARAISO CLIMATE NORMALS FOR TODAY
                         NORMAL    RECORD    YEAR
 MAXIMUM TEMPERATURE (F)   80        94      2018
 MINIMUM TEMPERATURE (F)   59        51      1999


SUNRISE AND SUNSET
JUNE 16 2019..........SUNRISE   514 AM CDT   SUNSET   824 PM CDT
JUNE 17 2019..........SUNRISE   514 AM CDT   SUNSET   824 PM CDT


-  INDICATES NEGATIVE NUMBERS.
R  INDICATES RECORD WAS SET OR TIED.
MM INDICATES DATA IS MISSING.
T  INDICATES TRACE AMOUNT.




$$
