137
CDUS42 KMLB 232021
CLIVRB


CLIMATE REPORT
NATIONAL WEATHER SERVICE MELBOURNE FL
418 PM EDT TUE APR 23 2019


...................................

...THE VERO BEACH CLIMATE SUMMARY FOR APRIL 23 2019...
VALID TODAY AS OF 0400 PM LOCAL TIME.

CLIMATE NORMAL PERIOD 1981 TO 2010
CLIMATE RECORD PERIOD 1942 TO 2019


WEATHER ITEM   OBSERVED TIME   RECORD YEAR NORMAL DEPARTURE LAST
                VALUE   (LST)  VALUE       VALUE  FROM      YEAR
                                                  NORMAL
..................................................................
TEMPERATURE (F)
 TODAY
  MAXIMUM         80    259 PM  92    1988  81     -1       84
  MINIMUM         56    534 AM  46    1993  62     -6       70
  AVERAGE         68                        72     -4       77

PRECIPITATION (IN)
  TODAY            0.00          0.90 1997   0.09  -0.09     0.12
  MONTH TO DATE    2.09                      2.13  -0.04     4.55
  SINCE MAR 1      3.86                      6.25  -2.39     4.87
  SINCE JAN 1      9.78                     11.42  -1.64     8.08

SNOWFALL (IN)
  TODAY            0.0
  MONTH TO DATE    0.0
  SINCE JUL 1      0.0

DEGREE DAYS
 HEATING
  TODAY            0                         0      0        0
  MONTH TO DATE    0                        13    -13        2
  SINCE MAR 1     26                        68    -42       98
  SINCE JUL 1    287                       453   -166      365

 COOLING
  TODAY            3                         7     -4       12
  MONTH TO DATE  201                       136     65      193
  SINCE MAR 1    343                       265     78      285
  SINCE JAN 1    562                       404    158      574
..................................................................


WIND (MPH)
  HIGHEST WIND SPEED    14   HIGHEST WIND DIRECTION    NE (40)
  HIGHEST GUST SPEED    20   HIGHEST GUST DIRECTION    NE (50)
  AVERAGE WIND SPEED     3.8


SKY COVER
  AVERAGE SKY COVER 0.2


WEATHER CONDITIONS
 THE FOLLOWING WEATHER WAS RECORDED TODAY.
  NO SIGNIFICANT WEATHER WAS OBSERVED.


RELATIVE HUMIDITY (PERCENT)
 HIGHEST    93           100 AM
 LOWEST     45          1000 AM
 AVERAGE    69

..........................................................


THE VERO BEACH CLIMATE NORMALS FOR TOMORROW
                         NORMAL    RECORD    YEAR
 MAXIMUM TEMPERATURE (F)   82        94      1968
 MINIMUM TEMPERATURE (F)   63        50      2012
                                             1998


SUNRISE AND SUNSET
APRIL 23 2019.........SUNRISE   649 AM EDT   SUNSET   751 PM EDT
APRIL 24 2019.........SUNRISE   649 AM EDT   SUNSET   751 PM EDT


-  INDICATES NEGATIVE NUMBERS.
R  INDICATES RECORD WAS SET OR TIED.
MM INDICATES DATA IS MISSING.
T  INDICATES TRACE AMOUNT.




$$
