000
CDUS42 KMLB 162030
CLIVRB


CLIMATE REPORT
NATIONAL WEATHER SERVICE MELBOURNE FL
430 PM EDT TUE JUL 16 2019


...................................

...THE VERO BEACH CLIMATE SUMMARY FOR JULY 16 2019...
VALID TODAY AS OF 0400 PM LOCAL TIME.

CLIMATE NORMAL PERIOD 1981 TO 2010
CLIMATE RECORD PERIOD 1942 TO 2019


WEATHER ITEM   OBSERVED TIME   RECORD YEAR NORMAL DEPARTURE LAST
                VALUE   (LST)  VALUE       VALUE  FROM      YEAR
                                                  NORMAL
..................................................................
TEMPERATURE (F)
 TODAY
  MAXIMUM         92    205 PM  99    1972  90      2       94
  MINIMUM         74    353 AM  69    2006  73      1       72
  AVERAGE         83                        82      1       83

PRECIPITATION (IN)
  TODAY            0.00          2.08 2015   0.17  -0.17     0.00
  MONTH TO DATE    1.78                      2.95  -1.17     1.85
  SINCE JUN 1      5.19                      9.62  -4.43     5.19
  SINCE JAN 1     19.42                     24.99  -5.57    22.40

SNOWFALL (IN)
  TODAY            0.0
  MONTH TO DATE    0.0
  SINCE JUL 1      0.0

DEGREE DAYS
 HEATING
  TODAY            0                         0      0        0
  MONTH TO DATE    0                         0      0        0
  SINCE JUN 1      0                         0      0        0
  SINCE JUL 1      0                         0      0        0

 COOLING
  TODAY           18                        17      1       18
  MONTH TO DATE  286                       263     23      264
  SINCE JUN 1    811                       719     92      747
  SINCE JAN 1   1846                      1525    321     1735
..................................................................


WIND (MPH)
  HIGHEST WIND SPEED    15   HIGHEST WIND DIRECTION     E (110)
  HIGHEST GUST SPEED    19   HIGHEST GUST DIRECTION     E (100)
  AVERAGE WIND SPEED     5.8


SKY COVER
  AVERAGE SKY COVER 0.2


WEATHER CONDITIONS
 THE FOLLOWING WEATHER WAS RECORDED TODAY.
  NO SIGNIFICANT WEATHER WAS OBSERVED.


RELATIVE HUMIDITY (PERCENT)
 HIGHEST   100           400 AM
 LOWEST     63           900 AM
 AVERAGE    82

..........................................................


THE VERO BEACH CLIMATE NORMALS FOR TOMORROW
                         NORMAL    RECORD    YEAR
 MAXIMUM TEMPERATURE (F)   90        98      1981
 MINIMUM TEMPERATURE (F)   74        68      1979
                                             1967


SUNRISE AND SUNSET
JULY 16 2019..........SUNRISE   636 AM EDT   SUNSET   819 PM EDT
JULY 17 2019..........SUNRISE   637 AM EDT   SUNSET   819 PM EDT


-  INDICATES NEGATIVE NUMBERS.
R  INDICATES RECORD WAS SET OR TIED.
MM INDICATES DATA IS MISSING.
T  INDICATES TRACE AMOUNT.




$$
