000
CDUS42 KMLB 270626
CLIVRB


CLIMATE REPORT
NATIONAL WEATHER SERVICE MELBOURNE FL
226 AM EDT SUN MAY 27 2018


...................................

...THE VERO BEACH CLIMATE SUMMARY FOR MAY 26 2018...

CLIMATE NORMAL PERIOD 1981 TO 2010
CLIMATE RECORD PERIOD 1942 TO 2018


WEATHER ITEM   OBSERVED TIME   RECORD YEAR NORMAL DEPARTURE LAST
                VALUE   (LST)  VALUE       VALUE  FROM      YEAR
                                                  NORMAL
..................................................................
TEMPERATURE (F)
 YESTERDAY
  MAXIMUM         82    144 PM  97    1975  86     -4       81
  MINIMUM         70    731 PM  55    1979  70      0       62
  AVERAGE         76                        78     -2       72

PRECIPITATION (IN)
  YESTERDAY        0.12          1.67 1961   0.15  -0.03     0.00
  MONTH TO DATE    7.09                      2.59   4.50     4.57
  SINCE MAR 1     11.96                      9.43   2.53     9.08
  SINCE JAN 1     15.17                     14.60   0.57    11.04

SNOWFALL (IN)
  YESTERDAY        0.0
  MONTH TO DATE    0.0
  SINCE JUL 1      0.0

DEGREE DAYS
 HEATING
  YESTERDAY        0                         0      0        0
  MONTH TO DATE    0                         0      0        0
  SINCE MAR 1     98                        70     28       42
  SINCE JUL 1    365                       455    -90      185

 COOLING
  YESTERDAY       11                        13     -2        7
  MONTH TO DATE  289                       280      9      328
  SINCE MAR 1    626                       599     27      785
  SINCE JAN 1    915                       738    177      986
..................................................................


WIND (MPH)
  HIGHEST WIND SPEED    23   HIGHEST WIND DIRECTION    SE (130)
  HIGHEST GUST SPEED    27   HIGHEST GUST DIRECTION    SE (120)
  AVERAGE WIND SPEED    10.9


SKY COVER
  AVERAGE SKY COVER 0.4


WEATHER CONDITIONS
 THE FOLLOWING WEATHER WAS RECORDED YESTERDAY.
  RAIN
  LIGHT RAIN
  FOG


RELATIVE HUMIDITY (PERCENT)
 HIGHEST    93          1200 AM
 LOWEST     74           900 AM
 AVERAGE    84

..........................................................


THE VERO BEACH CLIMATE NORMALS FOR TODAY
                         NORMAL    RECORD    YEAR
 MAXIMUM TEMPERATURE (F)   86        98      1953
 MINIMUM TEMPERATURE (F)   70        55      1979


SUNRISE AND SUNSET
MAY 27 2018...........SUNRISE   627 AM EDT   SUNSET   810 PM EDT
MAY 28 2018...........SUNRISE   627 AM EDT   SUNSET   811 PM EDT


-  INDICATES NEGATIVE NUMBERS.
R  INDICATES RECORD WAS SET OR TIED.
MM INDICATES DATA IS MISSING.
T  INDICATES TRACE AMOUNT.




$$
