000
CDUS41 KBTV 230534
CLIVSF


CLIMATE REPORT
NATIONAL WEATHER SERVICE BURLINGTON VT
133 AM EDT TUE APR 23 2019


...................................

...THE SPRINGFIELD VT CLIMATE SUMMARY FOR APRIL 22 2019...

CLIMATE NORMAL PERIOD 1981 TO 2010
CLIMATE RECORD PERIOD 9999 TO 9999


WEATHER ITEM   OBSERVED TIME   NORMAL DEPARTURE LAST
                VALUE   (LST)  VALUE  FROM      YEAR
                                      NORMAL
......................................................
TEMPERATURE (F)
 YESTERDAY
  MAXIMUM         72    136 PM  59     13       57
  MINIMUM         47    512 AM  35     12       24
  AVERAGE         60            47     13       41

PRECIPITATION (IN)
  YESTERDAY        0.25          0.09   0.16     0.00
  MONTH TO DATE    3.14          2.80   0.34     2.42
  SINCE MAR 1      4.62          6.10  -1.48     4.49
  SINCE JAN 1     11.56         11.71  -0.15    10.23

DEGREE DAYS
 HEATING
  YESTERDAY        5            18    -13       24
  MONTH TO DATE  467           496    -29      640
  SINCE MAR 1   1562          1531     31     1634
  SINCE JUL 1   7025          6976     49     6848

 COOLING
  YESTERDAY        0             0      0        0
  MONTH TO DATE    0             0      0        0
  SINCE MAR 1      0             0      0        0
  SINCE JAN 1      0             0      0        0
......................................................


WIND (MPH)
  HIGHEST WIND SPEED    13   HIGHEST WIND DIRECTION     N (10)
  HIGHEST GUST SPEED    20   HIGHEST GUST DIRECTION     N (10)
  AVERAGE WIND SPEED     3.8


SKY COVER
  AVERAGE SKY COVER 0.7


WEATHER CONDITIONS
 THE FOLLOWING WEATHER WAS RECORDED YESTERDAY.
  RAIN
  LIGHT RAIN
  FOG


RELATIVE HUMIDITY (PERCENT)
 HIGHEST   100           200 AM
 LOWEST     41           300 PM
 AVERAGE    71

..........................................................


THE SPRINGFIELD VT CLIMATE NORMALS FOR TODAY
                         NORMAL    RECORD    YEAR
 MAXIMUM TEMPERATURE (F)   60        83      2007
 MINIMUM TEMPERATURE (F)   36        24      2018


SUNRISE AND SUNSET
APRIL 23 2019.........SUNRISE   555 AM EDT   SUNSET   742 PM EDT
APRIL 24 2019.........SUNRISE   554 AM EDT   SUNSET   743 PM EDT


-  INDICATES NEGATIVE NUMBERS.
R  INDICATES RECORD WAS SET OR TIED.
MM INDICATES DATA IS MISSING.
T  INDICATES TRACE AMOUNT.




$$
