000
CDUS41 KBTV 170529
CLIVSF


CLIMATE REPORT
NATIONAL WEATHER SERVICE BURLINGTON VT
128 AM EDT WED JUL 17 2019


...................................

...THE SPRINGFIELD VT CLIMATE SUMMARY FOR JULY 16 2019...

CLIMATE NORMAL PERIOD 1981 TO 2010
CLIMATE RECORD PERIOD 9999 TO 9999


WEATHER ITEM   OBSERVED TIME   NORMAL DEPARTURE LAST
                VALUE   (LST)  VALUE  FROM      YEAR
                                      NORMAL
......................................................
TEMPERATURE (F)
 YESTERDAY
  MAXIMUM         84    509 PM  81      3       91
  MINIMUM         53    508 AM  57     -4       61
  AVERAGE         69            69      0       76

PRECIPITATION (IN)
  YESTERDAY        T             0.14  -0.14     0.00
  MONTH TO DATE    0.19          2.21  -2.02     0.98
  SINCE JUN 1      3.97          6.10  -2.13     4.56
  SINCE JAN 1     21.21         22.37  -1.16    17.79

DEGREE DAYS
 HEATING
  YESTERDAY        0             0      0        0
  MONTH TO DATE    0             9     -9        2
  SINCE JUN 1     79           105    -26      102
  SINCE JUL 1      0             9     -9        2

 COOLING
  YESTERDAY        4             5     -1       11
  MONTH TO DATE  103            73     30      129
  SINCE JUN 1    144           137      7      176
  SINCE JAN 1    151           149      2      199
......................................................


WIND (MPH)
  HIGHEST WIND SPEED    10   HIGHEST WIND DIRECTION     S (170)
  HIGHEST GUST SPEED    15   HIGHEST GUST DIRECTION    SE (140)
  AVERAGE WIND SPEED     1.3


SKY COVER
  AVERAGE SKY COVER 0.3


WEATHER CONDITIONS
 THE FOLLOWING WEATHER WAS RECORDED YESTERDAY.
  FOG
  FOG W/VISIBILITY <= 1/4 MILE


RELATIVE HUMIDITY (PERCENT)
 HIGHEST   100           300 AM
 LOWEST     45          1200 PM
 AVERAGE    73

..........................................................


THE SPRINGFIELD VT CLIMATE NORMALS FOR TODAY
                         NORMAL    RECORD    YEAR
 MAXIMUM TEMPERATURE (F)   81        97      2012
 MINIMUM TEMPERATURE (F)   57        47      2015


SUNRISE AND SUNSET
JULY 17 2019..........SUNRISE   525 AM EDT   SUNSET   827 PM EDT
JULY 18 2019..........SUNRISE   526 AM EDT   SUNSET   826 PM EDT


-  INDICATES NEGATIVE NUMBERS.
R  INDICATES RECORD WAS SET OR TIED.
MM INDICATES DATA IS MISSING.
T  INDICATES TRACE AMOUNT.




$$
