000
CDUS43 KLBF 252234
CLIVTN


CLIMATE REPORT
NATIONAL WEATHER SERVICE NORTH PLATTE
532 PM CDT TUE JUN 25 2019


...................................

...THE VALENTINE NE CLIMATE SUMMARY FOR JUNE 25 2019...
VALID TODAY AS OF 0500 PM LOCAL TIME.

CLIMATE NORMAL PERIOD 1981 TO 2010
CLIMATE RECORD PERIOD 1885 TO 2019


WEATHER ITEM   OBSERVED TIME   RECORD YEAR NORMAL DEPARTURE LAST
                VALUE   (LST)  VALUE       VALUE  FROM      YEAR
                                                  NORMAL
..................................................................
TEMPERATURE (F)
 TODAY
  MAXIMUM         84    417 PM 104    1936  85     -1       70
  MINIMUM         54    352 AM  36    1958  57     -3       60
  AVERAGE         69                        71     -2       65

PRECIPITATION (IN)
  TODAY            0.00          1.98 1922   0.11  -0.11     0.33
  MONTH TO DATE    2.68                      3.01  -0.33     6.18
  SINCE JUN 1      2.68                      3.01  -0.33     6.18
  SINCE JAN 1     15.12                     10.17   4.95    15.07

SNOWFALL (IN)
  TODAY            0.0           0.0    MM   0.0    0.0      0.0
  MONTH TO DATE    0.0                       0.0    0.0      0.0
  SINCE JUN 1      0.0                       0.0    0.0      0.0
  SINCE JUL 1     46.0                      33.3   12.7     45.5
  SNOW DEPTH       0

DEGREE DAYS
 HEATING
  TODAY            0                         1     -1        0
  MONTH TO DATE   29                        56    -27        3
  SINCE JUN 1     29                        56    -27        3
  SINCE JUL 1   7321                      6998    323     6813

 COOLING
  TODAY            4                         7     -3        0
  MONTH TO DATE   93                        99     -6      177
  SINCE JUN 1     93                        99     -6      177
  SINCE JAN 1    109                       133    -24      288
..................................................................


WIND (MPH)
  HIGHEST WIND SPEED    15   HIGHEST WIND DIRECTION    SE (140)
  HIGHEST GUST SPEED    21   HIGHEST GUST DIRECTION     E (110)
  AVERAGE WIND SPEED     4.7


SKY COVER
  POSSIBLE SUNSHINE  MM
  AVERAGE SKY COVER 0.1


WEATHER CONDITIONS
 THE FOLLOWING WEATHER WAS RECORDED TODAY.
  NO SIGNIFICANT WEATHER WAS OBSERVED.


RELATIVE HUMIDITY (PERCENT)
 HIGHEST    89           400 AM
 LOWEST     34           200 PM
 AVERAGE    62

..........................................................


THE VALENTINE NE CLIMATE NORMALS FOR TOMORROW
                         NORMAL    RECORD    YEAR
 MAXIMUM TEMPERATURE (F)   85       105      2012
                                             1971
 MINIMUM TEMPERATURE (F)   57        40      1958


SUNRISE AND SUNSET
JUNE 25 2019..........SUNRISE   605 AM CDT   SUNSET   925 PM CDT
JUNE 26 2019..........SUNRISE   605 AM CDT   SUNSET   925 PM CDT


-  INDICATES NEGATIVE NUMBERS.
R  INDICATES RECORD WAS SET OR TIED.
MM INDICATES DATA IS MISSING.
T  INDICATES TRACE AMOUNT.




$$
