000
CDUS46 KPQR 210222
CLIVUO


CLIMATE REPORT
NATIONAL WEATHER SERVICE PORTLAND OREGON
722 PM PDT SUN MAY 20 2018


...................................

...THE VANCOUVER WA CLIMATE SUMMARY FOR MAY 20 2018...
VALID TODAY AS OF 0500 PM LOCAL TIME.

CLIMATE NORMAL PERIOD 1981 TO 2010
CLIMATE RECORD PERIOD 1891 TO 2018


WEATHER ITEM   OBSERVED TIME   RECORD YEAR NORMAL DEPARTURE LAST
                VALUE   (LST)  VALUE       VALUE  FROM      YEAR
                                                  NORMAL
..................................................................
TEMPERATURE (F)
 TODAY
  MAXIMUM         71    518 PM  92    1963  69      2       73
  MINIMUM         56    727 AM  33    1975  49      7       55
  AVERAGE         64                        59      5       64

PRECIPITATION (IN)
  TODAY            0.00                      0.07  -0.07     0.00
  MONTH TO DATE    0.11                      1.73  -1.62     1.78
  SINCE OCT 1     27.91                     33.59  -5.68    47.63
  SINCE JAN 1     13.72                     17.84  -4.12    27.77

DEGREE DAYS
 HEATING
  TODAY            1                                         1
  MONTH TO DATE   71                                       176
  SINCE MAR 1   1013                                      1108
  SINCE JUL 1   4046                                      4408

 COOLING
  TODAY            0                                         0
  MONTH TO DATE   13                                        11
  SINCE MAR 1     16                                        11
  SINCE JAN 1     16                                        11
..................................................................


WIND (MPH)
  HIGHEST WIND SPEED    12   HIGHEST WIND DIRECTION     W (290)
  HIGHEST GUST SPEED    17   HIGHEST GUST DIRECTION    NW (300)
  AVERAGE WIND SPEED     3.9


SKY COVER
  POSSIBLE SUNSHINE  MM
  AVERAGE SKY COVER 0.8


WEATHER CONDITIONS
 THE FOLLOWING WEATHER WAS RECORDED TODAY.
  NO SIGNIFICANT WEATHER WAS OBSERVED.


RELATIVE HUMIDITY (PERCENT)
 HIGHEST    77          1200 AM
 LOWEST     44           400 PM
 AVERAGE    61

..........................................................


THE VANCOUVER WA CLIMATE NORMALS FOR TOMORROW
                         NORMAL    RECORD    YEAR
 MAXIMUM TEMPERATURE (F)   69        89      1963
 MINIMUM TEMPERATURE (F)   50        33      1992


SUNRISE AND SUNSET
MAY 20 2018...........SUNRISE   534 AM PDT   SUNSET   841 PM PDT
MAY 21 2018...........SUNRISE   533 AM PDT   SUNSET   842 PM PDT


-  INDICATES NEGATIVE NUMBERS.
R  INDICATES RECORD WAS SET OR TIED.
MM INDICATES DATA IS MISSING.
T  INDICATES TRACE AMOUNT.




$$
