000
CDUS46 KPQR 231142
CLIVUO


CLIMATE REPORT
NATIONAL WEATHER SERVICE PORTLAND OREGON
442 AM PDT TUE APR 23 2019


...................................

...THE VANCOUVER WA CLIMATE SUMMARY FOR APRIL 22 2019...

CLIMATE NORMAL PERIOD 1981 TO 2010
CLIMATE RECORD PERIOD 1891 TO 2019


WEATHER ITEM   OBSERVED TIME   RECORD YEAR NORMAL DEPARTURE LAST
                VALUE   (LST)  VALUE       VALUE  FROM      YEAR
                                                  NORMAL
..................................................................
TEMPERATURE (F)
 YESTERDAY
  MAXIMUM         67    226 PM  84    1910  63      4       65
  MINIMUM         40    514 AM  26    1972  43     -3       41
  AVERAGE         54                        53      1       53

PRECIPITATION (IN)
  YESTERDAY        0.02                      0.10  -0.08     0.00
  MONTH TO DATE    0.82                      2.28  -1.46     3.15
  SINCE OCT 1     20.06                     31.13 -11.07    27.63
  SINCE JAN 1      9.34                     15.38  -6.04    13.44

DEGREE DAYS
 HEATING
  YESTERDAY       11                                        12
  MONTH TO DATE  178                                       311
  SINCE JUL 1   3905                                      3921

 COOLING
  YESTERDAY        0                                         0
  MONTH TO DATE    0                                         0
  SINCE JAN 1      0                                         0
..................................................................


WIND (MPH)
  HIGHEST WIND SPEED     8   HIGHEST WIND DIRECTION    NW (300)
  HIGHEST GUST SPEED    11   HIGHEST GUST DIRECTION     W (290)
  AVERAGE WIND SPEED     1.9


SKY COVER
  POSSIBLE SUNSHINE  MM
  AVERAGE SKY COVER 0.5


WEATHER CONDITIONS
 THE FOLLOWING WEATHER WAS RECORDED YESTERDAY.
  LIGHT RAIN


RELATIVE HUMIDITY (PERCENT)
 HIGHEST    89           200 AM
 LOWEST     42           200 PM
 AVERAGE    66

..........................................................




SUNRISE AND SUNSET
APRIL 23 2019.........SUNRISE   611 AM PDT   SUNSET   807 PM PDT
APRIL 24 2019.........SUNRISE   610 AM PDT   SUNSET   809 PM PDT


-  INDICATES NEGATIVE NUMBERS.
R  INDICATES RECORD WAS SET OR TIED.
MM INDICATES DATA IS MISSING.
T  INDICATES TRACE AMOUNT.




$$
