000
CDUS41 KAKQ 232136
CLIWAL


CLIMATE REPORT
NATIONAL WEATHER SERVICE WAKEFIELD, VA
526 PM EDT TUE APR 23 2019


...................................

...THE WALLOPS ISLAND VA CLIMATE SUMMARY FOR APRIL 23 2019...
VALID TODAY AS OF 0500 PM LOCAL TIME.

CLIMATE NORMAL PERIOD 1981 TO 2010
CLIMATE RECORD PERIOD 1963 TO 2019


WEATHER ITEM   OBSERVED TIME   RECORD YEAR NORMAL DEPARTURE
                VALUE   (LST)  VALUE       VALUE  FROM
                                                  NORMAL
...............................................................
TEMPERATURE (F)
 TODAY
  MAXIMUM         79    136 PM  85    1976  65     14
  MINIMUM         53    517 AM  34    1994  47      6
  AVERAGE         66

PRECIPITATION (IN)
  TODAY            0.00          0.60 1984   0.10  -0.10
  MONTH TO DATE    3.09                      2.45   0.64
  SINCE MAR 1      7.66                      6.45   1.21
  SINCE JAN 1     16.17                     12.25   3.92

SNOWFALL (IN)
  TODAY            0.0           0.0    MM
  MONTH TO DATE    0.0
  SINCE NOV 1      5.7
  SINCE JUL 1      5.7
  SNOW DEPTH       0

DEGREE DAYS
 HEATING
  TODAY            0

 COOLING
  TODAY            1
...............................................................


WIND (MPH)
  HIGHEST WIND SPEED    21   HIGHEST WIND DIRECTION     S (200)
  HIGHEST GUST SPEED    24   HIGHEST GUST DIRECTION     S (200)




RELATIVE HUMIDITY (PERCENT)
 HIGHEST    93
 LOWEST     32
 AVERAGE    63

..........................................................


THE WALLOPS ISLAND VA CLIMATE NORMALS FOR TOMORROW
                         NORMAL    RECORD    YEAR
 MAXIMUM TEMPERATURE (F)   65        85      2011
 MINIMUM TEMPERATURE (F)   47        36      2003


SUNRISE AND SUNSET
APRIL 23 2019.........SUNRISE   616 AM EDT   SUNSET   745 PM EDT
APRIL 24 2019.........SUNRISE   615 AM EDT   SUNSET   746 PM EDT


-  INDICATES NEGATIVE NUMBERS.
R  INDICATES RECORD WAS SET OR TIED.
MM INDICATES DATA IS MISSING.
T  INDICATES TRACE AMOUNT.




$$
