000
CDUS46 KLOX 230112
CLIWJF


CLIMATE REPORT
NATIONAL WEATHER SERVICE LOS ANGELES/OXNARD CA
611 PM PDT MON JUL 22 2019


...................................

...THE LANCASTER CLIMATE SUMMARY FOR JULY 22 2019...
VALID TODAY AS OF 0600 PM LOCAL TIME.

CLIMATE NORMAL PERIOD 1981 TO 2010
CLIMATE RECORD PERIOD 1948 TO 2019


WEATHER ITEM   OBSERVED TIME   RECORD YEAR NORMAL DEPARTURE LAST
                VALUE   (LST)  VALUE       VALUE  FROM      YEAR
                                                  NORMAL
..................................................................
TEMPERATURE (F)
 TODAY
  MAXIMUM        103   1206 PM 108    2006  99      4      101
  MINIMUM         67    412 AM  51    1999  67      0       72
                                      1972
                                      1957
  AVERAGE         85                        83      2       87

PRECIPITATION (IN)
  TODAY            0.00          0.10 1974   0.01  -0.01     0.00
  MONTH TO DATE    0.00                      0.07  -0.07     0.02
  SINCE OCT 1      7.22                      7.11   0.11     2.78
  SINCE JAN 1      5.47                      4.98   0.49     2.76

SNOWFALL (IN)
  TODAY            0.0           0.0    MM   0.0             0.0
  MONTH TO DATE    0.0                       0.0             0.0
  SINCE JUN 1      0.0                       0.0             0.0
  SINCE JUL 1      0.0                       0.0             0.0
  SNOW DEPTH       0

DEGREE DAYS
 HEATING
  TODAY            0                         0      0        0
  MONTH TO DATE    0                         0      0        0
  SINCE JUN 1      0                         8     -8        4
  SINCE JUL 1      0                         0      0        0

 COOLING
  TODAY           20                        18      2       22
  MONTH TO DATE  354                       376    -22      467
  SINCE JUN 1    720                       717      3      849
  SINCE JAN 1    795                       906   -111     1011
..................................................................


WIND (MPH)
  HIGHEST WIND SPEED    23   HIGHEST WIND DIRECTION     W (250)
  HIGHEST GUST SPEED    28   HIGHEST GUST DIRECTION     W (250)
  AVERAGE WIND SPEED     8.0


SKY COVER
  POSSIBLE SUNSHINE  MM
  AVERAGE SKY COVER 0.0


WEATHER CONDITIONS
 THE FOLLOWING WEATHER WAS RECORDED TODAY.
  NO SIGNIFICANT WEATHER WAS OBSERVED.


RELATIVE HUMIDITY (PERCENT)
 HIGHEST    42           400 AM
 LOWEST     12          1200 PM
 AVERAGE    27

..........................................................


THE LANCASTER CLIMATE NORMALS FOR TOMORROW
                         NORMAL    RECORD    YEAR
 MAXIMUM TEMPERATURE (F)   99       111      2006
 MINIMUM TEMPERATURE (F)   67        52      1972


SUNRISE AND SUNSET
JULY 22 2019..........SUNRISE   556 AM PDT   SUNSET   803 PM PDT
JULY 23 2019..........SUNRISE   556 AM PDT   SUNSET   802 PM PDT


-  INDICATES NEGATIVE NUMBERS.
R  INDICATES RECORD WAS SET OR TIED.
MM INDICATES DATA IS MISSING.
T  INDICATES TRACE AMOUNT.




$$
