000
CDUS46 KLOX 250134
CLIWJF


CLIMATE REPORT
NATIONAL WEATHER SERVICE LOS ANGELES/OXNARD CA
633 PM PDT WED APR 24 2019


...................................

...THE LANCASTER CLIMATE SUMMARY FOR APRIL 24 2019...
VALID TODAY AS OF 0600 PM LOCAL TIME.

CLIMATE NORMAL PERIOD 1981 TO 2010
CLIMATE RECORD PERIOD 1948 TO 2019


WEATHER ITEM   OBSERVED TIME   RECORD YEAR NORMAL DEPARTURE LAST
                VALUE   (LST)  VALUE       VALUE  FROM      YEAR
                                                  NORMAL
..................................................................
TEMPERATURE (F)
 TODAY
  MAXIMUM         91    122 PM  93    1953  76     15       88
  MINIMUM         46    436 AM  31    1971  47     -1       51
  AVERAGE         69                        61      8       70

PRECIPITATION (IN)
  TODAY            0.00          0.04 1967   0.01  -0.01     0.00
  MONTH TO DATE    0.04                      0.30  -0.26     0.09
  SINCE OCT 1      6.68                      6.85  -0.17     2.76
  SINCE JAN 1      4.93                      4.72   0.21     2.74

SNOWFALL (IN)
  TODAY            0.0           0.0    MM   0.0             0.0
  MONTH TO DATE    0.0                       0.0             0.0
  SINCE MAR 1      0.0                       0.0             0.0
  SINCE JUL 1      0.0                       2.3             0.0
  SNOW DEPTH       0

DEGREE DAYS
 HEATING
  TODAY            0                         5     -5        0
  MONTH TO DATE  130                       181    -51      104
  SINCE MAR 1    558                       549      9      490
  SINCE JUL 1   2886                      2842     44     2475

 COOLING
  TODAY            4                         1      3        5
  MONTH TO DATE   10                        15     -5       38
  SINCE MAR 1     10                        17     -7       38
  SINCE JAN 1     10                        17     -7       38
..................................................................


WIND (MPH)
  HIGHEST WIND SPEED    24   HIGHEST WIND DIRECTION    SW (240)
  HIGHEST GUST SPEED    32   HIGHEST GUST DIRECTION    SW (240)
  AVERAGE WIND SPEED     6.4


SKY COVER
  POSSIBLE SUNSHINE  MM
  AVERAGE SKY COVER 0.0


WEATHER CONDITIONS
 THE FOLLOWING WEATHER WAS RECORDED TODAY.
  NO SIGNIFICANT WEATHER WAS OBSERVED.


RELATIVE HUMIDITY (PERCENT)
 HIGHEST    56           600 AM
 LOWEST     10           100 PM
 AVERAGE    33

..........................................................


THE LANCASTER CLIMATE NORMALS FOR TOMORROW
                         NORMAL    RECORD    YEAR
 MAXIMUM TEMPERATURE (F)   76        91      1987
 MINIMUM TEMPERATURE (F)   48        34      1960


SUNRISE AND SUNSET
APRIL 24 2019.........SUNRISE   610 AM PDT   SUNSET   732 PM PDT
APRIL 25 2019.........SUNRISE   609 AM PDT   SUNSET   733 PM PDT


-  INDICATES NEGATIVE NUMBERS.
R  INDICATES RECORD WAS SET OR TIED.
MM INDICATES DATA IS MISSING.
T  INDICATES TRACE AMOUNT.




$$
