000
CDUS45 KLKN 190939
CLIWMC


CLIMATE REPORT
NATIONAL WEATHER SERVICE ELKO NV
239 AM PDT FRI APR 19 2019


...................................

...THE WINNEMUCCA AIRPORT NV CLIMATE SUMMARY FOR APRIL 18 2019...

CLIMATE NORMAL PERIOD 1981 TO 2010
CLIMATE RECORD PERIOD 1877 TO 2019


WEATHER ITEM   OBSERVED TIME   RECORD YEAR NORMAL DEPARTURE LAST
                VALUE   (LST)  VALUE       VALUE  FROM      YEAR
                                                  NORMAL
..................................................................
TEMPERATURE (F)
 YESTERDAY
  MAXIMUM         76    406 PM  84    1994  63     13       58
  MINIMUM         33    310 AM  13    2013  31      2       32
                                      1970
                                      1959
  AVERAGE         55                        47      8       45

PRECIPITATION (IN)
  YESTERDAY        0.00          0.90 1913   0.03  -0.03     0.01
  MONTH TO DATE    0.63                      0.52   0.11     1.34
  SINCE OCT 1      7.89                      5.36   2.53     5.65
  SINCE JAN 1      4.65                      2.88   1.77     4.31

SNOWFALL (IN)
  YESTERDAY        0.0           4.3  2007   0.0    0.0       T
  MONTH TO DATE    T                         1.1   -1.1      0.6
  SINCE MAR 1      5.9                       4.3    1.6     15.8
  SINCE JUL 1     38.8                      20.3   18.5     27.0
  SNOW DEPTH       0

DEGREE DAYS
 HEATING
  YESTERDAY       10                        18     -8       20
  MONTH TO DATE  292                       357    -65      310
  SINCE MAR 1   1027                      1096    -69     1088
  SINCE JUL 1   5512                      5685   -173     5327

 COOLING
  YESTERDAY        0                         0      0        0
  MONTH TO DATE    0                         0      0        0
  SINCE MAR 1      0                         0      0        0
  SINCE JAN 1      0                         0      0        0
..................................................................


WIND (MPH)
  HIGHEST WIND SPEED    10   HIGHEST WIND DIRECTION     E (110)
  HIGHEST GUST SPEED    14   HIGHEST GUST DIRECTION     E (80)
  AVERAGE WIND SPEED     5.0



WEATHER CONDITIONS
 THE FOLLOWING WEATHER WAS RECORDED YESTERDAY.
  NO SIGNIFICANT WEATHER WAS OBSERVED.


RELATIVE HUMIDITY (PERCENT)
 HIGHEST    89           200 AM
 LOWEST     23           100 PM
 AVERAGE    56

..........................................................


THE WINNEMUCCA AIRPORT NV CLIMATE NORMALS FOR TODAY
                         NORMAL    RECORD    YEAR
 MAXIMUM TEMPERATURE (F)   63        85      1934
 MINIMUM TEMPERATURE (F)   31        16      1979
                                             1966


SUNRISE AND SUNSET
APRIL 19 2019.........SUNRISE   606 AM PDT   SUNSET   735 PM PDT
APRIL 20 2019.........SUNRISE   605 AM PDT   SUNSET   736 PM PDT


-  INDICATES NEGATIVE NUMBERS.
R  INDICATES RECORD WAS SET OR TIED.
MM INDICATES DATA IS MISSING.
T  INDICATES TRACE AMOUNT.




$$
