000
CDUS45 KLKN 200030
CLIWMC


CLIMATE REPORT
NATIONAL WEATHER SERVICE ELKO NV
529 PM PDT WED JUN 19 2019


...................................

...THE WINNEMUCCA AIRPORT NV CLIMATE SUMMARY FOR JUNE 19 2019...
VALID TODAY AS OF 0500 PM LOCAL TIME.

CLIMATE NORMAL PERIOD 1981 TO 2010
CLIMATE RECORD PERIOD 1877 TO 2019


WEATHER ITEM   OBSERVED TIME   RECORD YEAR NORMAL DEPARTURE LAST
                VALUE   (LST)  VALUE       VALUE  FROM      YEAR
                                                  NORMAL
..................................................................
TEMPERATURE (F)
 TODAY
  MAXIMUM         89    243 PM 101    1988  84      5       81
                                      1985
  MINIMUM         47    237 AM  30    1924  46      1       42
  AVERAGE         68                        65      3       62

PRECIPITATION (IN)
  TODAY            0.00          0.55 1914   0.01  -0.01     0.00
  MONTH TO DATE    0.09                      0.43  -0.34     0.16
  SINCE OCT 1     10.35                      7.28   3.07     7.78
  SINCE JAN 1      7.11                      4.80   2.31     6.44

SNOWFALL (IN)
  TODAY            0.0           0.0  1877   0.0    0.0      0.0
  MONTH TO DATE    0.0                       0.0    0.0      0.0
  SINCE JUN 1      0.0                       0.0    0.0      0.0
  SINCE JUL 1     41.4                      20.9   20.5     28.1
  SNOW DEPTH       0

DEGREE DAYS
 HEATING
  TODAY            0                         3     -3        3
  MONTH TO DATE   56                        87    -31       52
  SINCE JUN 1     56                        87    -31       52
  SINCE JUL 1   6060                      6287   -227     5724

 COOLING
  TODAY            3                         3      0        0
  MONTH TO DATE   48                        34     14       35
  SINCE JUN 1     48                        34     14       35
  SINCE JAN 1     48                        45      3       40
..................................................................


WIND (MPH)
  HIGHEST WIND SPEED    20   HIGHEST WIND DIRECTION    NW (300)
  HIGHEST GUST SPEED    26   HIGHEST GUST DIRECTION     W (290)



WEATHER CONDITIONS
 THE FOLLOWING WEATHER WAS RECORDED TODAY.
  NO SIGNIFICANT WEATHER WAS OBSERVED.


RELATIVE HUMIDITY (PERCENT)
 HIGHEST    61           100 AM
 LOWEST     10          1200 PM
 AVERAGE    36

..........................................................


THE WINNEMUCCA AIRPORT NV CLIMATE NORMALS FOR TOMORROW
                         NORMAL    RECORD    YEAR
 MAXIMUM TEMPERATURE (F)   85       103      2017
                                             1961
 MINIMUM TEMPERATURE (F)   47        28      2013


SUNRISE AND SUNSET
JUNE 19 2019..........SUNRISE   519 AM PDT   SUNSET   826 PM PDT
JUNE 20 2019..........SUNRISE   519 AM PDT   SUNSET   826 PM PDT


-  INDICATES NEGATIVE NUMBERS.
R  INDICATES RECORD WAS SET OR TIED.
MM INDICATES DATA IS MISSING.
T  INDICATES TRACE AMOUNT.




$$
