133
CDUS45 KRIW 250731
CLIWRL


CLIMATE REPORT
NATIONAL WEATHER SERVICE RIVERTON WY
130 AM MDT WED APR 25 2018


...................................

...THE WORLAND WY CLIMATE SUMMARY FOR APRIL 24 2018...

CLIMATE NORMAL PERIOD 1981 TO 2010
CLIMATE RECORD PERIOD 1947 TO 2018


WEATHER ITEM   OBSERVED TIME   RECORD YEAR NORMAL DEPARTURE LAST
                VALUE   (LST)  VALUE       VALUE  FROM      YEAR
                                                  NORMAL
..................................................................
TEMPERATURE (F)
 YESTERDAY
  MAXIMUM         52    523 PM  85    1974  63    -11       62
  MINIMUM         28    450 AM  22    2011  34     -6       38
                                      2008
  AVERAGE         40                        48     -8       50

PRECIPITATION (IN)
  YESTERDAY        0.00          0.47 2008   0.04  -0.04     0.25
  MONTH TO DATE    0.55                      0.61  -0.06     2.28
  SINCE MAR 1      1.21                      1.07   0.14     3.26
  SINCE JAN 1      1.53                      1.49   0.04     3.66

DEGREE DAYS
 HEATING
  YESTERDAY       25                        17      8       15
  MONTH TO DATE  566                       486     80      433
  SINCE MAR 1   1492                      1371    121     1103
  SINCE JUL 1   7819                      7372    447     6978

 COOLING
  YESTERDAY        0                         0      0        0
  MONTH TO DATE    0                         0      0        0
  SINCE MAR 1      0                         0      0        0
  SINCE JAN 1      0                         0      0        0
..................................................................


WIND (MPH)
  HIGHEST WIND SPEED    14   HIGHEST WIND DIRECTION    NW (320)
  HIGHEST GUST SPEED    19   HIGHEST GUST DIRECTION    NW (320)
  AVERAGE WIND SPEED     4.1


SKY COVER
  POSSIBLE SUNSHINE  MM
  AVERAGE SKY COVER 0.4


WEATHER CONDITIONS
 THE FOLLOWING WEATHER WAS RECORDED YESTERDAY.
  NO SIGNIFICANT WEATHER WAS OBSERVED.


RELATIVE HUMIDITY (PERCENT)
 HIGHEST    92           300 AM
 LOWEST     35           400 PM
 AVERAGE    64

..........................................................


THE WORLAND WY CLIMATE NORMALS FOR TODAY
                         NORMAL    RECORD    YEAR
 MAXIMUM TEMPERATURE (F)   63        86      1987
 MINIMUM TEMPERATURE (F)   34        11      2008


SUNRISE AND SUNSET
APRIL 25 2018.........SUNRISE   612 AM MDT   SUNSET   808 PM MDT
APRIL 26 2018.........SUNRISE   611 AM MDT   SUNSET   809 PM MDT


-  INDICATES NEGATIVE NUMBERS.
R  INDICATES RECORD WAS SET OR TIED.
MM INDICATES DATA IS MISSING.
T  INDICATES TRACE AMOUNT.




$$
