697
CDUS45 KRIW 220102
CLIWRL


CLIMATE REPORT
NATIONAL WEATHER SERVICE RIVERTON WY
701 PM MDT SUN APR 21 2019


...................................

...THE WORLAND WY CLIMATE SUMMARY FOR APRIL 21 2019...
VALID TODAY AS OF 0500 PM LOCAL TIME.

CLIMATE NORMAL PERIOD 1981 TO 2010
CLIMATE RECORD PERIOD 1947 TO 2019


WEATHER ITEM   OBSERVED TIME   RECORD YEAR NORMAL DEPARTURE LAST
                VALUE   (LST)  VALUE       VALUE  FROM      YEAR
                                                  NORMAL
..................................................................
TEMPERATURE (F)
 TODAY
  MAXIMUM         57   1200 AM  88    1994  62     -5       70
  MINIMUM         44        MM  15    2008  33     11       34
  AVERAGE         51                        47      4       52

PRECIPITATION (IN)
  TODAY            0.06          0.79 2017   0.03   0.03     0.00
  MONTH TO DATE    0.36                      0.49  -0.13     0.42
  SINCE MAR 1      0.93                      0.95  -0.02     1.08
  SINCE JAN 1      1.05                      1.37  -0.32     1.40

DEGREE DAYS
 HEATING
  TODAY           14                        18     -4       13
  MONTH TO DATE  369                       434    -65      508
  SINCE MAR 1   1445                      1319    126     1434
  SINCE JUL 1   7813                      7320    493     7761

 COOLING
  TODAY            0                         0      0        0
  MONTH TO DATE    0                         0      0        0
  SINCE MAR 1      0                         0      0        0
  SINCE JAN 1      0                         0      0        0
..................................................................


WIND (MPH)
  HIGHEST WIND SPEED    24   HIGHEST WIND DIRECTION    NW (330)
  HIGHEST GUST SPEED    31   HIGHEST GUST DIRECTION    NW (330)
  AVERAGE WIND SPEED    13.2


SKY COVER
  POSSIBLE SUNSHINE  MM
  AVERAGE SKY COVER 1.0


WEATHER CONDITIONS
 THE FOLLOWING WEATHER WAS RECORDED TODAY.
  THUNDERSTORM
  LIGHT RAIN
  FOG


RELATIVE HUMIDITY (PERCENT)
 HIGHEST    86           200 AM
 LOWEST     57          1200 AM
 AVERAGE    72

..........................................................


THE WORLAND WY CLIMATE NORMALS FOR TOMORROW
                         NORMAL    RECORD    YEAR
 MAXIMUM TEMPERATURE (F)   62        87      1986
 MINIMUM TEMPERATURE (F)   33        14      2013


SUNRISE AND SUNSET
APRIL 21 2019.........SUNRISE   619 AM MDT   SUNSET   803 PM MDT
APRIL 22 2019.........SUNRISE   617 AM MDT   SUNSET   804 PM MDT


-  INDICATES NEGATIVE NUMBERS.
R  INDICATES RECORD WAS SET OR TIED.
MM INDICATES DATA IS MISSING.
T  INDICATES TRACE AMOUNT.




$$
