000
CDUS45 KRIW 170117
CLIWRL


CLIMATE REPORT
NATIONAL WEATHER SERVICE RIVERTON WY
716 PM MDT SUN JUN 16 2019


...................................

...THE WORLAND WY CLIMATE SUMMARY FOR JUNE 16 2019...
VALID TODAY AS OF 0500 PM LOCAL TIME.

CLIMATE NORMAL PERIOD 1981 TO 2010
CLIMATE RECORD PERIOD 1947 TO 2019


WEATHER ITEM   OBSERVED TIME   RECORD YEAR NORMAL DEPARTURE LAST
                VALUE   (LST)  VALUE       VALUE  FROM      YEAR
                                                  NORMAL
..................................................................
TEMPERATURE (F)
 TODAY
  MAXIMUM         77        MM 100    1986  81     -4       75
  MINIMUM         53        MM  43    2000  49      4       53
                                      1992
  AVERAGE         65                        65      0       64

PRECIPITATION (IN)
  TODAY            0.02          0.67 1990   0.04  -0.02     0.00
  MONTH TO DATE    0.34                      0.74  -0.40     0.17
  SINCE JUN 1      0.34                      0.74  -0.40     0.17
  SINCE JAN 1      6.59                      3.90   2.69     4.45

DEGREE DAYS
 HEATING
  TODAY            0                         3     -3        1
  MONTH TO DATE   55                        69    -14       43
  SINCE JUN 1     55                        69    -14       43
  SINCE JUL 1   8486                      7845    641     8151

 COOLING
  TODAY            0                         3     -3        0
  MONTH TO DATE   11                        28    -17       34
  SINCE JUN 1     11                        28    -17       34
  SINCE JAN 1     11                        40    -29       43
..................................................................


WIND (MPH)
  HIGHEST WIND SPEED     7   HIGHEST WIND DIRECTION    SW (230)
  HIGHEST GUST SPEED    MM   HIGHEST GUST DIRECTION    MM
  AVERAGE WIND SPEED     3.2


SKY COVER
  POSSIBLE SUNSHINE  MM
  AVERAGE SKY COVER 0.3


WEATHER CONDITIONS
 THE FOLLOWING WEATHER WAS RECORDED TODAY.
  THUNDERSTORM
  LIGHT RAIN


RELATIVE HUMIDITY (PERCENT)
 HIGHEST   100          1200 AM
 LOWEST     41           200 PM
 AVERAGE    71

..........................................................


THE WORLAND WY CLIMATE NORMALS FOR TOMORROW
                         NORMAL    RECORD    YEAR
 MAXIMUM TEMPERATURE (F)   81       102      1986
 MINIMUM TEMPERATURE (F)   50        40      1994


SUNRISE AND SUNSET
JUNE 16 2019..........SUNRISE   528 AM MDT   SUNSET   857 PM MDT
JUNE 17 2019..........SUNRISE   529 AM MDT   SUNSET   857 PM MDT


-  INDICATES NEGATIVE NUMBERS.
R  INDICATES RECORD WAS SET OR TIED.
MM INDICATES DATA IS MISSING.
T  INDICATES TRACE AMOUNT.




$$
