000
CDAK47 PAJK 181236
CLIYAK
CLIMATE REPORT
NATIONAL WEATHER SERVICE JUNEAU, AK
427 AM AKDT THU APR 18 2019


...................................

...THE YAKUTAT CLIMATE SUMMARY FOR APRIL 17 2019...

CLIMATE NORMAL PERIOD 1981 TO 2010
CLIMATE RECORD PERIOD 1917 TO 2019


WEATHER ITEM   OBSERVED RECORD YEAR NORMAL DEPARTURE LAST
                VALUE   VALUE       VALUE  FROM      YEAR
                                           NORMAL
...........................................................
TEMPERATURE (F)
 YESTERDAY
  MAXIMUM         48     57    1999  46      2       46
                               1996
  MINIMUM         31     13    1967  30      1       24
  AVERAGE         40                 38      2       35

PRECIPITATION (IN)
  YESTERDAY        0.31   2.66 1968   0.29   0.02     0.00
  MONTH TO DATE    3.06               5.41  -2.35     0.24
  SINCE JAN 1     23.65              40.97 -17.32    19.01

DEGREE DAYS
 HEATING
  YESTERDAY       25                 27     -2       30
  MONTH TO DATE  406                488    -82      455
...........................................................


WIND (MPH)
  HIGHEST WIND SPEED    20   HIGHEST WIND DIRECTION     E (110)
  HIGHEST GUST SPEED    27   HIGHEST GUST DIRECTION    SE (130)
  AVERAGE WIND SPEED     6.1


SKY COVER
  AVERAGE SKY COVER 1.0


WEATHER CONDITIONS
 THE FOLLOWING WEATHER WAS RECORDED YESTERDAY.
  RAIN
  LIGHT RAIN
  FOG


..........................................................


THE YAKUTAT CLIMATE NORMALS FOR TODAY
                         NORMAL    RECORD    YEAR
 MAXIMUM TEMPERATURE (F)   46        58      1993
 MINIMUM TEMPERATURE (F)   30        12      1963


SUNRISE AND SUNSET
APRIL 18 2019.........SUNRISE   555 AM AKDT  SUNSET   843 PM AKDT
APRIL 19 2019.........SUNRISE   552 AM AKDT  SUNSET   845 PM AKDT


-  INDICATES NEGATIVE NUMBERS.
R  INDICATES RECORD WAS SET OR TIED.
MM INDICATES DATA IS MISSING.
T  INDICATES TRACE AMOUNT.




$$
--------------------------------------------------------------

AMOUNT OF DAYLIGHT TODAY (HOUR:MIN)......... 14 HOURS 48 MINUTES
GAIN/LOSS SINCE YESTERDAY (HOUR:MIN:SEC).... +0:05:16

$$
